{"id":722177,"date":"2025-08-27T19:00:49","date_gmt":"2025-08-27T16:00:49","guid":{"rendered":"https:\/\/roveyayinevi.com.tr\/index.php\/urun\/sinanin-tekkesinde-olum\/"},"modified":"2026-04-16T02:29:54","modified_gmt":"2026-04-15T23:29:54","slug":"sinanin-tekkesinde-olum","status":"publish","type":"product","link":"https:\/\/roveyayinevi.com.tr\/index.php\/urun\/sinanin-tekkesinde-olum\/","title":{"rendered":"Sinan\u2019\u0131n Tekkesinde \u00d6l\u00fcm"},"content":{"rendered":"<p>Sinan\u2019\u0131n Tekkesinde \u00d6l\u00fcm, Balkanlar\u2019\u0131n Nobel \u00f6d\u00fcll\u00fc b\u00fcy\u00fck yazar\u0131 \u0130vo Andri\u00e7\u2019in son d\u00f6nem hik\u00e2yelerinden olu\u015fan \u00f6zg\u00fcn bir se\u00e7ki.M\u00fcsl\u00fcman T\u00fcrkler, Ortodoks Slavlar, Katolik H\u0131rvatlar, Yahudiler ve Fransisken papazlar\u0131n beraber var oldu\u011fu Saraybosna\u2019daki \u00e7ocukluk ve gen\u00e7lik y\u0131llar\u0131ndan biriktirdi\u011fi an\u0131lar\u0131 keskin bir anlat\u0131m yetisiyle hik\u00e2yele\u015ftiren Andri\u00e7, Sinan\u2019\u0131n Tekkesinde \u00d6l\u00fcm\u2019de Balkan co\u011frafyas\u0131n\u0131n g\u00fcndelik hayat\u0131ndan canl\u0131 portreler sunuyor. Farkl\u0131 kimlikleri i\u00e7eren bir ortak ya\u015fam imk\u00e2n\u0131n\u0131 betimleyen hik\u00e2yelerde Balkanlar\u2019\u0131n tarihsel, sanatsal ve insan\u00ee zenginli\u011fi ortaya seriliyor. Sinan\u2019\u0131n Tekkesinde \u00d6l\u00fcm\u2019de Balkan co\u011frafyas\u0131ndan t\u00fcm d\u00fcnyaya a\u00e7\u0131lan bir ortak ya\u015fam umudunu bulacaks\u0131n\u0131z.\u201c\u0130vo Andri\u00e7, Yugoslavya\u2019n\u0131n Tolstoy\u2019uydu.\u201d-Rene Wellek<\/p>\n","protected":false},"excerpt":{"rendered":"<p>Sinan\u2019\u0131n Tekkesinde \u00d6l\u00fcm, Balkanlar\u2019\u0131n Nobel \u00f6d\u00fcll\u00fc b\u00fcy\u00fck yazar\u0131 \u0130vo Andri\u00e7\u2019in son d\u00f6nem hik\u00e2yelerinden olu\u015fan \u00f6zg\u00fcn bir se\u00e7ki.M\u00fcsl\u00fcman T\u00fcrkler, Ortodoks Slavlar, Katolik H\u0131rvatlar, Yahudiler ve Fransisken papazlar\u0131n<span class=\"excerpt-hellip\"> [\u2026]<\/span><\/p>\n","protected":false},"featured_media":0,"template":"","meta":{"_monsterinsights_skip_tracking":false,"_monsterinsights_sitenote_active":false,"_monsterinsights_sitenote_note":"","_monsterinsights_sitenote_category":0},"product_brand":[],"product_cat":[13661,12291],"product_tag":[],"class_list":{"0":"post-722177","1":"product","2":"type-product","3":"status-publish","5":"product_cat-diger-ulke-edebiyatlari","6":"product_cat-edebiyat","7":"pa_cilt-ciltsiz","8":"pa_tur-kitap","9":"pa_yayinevi-iletisim-yayinlari","10":"pa_yazar-ivo-andric","12":"first","13":"instock","14":"sale","15":"shipping-taxable","16":"purchasable","17":"product-type-simple"},"_links":{"self":[{"href":"https:\/\/roveyayinevi.com.tr\/index.php\/wp-json\/wp\/v2\/product\/722177","targetHints":{"allow":["GET"]}}],"collection":[{"href":"https:\/\/roveyayinevi.com.tr\/index.php\/wp-json\/wp\/v2\/product"}],"about":[{"href":"https:\/\/roveyayinevi.com.tr\/index.php\/wp-json\/wp\/v2\/types\/product"}],"wp:attachment":[{"href":"https:\/\/roveyayinevi.com.tr\/index.php\/wp-json\/wp\/v2\/media?parent=722177"}],"wp:term":[{"taxonomy":"product_brand","embeddable":true,"href":"https:\/\/roveyayinevi.com.tr\/index.php\/wp-json\/wp\/v2\/product_brand?post=722177"},{"taxonomy":"product_cat","embeddable":true,"href":"https:\/\/roveyayinevi.com.tr\/index.php\/wp-json\/wp\/v2\/product_cat?post=722177"},{"taxonomy":"product_tag","embeddable":true,"href":"https:\/\/roveyayinevi.com.tr\/index.php\/wp-json\/wp\/v2\/product_tag?post=722177"}],"curies":[{"name":"wp","href":"https:\/\/api.w.org\/{rel}","templated":true}]}}