{"id":722161,"date":"2025-08-27T19:00:34","date_gmt":"2025-08-27T16:00:34","guid":{"rendered":"https:\/\/roveyayinevi.com.tr\/index.php\/urun\/acik-yesil-2\/"},"modified":"2026-04-16T02:29:54","modified_gmt":"2026-04-15T23:29:54","slug":"acik-yesil-2","status":"publish","type":"product","link":"https:\/\/roveyayinevi.com.tr\/index.php\/urun\/acik-yesil-2\/","title":{"rendered":"A\u00e7\u0131k Ye\u015fil 2"},"content":{"rendered":"<p>\u201cK\u0131\u015f Gelmeyecek. Ate\u015f \u00c7a\u011f\u0131na Haz\u0131rlanal\u0131m!\u201dT\u00fcrkiye ve d\u00fcnya \u00e7ap\u0131nda ekoloji m\u00fccadelesinin seyrini kay\u0131t alt\u0131na alan A\u00e7\u0131k Ye\u015fil\u2019in ikinci kitab\u0131nda, d\u00fcnyan\u0131n d\u00f6rt bir yan\u0131nda, t\u00fcm k\u0131talarda cereyan eden ve neredeyse 7,6 milyon insan\u0131 sokaklara d\u00f6ken, yery\u00fcz\u00fcn\u00fcn belki de en b\u00fcy\u00fck kitlesel hareketlerinden birine tan\u0131kl\u0131k ediyoruz. A\u00e7\u0131k Ye\u015fil\u2019de iklim bilimine ili\u015fkin yay\u0131mlanm\u0131\u015f en g\u00fcncel raporlar\u0131n yan\u0131 s\u0131ra, \u00f6nde gelen ekolojistlerle ve iklim aktivistleriyle m\u00fclakatlar yer al\u0131yor.A\u00e7\u0131k Ye\u015fil\u2019in bu ikinci kitab\u0131, ku\u015faklar aras\u0131 adaletsizli\u011fin ve gezegen \u00fczerindeki y\u0131k\u0131c\u0131 h\u00e2kimiyetimizin son bulmas\u0131 i\u00e7in \u00e7arp\u0131c\u0131 bir uyar\u0131 niteli\u011finde.<\/p>\n","protected":false},"excerpt":{"rendered":"<p>\u201cK\u0131\u015f Gelmeyecek. Ate\u015f \u00c7a\u011f\u0131na Haz\u0131rlanal\u0131m!\u201dT\u00fcrkiye ve d\u00fcnya \u00e7ap\u0131nda ekoloji m\u00fccadelesinin seyrini kay\u0131t alt\u0131na alan A\u00e7\u0131k Ye\u015fil\u2019in ikinci kitab\u0131nda, d\u00fcnyan\u0131n d\u00f6rt bir yan\u0131nda, t\u00fcm k\u0131talarda cereyan eden<span class=\"excerpt-hellip\"> [\u2026]<\/span><\/p>\n","protected":false},"featured_media":0,"template":"","meta":{"_monsterinsights_skip_tracking":false,"_monsterinsights_sitenote_active":false,"_monsterinsights_sitenote_note":"","_monsterinsights_sitenote_category":0},"product_brand":[],"product_cat":[12291,30969],"product_tag":[],"class_list":{"0":"post-722161","1":"product","2":"type-product","3":"status-publish","5":"product_cat-edebiyat","6":"product_cat-soylesi-edebiyat","7":"pa_cilt-ciltsiz","8":"pa_tur-kitap","9":"pa_yayinevi-can-yayinlari","10":"pa_yazar-omer-madra-umit-sahin","12":"first","13":"instock","14":"sale","15":"shipping-taxable","16":"purchasable","17":"product-type-simple"},"_links":{"self":[{"href":"https:\/\/roveyayinevi.com.tr\/index.php\/wp-json\/wp\/v2\/product\/722161","targetHints":{"allow":["GET"]}}],"collection":[{"href":"https:\/\/roveyayinevi.com.tr\/index.php\/wp-json\/wp\/v2\/product"}],"about":[{"href":"https:\/\/roveyayinevi.com.tr\/index.php\/wp-json\/wp\/v2\/types\/product"}],"wp:attachment":[{"href":"https:\/\/roveyayinevi.com.tr\/index.php\/wp-json\/wp\/v2\/media?parent=722161"}],"wp:term":[{"taxonomy":"product_brand","embeddable":true,"href":"https:\/\/roveyayinevi.com.tr\/index.php\/wp-json\/wp\/v2\/product_brand?post=722161"},{"taxonomy":"product_cat","embeddable":true,"href":"https:\/\/roveyayinevi.com.tr\/index.php\/wp-json\/wp\/v2\/product_cat?post=722161"},{"taxonomy":"product_tag","embeddable":true,"href":"https:\/\/roveyayinevi.com.tr\/index.php\/wp-json\/wp\/v2\/product_tag?post=722161"}],"curies":[{"name":"wp","href":"https:\/\/api.w.org\/{rel}","templated":true}]}}