{"id":722150,"date":"2025-08-27T19:00:26","date_gmt":"2025-08-27T16:00:26","guid":{"rendered":"https:\/\/roveyayinevi.com.tr\/index.php\/urun\/nesne-yonelimli-ontoloji\/"},"modified":"2026-04-16T02:29:54","modified_gmt":"2026-04-15T23:29:54","slug":"nesne-yonelimli-ontoloji","status":"publish","type":"product","link":"https:\/\/roveyayinevi.com.tr\/index.php\/urun\/nesne-yonelimli-ontoloji\/","title":{"rendered":"Nesne Y\u00f6nelimli Ontoloji"},"content":{"rendered":"<p>\u0130nsanlar d\u00fcnyay\u0131 alg\u0131lamasayd\u0131, d\u00fcnya var olmaz m\u0131yd\u0131?   \u0130nsan, neyin var oldu\u011funu belirleme konusunda   \u00f6zel bir yere mi sahip?   G\u00fcn\u00fcm\u00fcz\u00fcn en ilgin\u00e7 felsefi aray\u0131\u015flar\u0131ndan biri olan   Nesne Y\u00f6nelimli Ontoloji (NYO), bu sorulardan yola \u00e7\u0131k\u0131yor. NYO\u2019nun kurucular\u0131ndan ve en etkili savunucular\u0131ndan Graham Harman bu kitab\u0131nda kolay anla\u015f\u0131l\u0131r bir dille   NYO\u2019nun temellerini ve etki alanlar\u0131n\u0131 ortaya koyuyor. Spek\u00fclatif ger\u00e7ek\u00e7ili\u011fin sa\u011flam bir tan\u0131m\u0131n\u0131 yapt\u0131ktan sonra bunun toplumsal ve siyasal sonu\u00e7lar\u0131n\u0131 ele al\u0131yor, ard\u0131ndan da felsefe ve sanattaki yans\u0131malar\u0131n\u0131 tart\u0131\u015f\u0131yor.   Arkeoloji, mimarl\u0131k, tasar\u0131m, ekoloji, tarih, feminizm, m\u00fczik, sosyal teori, edebiyat teorisi, medya \u00e7al\u0131\u015fmalar\u0131, siyaset gibi alanlardan \u00f6rnekler sunarak ve ge\u00e7mi\u015ften g\u00fcn\u00fcm\u00fcze felsefecilerle diyalo\u011fa girerek \u201cher \u015feyin teorisi\u201d olmaya aday yeni bir nesne ontolojisinin gerekli oldu\u011funu savunuyor.   Harman\u2019\u0131n 2017 tarihli kitab\u0131 Nesne Y\u00f6nelimli Ontoloji, g\u00fcn\u00fcm\u00fczdeki en canl\u0131 felsefe tart\u0131\u015fmalar\u0131ndan birini anlamak ve takip etmek isteyenler i\u00e7in bulunmaz bir kaynak. <\/p>\n","protected":false},"excerpt":{"rendered":"<p>\u0130nsanlar d\u00fcnyay\u0131 alg\u0131lamasayd\u0131, d\u00fcnya var olmaz m\u0131yd\u0131? \u0130nsan, neyin var oldu\u011funu belirleme konusunda \u00f6zel bir yere mi sahip? G\u00fcn\u00fcm\u00fcz\u00fcn en ilgin\u00e7 felsefi aray\u0131\u015flar\u0131ndan biri olan Nesne<span class=\"excerpt-hellip\"> [\u2026]<\/span><\/p>\n","protected":false},"featured_media":0,"template":"","meta":{"_monsterinsights_skip_tracking":false,"_monsterinsights_sitenote_active":false,"_monsterinsights_sitenote_note":"","_monsterinsights_sitenote_category":0},"product_brand":[],"product_cat":[16038,12388],"product_tag":[],"class_list":{"0":"post-722150","1":"product","2":"type-product","3":"status-publish","5":"product_cat-arastirma-inceleme-referans-felsefe","6":"product_cat-felsefe","7":"pa_cilt-ciltsiz","8":"pa_tur-kitap","9":"pa_yayinevi-tellekt","10":"pa_yazar-graham-harman","12":"first","13":"instock","14":"sale","15":"shipping-taxable","16":"purchasable","17":"product-type-simple"},"_links":{"self":[{"href":"https:\/\/roveyayinevi.com.tr\/index.php\/wp-json\/wp\/v2\/product\/722150","targetHints":{"allow":["GET"]}}],"collection":[{"href":"https:\/\/roveyayinevi.com.tr\/index.php\/wp-json\/wp\/v2\/product"}],"about":[{"href":"https:\/\/roveyayinevi.com.tr\/index.php\/wp-json\/wp\/v2\/types\/product"}],"wp:attachment":[{"href":"https:\/\/roveyayinevi.com.tr\/index.php\/wp-json\/wp\/v2\/media?parent=722150"}],"wp:term":[{"taxonomy":"product_brand","embeddable":true,"href":"https:\/\/roveyayinevi.com.tr\/index.php\/wp-json\/wp\/v2\/product_brand?post=722150"},{"taxonomy":"product_cat","embeddable":true,"href":"https:\/\/roveyayinevi.com.tr\/index.php\/wp-json\/wp\/v2\/product_cat?post=722150"},{"taxonomy":"product_tag","embeddable":true,"href":"https:\/\/roveyayinevi.com.tr\/index.php\/wp-json\/wp\/v2\/product_tag?post=722150"}],"curies":[{"name":"wp","href":"https:\/\/api.w.org\/{rel}","templated":true}]}}