{"id":722140,"date":"2025-08-27T19:00:18","date_gmt":"2025-08-27T16:00:18","guid":{"rendered":"https:\/\/roveyayinevi.com.tr\/index.php\/urun\/cennetin-davetlileri\/"},"modified":"2026-04-16T02:29:53","modified_gmt":"2026-04-15T23:29:53","slug":"cennetin-davetlileri","status":"publish","type":"product","link":"https:\/\/roveyayinevi.com.tr\/index.php\/urun\/cennetin-davetlileri\/","title":{"rendered":"Cennetin Davetlileri"},"content":{"rendered":"<p>&#8220;Melekler, onlar\u0131n iyi insanlar olarak canlar\u0131n\u0131 ald\u0131klar\u0131nda, &#8216;Selam size, yapt\u0131klar\u0131n\u0131za kar\u015f\u0131l\u0131k buyurun cennete!&#8217; derler.&#8221; Nahl Suresi, 16:32.\u0130nsano\u011flu, bu d\u00fcnyaya do\u011fduktan itibaren hayat gailesi ve d\u00fcnya nimetleri kar\u015f\u0131s\u0131nda lal olmu\u015f\u00e7as\u0131na \u00e7abalamaya ve kendini bunlara kapt\u0131rma e\u011filimindedir. Bununla birlikte, Ademo\u011flunun ruhuna \u00fcflenmi\u015f o ilahi nefha, onu asl\u0131na do\u011fru \u00e7a\u011f\u0131r\u0131r, alemlerin ve as\u0131l ya\u015fam\u0131n bu d\u00fcnyadan ibaret olmad\u0131\u011f\u0131n\u0131 hat\u0131rlat\u0131r.\u0130bn\u00fc&#8217;l-Cevzi, Cennetin Davetlileri&#8217;nde bu d\u00fcnyan\u0131n gelip ge\u00e7icili\u011fini, aslolan\u0131n ise ahiret hayat\u0131 oldu\u011funu d\u00f6rt ana b\u00f6l\u00fcmde ele alarak okurunu bu \u00e7a\u011fr\u0131ya kulak vermeye sevk eder. Yani bu sat\u0131rlar\u0131n vesilesiyle muhatab\u0131n\u0131 bir kez daha cennete davet eder. \u0130nsano\u011flu, ilim kesbederek akl\u00ee ve nakl\u00ee ilimlere v\u00e2k\u0131f olmaya \u00e7al\u0131\u015fmal\u0131d\u0131r, bu ilmin de zek\u00e2t\u0131n\u0131 vermelidir. Fakat her \u015feyden \u00f6nce o, bu d\u00fcnyan\u0131n bir imtihan sahnesi oldu\u011funu bilmeli, ilah\u00ee senaryo i\u00e7inde sahip olunan rollerin bilincinde olmal\u0131, maruz kal\u0131nan ve du\u00e7ar olunan baz\u0131 sebepleri kadere teslimiyetle kar\u015f\u0131lamal\u0131d\u0131r.Bu minvalde, Cennetin Davetlileri, insan\u0131n kendini bir kez daha sorgulamas\u0131 ve nereye gitti\u011fini d\u00fc\u015f\u00fcnmesi gerekti\u011fini hat\u0131rlatan bir \u00f6\u011f\u00fct kitab\u0131d\u0131r.<\/p>\n","protected":false},"excerpt":{"rendered":"<p>&#8220;Melekler, onlar\u0131n iyi insanlar olarak canlar\u0131n\u0131 ald\u0131klar\u0131nda, &#8216;Selam size, yapt\u0131klar\u0131n\u0131za kar\u015f\u0131l\u0131k buyurun cennete!&#8217; derler.&#8221; Nahl Suresi, 16:32.\u0130nsano\u011flu, bu d\u00fcnyaya do\u011fduktan itibaren hayat gailesi ve d\u00fcnya nimetleri<span class=\"excerpt-hellip\"> [\u2026]<\/span><\/p>\n","protected":false},"featured_media":0,"template":"","meta":{"_monsterinsights_skip_tracking":false,"_monsterinsights_sitenote_active":false,"_monsterinsights_sitenote_note":"","_monsterinsights_sitenote_category":0},"product_brand":[],"product_cat":[12718,12719,12720],"product_tag":[],"class_list":{"0":"post-722140","1":"product","2":"type-product","3":"status-publish","5":"product_cat-din","6":"product_cat-islam","7":"product_cat-tasavvuf-mezhepler-tarikatlar","8":"pa_cilt-ciltsiz","9":"pa_tur-kitap","10":"pa_yayinevi-sufi-kitap","11":"pa_yazar-ibnul-cevzi","13":"first","14":"instock","15":"sale","16":"shipping-taxable","17":"purchasable","18":"product-type-simple"},"_links":{"self":[{"href":"https:\/\/roveyayinevi.com.tr\/index.php\/wp-json\/wp\/v2\/product\/722140","targetHints":{"allow":["GET"]}}],"collection":[{"href":"https:\/\/roveyayinevi.com.tr\/index.php\/wp-json\/wp\/v2\/product"}],"about":[{"href":"https:\/\/roveyayinevi.com.tr\/index.php\/wp-json\/wp\/v2\/types\/product"}],"wp:attachment":[{"href":"https:\/\/roveyayinevi.com.tr\/index.php\/wp-json\/wp\/v2\/media?parent=722140"}],"wp:term":[{"taxonomy":"product_brand","embeddable":true,"href":"https:\/\/roveyayinevi.com.tr\/index.php\/wp-json\/wp\/v2\/product_brand?post=722140"},{"taxonomy":"product_cat","embeddable":true,"href":"https:\/\/roveyayinevi.com.tr\/index.php\/wp-json\/wp\/v2\/product_cat?post=722140"},{"taxonomy":"product_tag","embeddable":true,"href":"https:\/\/roveyayinevi.com.tr\/index.php\/wp-json\/wp\/v2\/product_tag?post=722140"}],"curies":[{"name":"wp","href":"https:\/\/api.w.org\/{rel}","templated":true}]}}