{"id":722135,"date":"2025-08-27T19:00:13","date_gmt":"2025-08-27T16:00:13","guid":{"rendered":"https:\/\/roveyayinevi.com.tr\/index.php\/urun\/kanadi-kirik-huma-kusu\/"},"modified":"2026-04-16T02:29:53","modified_gmt":"2026-04-15T23:29:53","slug":"kanadi-kirik-huma-kusu","status":"publish","type":"product","link":"https:\/\/roveyayinevi.com.tr\/index.php\/urun\/kanadi-kirik-huma-kusu\/","title":{"rendered":"Kanad\u0131 K\u0131r\u0131k H\u00fcma Ku\u015fu"},"content":{"rendered":"<p>Ben kanad\u0131 k\u0131r\u0131k bir H\u00fcma Ku\u015fuyum.Defalarca kez duvardan duvara vuruldum.Kanatlar\u0131m\u0131 k\u0131rd\u0131lar. \u00d6zg\u00fcrl\u00fc\u011f\u00fcm\u00fc elimden ald\u0131lar.Ama g\u00f6ky\u00fcz\u00fcnde u\u00e7arken dahi, senin a\u015fk\u0131nla  vurulmu\u015ftum. Avu\u00e7lar\u0131ndaki sevgiye hapsolmu\u015ftum.O bir T\u00fcrk kahraman.Ad\u0131 Sencer. Lakab\u0131 Pen\u00e7e.Teknolojinin en b\u00fcy\u00fck silah olarak kullan\u0131ld\u0131\u011f\u0131 bir \u00e7a\u011fda,insanlar\u0131n ac\u0131mas\u0131zca \u00f6ld\u00fcr\u00fcld\u00fc\u011f\u00fc ve zulm\u00fcn had safhaya \u00e7\u0131kt\u0131\u011f\u0131 Esirler \u015eehrinin tek umudu.Bu \u015fehrin kalbini kurtarmaya geliyor&#8230; Kanad\u0131 K\u0131r\u0131k H\u00fcma Ku\u015funu. Y\u00fcre\u011fini bulmaya ad\u0131m ad\u0131m yakla\u015f\u0131yor.Bu Bir T\u00fck Masal\u0131Y\u00fcre\u011fiyle sava\u015fan bir kahraman\u0131n yazg\u0131s\u0131. Ailesi taraf\u0131ndan insanlar\u0131 bir sava\u015f hizmetkar\u0131 haline getirmek i\u00e7in \u00fcretilmi\u015f karanl\u0131k bir hapishanede, bir kafese kapat\u0131lm\u0131\u015f H\u00fcma\u2019n\u0131n tek kurtulu\u015fu.\u00d6zg\u00fcrl\u00fck, senin ad\u0131n\u0131 say\u0131kl\u0131yor esirler \u015fehrinde. Sen u\u00e7arsan bu \u015fehir \u00f6zg\u00fcrle\u015fecek, Kanad\u0131 K\u0131r\u0131k H\u00fcma Ku\u015fu.Sen g\u00fclersen, G\u00fcne\u015f her do\u011fdu\u011funda bu \u015fehre a\u011f\u0131t yakmay\u0131 kesecek. Sen seversen, D\u00fcnya aya\u011fa kalkacak.<\/p>\n","protected":false},"excerpt":{"rendered":"<p>Ben kanad\u0131 k\u0131r\u0131k bir H\u00fcma Ku\u015fuyum.Defalarca kez duvardan duvara vuruldum.Kanatlar\u0131m\u0131 k\u0131rd\u0131lar. \u00d6zg\u00fcrl\u00fc\u011f\u00fcm\u00fc elimden ald\u0131lar.Ama g\u00f6ky\u00fcz\u00fcnde u\u00e7arken dahi, senin a\u015fk\u0131nla vurulmu\u015ftum. Avu\u00e7lar\u0131ndaki sevgiye hapsolmu\u015ftum.O bir T\u00fcrk kahraman.Ad\u0131<span class=\"excerpt-hellip\"> [\u2026]<\/span><\/p>\n","protected":false},"featured_media":0,"template":"","meta":{"_monsterinsights_skip_tracking":false,"_monsterinsights_sitenote_active":false,"_monsterinsights_sitenote_note":"","_monsterinsights_sitenote_category":0},"product_brand":[],"product_cat":[12291,12711],"product_tag":[],"class_list":{"0":"post-722135","1":"product","2":"type-product","3":"status-publish","5":"product_cat-edebiyat","6":"product_cat-roman-oyku","7":"pa_cilt-ciltsiz","8":"pa_tur-kitap","9":"pa_yayinevi-herdem-kitap","10":"pa_yazar-hatice-aykut","12":"first","13":"instock","14":"sale","15":"shipping-taxable","16":"purchasable","17":"product-type-simple"},"_links":{"self":[{"href":"https:\/\/roveyayinevi.com.tr\/index.php\/wp-json\/wp\/v2\/product\/722135","targetHints":{"allow":["GET"]}}],"collection":[{"href":"https:\/\/roveyayinevi.com.tr\/index.php\/wp-json\/wp\/v2\/product"}],"about":[{"href":"https:\/\/roveyayinevi.com.tr\/index.php\/wp-json\/wp\/v2\/types\/product"}],"wp:attachment":[{"href":"https:\/\/roveyayinevi.com.tr\/index.php\/wp-json\/wp\/v2\/media?parent=722135"}],"wp:term":[{"taxonomy":"product_brand","embeddable":true,"href":"https:\/\/roveyayinevi.com.tr\/index.php\/wp-json\/wp\/v2\/product_brand?post=722135"},{"taxonomy":"product_cat","embeddable":true,"href":"https:\/\/roveyayinevi.com.tr\/index.php\/wp-json\/wp\/v2\/product_cat?post=722135"},{"taxonomy":"product_tag","embeddable":true,"href":"https:\/\/roveyayinevi.com.tr\/index.php\/wp-json\/wp\/v2\/product_tag?post=722135"}],"curies":[{"name":"wp","href":"https:\/\/api.w.org\/{rel}","templated":true}]}}