{"id":722129,"date":"2025-08-27T19:00:08","date_gmt":"2025-08-27T16:00:08","guid":{"rendered":"https:\/\/roveyayinevi.com.tr\/index.php\/urun\/yavasca\/"},"modified":"2026-04-16T02:29:53","modified_gmt":"2026-04-15T23:29:53","slug":"yavasca","status":"publish","type":"product","link":"https:\/\/roveyayinevi.com.tr\/index.php\/urun\/yavasca\/","title":{"rendered":"Yava\u015f\u00e7a"},"content":{"rendered":"<p>Otuz \u00fc\u00e7 sene \u00f6\u011fretmenlik yapt\u0131m. Hayat\u0131m\u0131n \u00f6nemli bir k\u0131sm\u0131 \u00f6\u011frenme ve \u00f6\u011fretme \u00e7abas\u0131yla ge\u00e7ti.   Bu \u00e7abay\u0131 emekliye ayr\u0131ld\u0131\u011f\u0131m bug\u00fcnk\u00fc hayat\u0131mda da s\u00fcrd\u00fcrmeye \u00e7al\u0131\u015f\u0131yorum.   \u00d6zellikle sosyal medya bu konuda \u00e7ok yard\u0131mc\u0131 oldu. Kendi duvar\u0131mda kendi duygu ve d\u00fc\u015f\u00fcncelerimi arkada\u015f ve dostlarla payla\u015fmaya \u00e7al\u0131\u015ft\u0131m. Yeni \u015feyler \u00f6\u011frendim, farkl\u0131 d\u00fc\u015f\u00fcncelerle tan\u0131\u015ft\u0131m. Geli\u015fen olaylar \u00fczerinde d\u00fc\u015f\u00fcnd\u00fcm, kendi a\u00e7\u0131mdan yorumlar yapt\u0131m.   Bu kitap kendi sosyal medya penceremden d\u00fcnyaya bak\u0131\u015f\u0131m\u0131 yans\u0131tmaktad\u0131r. G\u00f6nl\u00fcmden kopan i\u00e7ten duygular\u0131 anlatmaktad\u0131r. M\u00fckemmel olmad\u0131\u011f\u0131m\u0131 biliyorum. Kendimi in\u015fa \u00e7abas\u0131nday\u0131m. Bu nedenle her t\u00fcrl\u00fc ele\u015ftiriye a\u00e7\u0131\u011f\u0131m.   Ya\u015fad\u0131\u011f\u0131m m\u00fcddet\u00e7e d\u00fcnyay\u0131 ve d\u00fcnyal\u0131\u011f\u0131 ye\u011flemedim. Aksine d\u00fcnyal\u0131 olmak, d\u00fcnyaya de\u011fer katmak idealimdi. Ya\u015farken geride g\u00fczel izler b\u0131rakmak en b\u00fcy\u00fck sevdamd\u0131.<\/p>\n","protected":false},"excerpt":{"rendered":"<p>Otuz \u00fc\u00e7 sene \u00f6\u011fretmenlik yapt\u0131m. Hayat\u0131m\u0131n \u00f6nemli bir k\u0131sm\u0131 \u00f6\u011frenme ve \u00f6\u011fretme \u00e7abas\u0131yla ge\u00e7ti. Bu \u00e7abay\u0131 emekliye ayr\u0131ld\u0131\u011f\u0131m bug\u00fcnk\u00fc hayat\u0131mda da s\u00fcrd\u00fcrmeye \u00e7al\u0131\u015f\u0131yorum. \u00d6zellikle sosyal medya<span class=\"excerpt-hellip\"> [\u2026]<\/span><\/p>\n","protected":false},"featured_media":0,"template":"","meta":{"_monsterinsights_skip_tracking":false,"_monsterinsights_sitenote_active":false,"_monsterinsights_sitenote_note":"","_monsterinsights_sitenote_category":0},"product_brand":[],"product_cat":[12777,12291],"product_tag":[],"class_list":{"0":"post-722129","1":"product","2":"type-product","3":"status-publish","5":"product_cat-deneme","6":"product_cat-edebiyat","7":"pa_cilt-ciltsiz","8":"pa_tur-kitap","9":"pa_yayinevi-biyografi-net-yayincilik","10":"pa_yazar-ahmet-yavas","12":"first","13":"instock","14":"sale","15":"shipping-taxable","16":"purchasable","17":"product-type-simple"},"_links":{"self":[{"href":"https:\/\/roveyayinevi.com.tr\/index.php\/wp-json\/wp\/v2\/product\/722129","targetHints":{"allow":["GET"]}}],"collection":[{"href":"https:\/\/roveyayinevi.com.tr\/index.php\/wp-json\/wp\/v2\/product"}],"about":[{"href":"https:\/\/roveyayinevi.com.tr\/index.php\/wp-json\/wp\/v2\/types\/product"}],"wp:attachment":[{"href":"https:\/\/roveyayinevi.com.tr\/index.php\/wp-json\/wp\/v2\/media?parent=722129"}],"wp:term":[{"taxonomy":"product_brand","embeddable":true,"href":"https:\/\/roveyayinevi.com.tr\/index.php\/wp-json\/wp\/v2\/product_brand?post=722129"},{"taxonomy":"product_cat","embeddable":true,"href":"https:\/\/roveyayinevi.com.tr\/index.php\/wp-json\/wp\/v2\/product_cat?post=722129"},{"taxonomy":"product_tag","embeddable":true,"href":"https:\/\/roveyayinevi.com.tr\/index.php\/wp-json\/wp\/v2\/product_tag?post=722129"}],"curies":[{"name":"wp","href":"https:\/\/api.w.org\/{rel}","templated":true}]}}