{"id":722126,"date":"2025-08-27T19:00:06","date_gmt":"2025-08-27T16:00:06","guid":{"rendered":"https:\/\/roveyayinevi.com.tr\/index.php\/urun\/www-watch-takip\/"},"modified":"2026-04-16T02:29:53","modified_gmt":"2026-04-15T23:29:53","slug":"www-watch-takip","status":"publish","type":"product","link":"https:\/\/roveyayinevi.com.tr\/index.php\/urun\/www-watch-takip\/","title":{"rendered":"WWW: Watch &#8211; Takip"},"content":{"rendered":"<p>Do\u011fu\u015ftan g\u00f6rme engelli Caitlin Decter, bir sinyal i\u015flemci retinal implantla g\u00f6rme yetisi kazan\u0131r. Beklenmeyen bir yan etkiyle, bu teknoloji, onun, World Wide Web (D\u00fcnya \u00c7ap\u0131nda A\u011f)&#8217;in dijital veri ak\u0131\u015f\u0131n\u0131 da &#8220;g\u00f6rmesini&#8221; sa\u011flar. Ve Web&#8217;te ola\u011fan\u00fcst\u00fc bir varl\u0131k ke\u015ffeder ve onu uyand\u0131r\u0131r Caitlin.Bu varl\u0131k kendisine Webmind demektedir. Caitlin ile arkada\u015f olan bu varl\u0131k, an be an geli\u015fen bir bilin\u00e7tir ve Caitlin&#8217;in d\u00fcnyas\u0131 hakk\u0131ndaki her \u015feyi \u00f6\u011frenmeye can atmaktad\u0131r. Fakat Webmind, potansiyel tehditler i\u00e7in \u0130nternet&#8217;i takip eden Birle\u015fik Devletler H\u00fck\u00fcmeti&#8217;ne ba\u011fl\u0131 gizli bir servis olan WATCH&#8217;un da dikkatini \u00e7ekmi\u015ftir.WATCH, Webmind&#8217;\u0131n ulusal g\u00fcvenlik i\u00e7in bir risk olu\u015fturdu\u011funa ve bu nedenle siber uzaydan s\u00fcp\u00fcr\u00fclmesine karar verir. Ancak Caitlin, Webmind&#8217;\u0131n iyilik yapma ve merhamet g\u00f6sterme kapasitesine inanmaktad\u0131r ve arkada\u015f\u0131n\u0131 korumak i\u00e7in gereken her \u015feyi yapmakta kararl\u0131d\u0131r&#8230;&#8221;Geli\u015fmi\u015f bilimsel teoriler ve teknolojik geli\u015fmelerle insan karakterlerini bir araya getirmek konusundaki dehas\u0131n\u0131 g\u00f6steriyor Sawyer.&#8221;The Globe And Mail&#8221;Sawyer karma\u015f\u0131k bilim kurguyu anla\u015f\u0131labilir ve ba\u015ftan sona e\u011flenceli hale getiriyor.&#8221;Romantic Times<\/p>\n","protected":false},"excerpt":{"rendered":"<p>Do\u011fu\u015ftan g\u00f6rme engelli Caitlin Decter, bir sinyal i\u015flemci retinal implantla g\u00f6rme yetisi kazan\u0131r. Beklenmeyen bir yan etkiyle, bu teknoloji, onun, World Wide Web (D\u00fcnya \u00c7ap\u0131nda A\u011f)&#8217;in<span class=\"excerpt-hellip\"> [\u2026]<\/span><\/p>\n","protected":false},"featured_media":0,"template":"","meta":{"_monsterinsights_skip_tracking":false,"_monsterinsights_sitenote_active":false,"_monsterinsights_sitenote_note":"","_monsterinsights_sitenote_category":0},"product_brand":[],"product_cat":[12540,12291],"product_tag":[],"class_list":{"0":"post-722126","1":"product","2":"type-product","3":"status-publish","5":"product_cat-bilim-kurgu","6":"product_cat-edebiyat","7":"pa_cilt-ciltsiz","8":"pa_tur-kitap","9":"pa_yayinevi-abis-yayincilik","10":"pa_yazar-robert-j-sawyer","12":"first","13":"instock","14":"sale","15":"shipping-taxable","16":"purchasable","17":"product-type-simple"},"_links":{"self":[{"href":"https:\/\/roveyayinevi.com.tr\/index.php\/wp-json\/wp\/v2\/product\/722126","targetHints":{"allow":["GET"]}}],"collection":[{"href":"https:\/\/roveyayinevi.com.tr\/index.php\/wp-json\/wp\/v2\/product"}],"about":[{"href":"https:\/\/roveyayinevi.com.tr\/index.php\/wp-json\/wp\/v2\/types\/product"}],"wp:attachment":[{"href":"https:\/\/roveyayinevi.com.tr\/index.php\/wp-json\/wp\/v2\/media?parent=722126"}],"wp:term":[{"taxonomy":"product_brand","embeddable":true,"href":"https:\/\/roveyayinevi.com.tr\/index.php\/wp-json\/wp\/v2\/product_brand?post=722126"},{"taxonomy":"product_cat","embeddable":true,"href":"https:\/\/roveyayinevi.com.tr\/index.php\/wp-json\/wp\/v2\/product_cat?post=722126"},{"taxonomy":"product_tag","embeddable":true,"href":"https:\/\/roveyayinevi.com.tr\/index.php\/wp-json\/wp\/v2\/product_tag?post=722126"}],"curies":[{"name":"wp","href":"https:\/\/api.w.org\/{rel}","templated":true}]}}