{"id":722119,"date":"2025-08-27T18:59:59","date_gmt":"2025-08-27T15:59:59","guid":{"rendered":"https:\/\/roveyayinevi.com.tr\/index.php\/urun\/hafiye-yusuf-4-tilsimli-gomlek\/"},"modified":"2026-04-16T02:29:53","modified_gmt":"2026-04-15T23:29:53","slug":"hafiye-yusuf-4-tilsimli-gomlek","status":"publish","type":"product","link":"https:\/\/roveyayinevi.com.tr\/index.php\/urun\/hafiye-yusuf-4-tilsimli-gomlek\/","title":{"rendered":"Hafiye Yusuf 4: T\u0131ls\u0131ml\u0131 G\u00f6mlek"},"content":{"rendered":"<p>Yan odada arama yapan yeni\u00e7erilerden biri, elinde yabanc\u0131 lisanla yaz\u0131lm\u0131\u015f mektuplarla i\u00e7eri girdi. Suba\u015f\u0131 av\u0131n\u0131 yakalam\u0131\u015f sansar gibi heyecanla mektuplar\u0131 yeni\u00e7erinin elinden \u00e7ekip ald\u0131. H\u0131zl\u0131ca okumaya ba\u015flad\u0131. Okuduk\u00e7a heyecan\u0131 artt\u0131, g\u00f6zleri yuvalar\u0131ndan p\u00f6rtledi. Mektuplar\u0131 sallayarak Hattat\u2019\u0131n \u00fczerine y\u00fcr\u00fcd\u00fc:\u2013 Efendi bunlar nedir? Bir de utanmadan masumlu\u011fundan dem vuruyorsun. Belli ki \u00e7oktand\u0131r hafiyeli\u011fi b\u0131rak\u0131p ecnebi ajanl\u0131\u011f\u0131na ba\u015flam\u0131\u015fs\u0131n.Hattat, ne olup bitti\u011fini anlamadan bu defa da ba\u015fka bir yeni\u00e7eri elinde pamuklu kuma\u015ftan yap\u0131lm\u0131\u015f bir g\u00f6mlekle i\u00e7eri girdi. G\u00f6mle\u011fin \u00fczerinde tuhaf \u015fekiller, acayip t\u0131ls\u0131mlar vard\u0131. Sinirden deliye d\u00f6nen suba\u015f\u0131:\u2013 \u0130\u015fte b\u00fcy\u00fcl\u00fc g\u00f6mlek de bulundu. Bu tuhaf g\u00f6mle\u011fe ne diyeceksin, diye \u00f6fkeyle ba\u011f\u0131rd\u0131.Hattat Efendi\u2019nin ba\u015f\u0131 fena halde dertte. Bakal\u0131m bizim kafadarlar cin gibi ak\u0131llar\u0131n\u0131, maharet ve ustal\u0131klar\u0131n\u0131 kullanarak onu kurtarabilecekler mi?<\/p>\n","protected":false},"excerpt":{"rendered":"<p>Yan odada arama yapan yeni\u00e7erilerden biri, elinde yabanc\u0131 lisanla yaz\u0131lm\u0131\u015f mektuplarla i\u00e7eri girdi. Suba\u015f\u0131 av\u0131n\u0131 yakalam\u0131\u015f sansar gibi heyecanla mektuplar\u0131 yeni\u00e7erinin elinden \u00e7ekip ald\u0131. H\u0131zl\u0131ca okumaya<span class=\"excerpt-hellip\"> [\u2026]<\/span><\/p>\n","protected":false},"featured_media":0,"template":"","meta":{"_monsterinsights_skip_tracking":false,"_monsterinsights_sitenote_active":false,"_monsterinsights_sitenote_note":"","_monsterinsights_sitenote_category":0},"product_brand":[],"product_cat":[12274,12284],"product_tag":[],"class_list":{"0":"post-722119","1":"product","2":"type-product","3":"status-publish","5":"product_cat-cocuk-ve-genclik-kitaplari","6":"product_cat-hikayeler","7":"pa_cilt-ciltsiz","8":"pa_tur-kitap","9":"pa_yayinevi-ugurbocegi-yayinlari","10":"pa_yazar-zehra-aygul","12":"first","13":"instock","14":"sale","15":"shipping-taxable","16":"purchasable","17":"product-type-simple"},"_links":{"self":[{"href":"https:\/\/roveyayinevi.com.tr\/index.php\/wp-json\/wp\/v2\/product\/722119","targetHints":{"allow":["GET"]}}],"collection":[{"href":"https:\/\/roveyayinevi.com.tr\/index.php\/wp-json\/wp\/v2\/product"}],"about":[{"href":"https:\/\/roveyayinevi.com.tr\/index.php\/wp-json\/wp\/v2\/types\/product"}],"wp:attachment":[{"href":"https:\/\/roveyayinevi.com.tr\/index.php\/wp-json\/wp\/v2\/media?parent=722119"}],"wp:term":[{"taxonomy":"product_brand","embeddable":true,"href":"https:\/\/roveyayinevi.com.tr\/index.php\/wp-json\/wp\/v2\/product_brand?post=722119"},{"taxonomy":"product_cat","embeddable":true,"href":"https:\/\/roveyayinevi.com.tr\/index.php\/wp-json\/wp\/v2\/product_cat?post=722119"},{"taxonomy":"product_tag","embeddable":true,"href":"https:\/\/roveyayinevi.com.tr\/index.php\/wp-json\/wp\/v2\/product_tag?post=722119"}],"curies":[{"name":"wp","href":"https:\/\/api.w.org\/{rel}","templated":true}]}}