{"id":722095,"date":"2025-08-27T18:59:39","date_gmt":"2025-08-27T15:59:39","guid":{"rendered":"https:\/\/roveyayinevi.com.tr\/index.php\/urun\/kar-tutulmasi\/"},"modified":"2026-04-16T02:29:53","modified_gmt":"2026-04-15T23:29:53","slug":"kar-tutulmasi","status":"publish","type":"product","link":"https:\/\/roveyayinevi.com.tr\/index.php\/urun\/kar-tutulmasi\/","title":{"rendered":"Kar Tutulmas\u0131"},"content":{"rendered":"<p>15 \u015eubat 1992 Kar sevincinin orta yerinden yoku\u015f a\u015fa\u011f\u0131 kayan iki \u00e7ocuk; Sevgi ve Bar\u0131\u015f. F\u0131nd\u0131k kadar bir \u00fcmide tutunup el ele tutu\u015fan iki sevgili; Emek ve Emin. Birini sevmekle birini kaybetmenin aras\u0131nda iki arkada\u015f; Mert ve Nida. Ayn\u0131 evde do\u011fan birbiriyle alakas\u0131 olmayan iki karde\u015f; Eda ve Seda. Ayn\u0131 yollardan ge\u00e7en farkl\u0131 insanlard\u0131lar&#8230; O g\u00fcn ayn\u0131 anda \u2018kar tutulmas\u0131\u2019n\u0131n g\u00f6lgesinde kald\u0131lar. &#8212; \u201cUmut hi\u00e7 yok yani,\u201d dedi. Alayc\u0131 bir g\u00fcl\u00fcmseme yerle\u015ftirmek istedim y\u00fcz\u00fcme ama yapmad\u0131m. \u201cBilakis umut hep var ama \u00f6zg\u00fcr olmak istiyorsan, umut etmeyi b\u0131rakmak zorundas\u0131n.\u201d <\/p>\n","protected":false},"excerpt":{"rendered":"<p>15 \u015eubat 1992 Kar sevincinin orta yerinden yoku\u015f a\u015fa\u011f\u0131 kayan iki \u00e7ocuk; Sevgi ve Bar\u0131\u015f. F\u0131nd\u0131k kadar bir \u00fcmide tutunup el ele tutu\u015fan iki sevgili; Emek<span class=\"excerpt-hellip\"> [\u2026]<\/span><\/p>\n","protected":false},"featured_media":0,"template":"","meta":{"_monsterinsights_skip_tracking":false,"_monsterinsights_sitenote_active":false,"_monsterinsights_sitenote_note":"","_monsterinsights_sitenote_category":0},"product_brand":[],"product_cat":[12291,12711],"product_tag":[],"class_list":{"0":"post-722095","1":"product","2":"type-product","3":"status-publish","5":"product_cat-edebiyat","6":"product_cat-roman-oyku","7":"pa_cilt-ciltsiz","8":"pa_tur-kitap","9":"pa_yayinevi-epsilon-yayinlari","10":"pa_yazar-neyran-gunucer","12":"first","13":"instock","14":"sale","15":"shipping-taxable","16":"purchasable","17":"product-type-simple"},"_links":{"self":[{"href":"https:\/\/roveyayinevi.com.tr\/index.php\/wp-json\/wp\/v2\/product\/722095","targetHints":{"allow":["GET"]}}],"collection":[{"href":"https:\/\/roveyayinevi.com.tr\/index.php\/wp-json\/wp\/v2\/product"}],"about":[{"href":"https:\/\/roveyayinevi.com.tr\/index.php\/wp-json\/wp\/v2\/types\/product"}],"wp:attachment":[{"href":"https:\/\/roveyayinevi.com.tr\/index.php\/wp-json\/wp\/v2\/media?parent=722095"}],"wp:term":[{"taxonomy":"product_brand","embeddable":true,"href":"https:\/\/roveyayinevi.com.tr\/index.php\/wp-json\/wp\/v2\/product_brand?post=722095"},{"taxonomy":"product_cat","embeddable":true,"href":"https:\/\/roveyayinevi.com.tr\/index.php\/wp-json\/wp\/v2\/product_cat?post=722095"},{"taxonomy":"product_tag","embeddable":true,"href":"https:\/\/roveyayinevi.com.tr\/index.php\/wp-json\/wp\/v2\/product_tag?post=722095"}],"curies":[{"name":"wp","href":"https:\/\/api.w.org\/{rel}","templated":true}]}}