{"id":722045,"date":"2025-08-27T18:59:01","date_gmt":"2025-08-27T15:59:01","guid":{"rendered":"https:\/\/roveyayinevi.com.tr\/index.php\/urun\/karizmatik-liderlik\/"},"modified":"2026-04-16T02:29:51","modified_gmt":"2026-04-15T23:29:51","slug":"karizmatik-liderlik","status":"publish","type":"product","link":"https:\/\/roveyayinevi.com.tr\/index.php\/urun\/karizmatik-liderlik\/","title":{"rendered":"Karizmatik Liderlik"},"content":{"rendered":"<p>Birinci B\u00f6l\u00fcm Liderlik Ve Liderlik \u00d6zellikleriIkinci B\u00f6l\u00fcm \u00d6rg\u00fctsel Vatanda\u015flik Davrani\u015fi\u00dc\u00e7\u00fcnc\u00fc B\u00f6l\u00fcm I\u015f Tatmini: Kavramsal \u00c7er\u00e7eveD\u00f6rd\u00fcnc\u00fc B\u00f6l\u00fcm Lider-Takip\u00e7i Etkile\u015fimiBe\u015finci B\u00f6l\u00fcm Karizmatik Liderli\u011fin I\u015f Tatminine Etkisindeki Lider-Takip\u00e7i Etkile\u015fimi Ile \u00d6rg\u00fctsel Vatanda\u015flik Davrani\u015finin Araci Rol\u00fc \u00dczerine Ara\u015ftirma<\/p>\n","protected":false},"excerpt":{"rendered":"<p>Birinci B\u00f6l\u00fcm Liderlik Ve Liderlik \u00d6zellikleriIkinci B\u00f6l\u00fcm \u00d6rg\u00fctsel Vatanda\u015flik Davrani\u015fi\u00dc\u00e7\u00fcnc\u00fc B\u00f6l\u00fcm I\u015f Tatmini: Kavramsal \u00c7er\u00e7eveD\u00f6rd\u00fcnc\u00fc B\u00f6l\u00fcm Lider-Takip\u00e7i Etkile\u015fimiBe\u015finci B\u00f6l\u00fcm Karizmatik Liderli\u011fin I\u015f Tatminine Etkisindeki Lider-Takip\u00e7i Etkile\u015fimi<span class=\"excerpt-hellip\"> [\u2026]<\/span><\/p>\n","protected":false},"featured_media":0,"template":"","meta":{"_monsterinsights_skip_tracking":false,"_monsterinsights_sitenote_active":false,"_monsterinsights_sitenote_note":"","_monsterinsights_sitenote_category":0},"product_brand":[],"product_cat":[13043,14381],"product_tag":[],"class_list":{"0":"post-722045","1":"product","2":"type-product","3":"status-publish","5":"product_cat-ekonomi","6":"product_cat-isletme-muhasebe-maliye","7":"pa_cilt-ciltsiz","8":"pa_tur-kitap","9":"pa_yayinevi-gazi-kitabevi","10":"pa_yazar-yunus-vuran","12":"first","13":"instock","14":"sale","15":"shipping-taxable","16":"purchasable","17":"product-type-simple"},"_links":{"self":[{"href":"https:\/\/roveyayinevi.com.tr\/index.php\/wp-json\/wp\/v2\/product\/722045","targetHints":{"allow":["GET"]}}],"collection":[{"href":"https:\/\/roveyayinevi.com.tr\/index.php\/wp-json\/wp\/v2\/product"}],"about":[{"href":"https:\/\/roveyayinevi.com.tr\/index.php\/wp-json\/wp\/v2\/types\/product"}],"wp:attachment":[{"href":"https:\/\/roveyayinevi.com.tr\/index.php\/wp-json\/wp\/v2\/media?parent=722045"}],"wp:term":[{"taxonomy":"product_brand","embeddable":true,"href":"https:\/\/roveyayinevi.com.tr\/index.php\/wp-json\/wp\/v2\/product_brand?post=722045"},{"taxonomy":"product_cat","embeddable":true,"href":"https:\/\/roveyayinevi.com.tr\/index.php\/wp-json\/wp\/v2\/product_cat?post=722045"},{"taxonomy":"product_tag","embeddable":true,"href":"https:\/\/roveyayinevi.com.tr\/index.php\/wp-json\/wp\/v2\/product_tag?post=722045"}],"curies":[{"name":"wp","href":"https:\/\/api.w.org\/{rel}","templated":true}]}}