{"id":722042,"date":"2025-08-27T18:59:00","date_gmt":"2025-08-27T15:59:00","guid":{"rendered":"https:\/\/roveyayinevi.com.tr\/index.php\/urun\/milli-mecmua-sayi-3-mayis-haziran-2018\/"},"modified":"2026-04-16T02:29:51","modified_gmt":"2026-04-15T23:29:51","slug":"milli-mecmua-sayi-3-mayis-haziran-2018","status":"publish","type":"product","link":"https:\/\/roveyayinevi.com.tr\/index.php\/urun\/milli-mecmua-sayi-3-mayis-haziran-2018\/","title":{"rendered":"Milli Mecmua Say\u0131 3 \/ May\u0131s &#8211; Haziran 2018"},"content":{"rendered":"<p>\u0130\u00c7\u0130NDEK\u0130LERKent Ar\u015fivlerinin Tarih Ve K\u00fclt\u00fcr Ara\u015ft\u0131rmalar\u0131ndaki Yeri \/ Ali Ahmetbeyo\u011fluDede Korkut, O\u011fuz Elleri Ve Kafkaslar \/ \u00dc\u00e7ler Bulduk Bozkurt Co\u011frafyas\u0131 \/ Volkan \u00d6zkanMo\u011folistan\u2019\u0131n Tarihi Co\u011frafyas\u0131 \u00dczerine Birka\u00e7 Not \/ K\u00fcr\u015fat Y\u0131ld\u0131r\u0131m Sel\u00e7uklu \u00c7a\u011f\u0131nda K\u0131rsal Hayat: G\u00f6\u00e7ebeler Ve K\u00f6yl\u00fcler \/ Osman \u00d6zg\u00fcdenli Bozk\u0131r M\u00fchr\u00fc Ta\u015f\u0131yan Bir \u015eehir: Tebriz \/ Kemal Hayk\u0131ran Rusya T\u00fcrklerine Bir Bak\u0131\u015f Denemesi \/ Alihan B\u00fcy\u00fck\u00e7olak Co\u011frafya, \u0130bn Haldun Ve T\u00fcrklerin Yerle\u015fme D\u00fczeni \/ L\u00fctfi Bergen T\u00fcrk \u015eehrinin D\u00fc\u015f\u00fcnsel Arkapl\u00e2n\u0131 Olarak \u0130sl\u00e2m \/ Do\u011fukan Oru\u00e7 Braudel, Akdeniz\u2019i Ve T\u00fcrkler \/ Metehan Hepvar \u0130bn Batt\u00fbta \u0130le T\u00fcrk \u0130llerine Yolculuk \/ Fat\u0131ma Demir Byzas\u2019tan S\u00fcleyman Peygamber\u2019e \u015eehrin Kurulu\u015f Efsaneleri Ve Bir De\u011ferlendirmesi \/ \u00d6zg\u00fcr Virlan \u00dcsk\u00fcdaralt\u0131n \u015eehre Vuran I\u015f\u0131klar \/ Sinan Y\u0131lmaz Kad\u0131k\u00f6y\u2019den Semt, Sokak, Mek\u00e2n Ve \u0130nsan Hik\u00e2yeleri \/ Tamer K\u00fct\u00fck\u00e7\u00fc Sel\u00e7uklular Zaman\u0131nda Sivas \u015eehri \/ Osman Turan Tanp\u0131nar\u2019\u0131n B\u0131rakt\u0131\u011f\u0131 Yerden &#8211; Ge\u00e7mi\u015fin Aynas\u0131nda \/ Misli Baydo\u011fan Anlat\u0131lmas\u0131 \u0130mk\u00e2ns\u0131z Gri \u015eehri Anlatma Denemesi \/ O\u011fuzhan Murat \u00d6zt\u00fcrk Tekkeyi Bekleyen \u00c7orbay\u0131 \u0130\u00e7er \/ Mustafa Kara Tanp\u0131nar\u2019\u0131n Ge\u00e7mi\u015f Zaman M\u00fchr\u00fc: Gelenek Ve \u00c2n\u0131n Terkibinde Erzurum Yunus Al\u0131c\u0131 Yak\u0131ndaki Uzak Vatan Balkanlar \/ Recai \u00c7o\u015fkunRumeli\u2019nin Tarihi Co\u011frafyas\u0131 \/ Baha \u00d6ztun\u00e7 Midilli, Rodos Ve Sak\u0131z Adalar\u0131nda Osmanl\u0131 Miras\u0131 \/ Elif Emanet Nih\u00e2l Ats\u0131z\u2019\u0131n Kalk\u0131nma, \u00c7evre Ve \u015eehircilik Hakk\u0131nda G\u00f6r\u00fc\u015fleri \/ Adil \u00d6zcan Eski Zaman Evleri Dudaklar\u0131m\u0131zdaki Tebess\u00fcmd\u00fcr\/Metin Sava\u015f Ufk\u00ee \u015eehir Ve \u0130nsan \/ Ya\u011f\u0131z G\u00f6n\u00fcler \u015eehirlile\u015fmenin Yanl\u0131\u015f Tefsiri: Ta\u015fra Dernekleri \/ Elvan Aksar\u0131 Sevgi Ekseninde Tahayy\u00fcl\u00e2t Tanp\u0131nar\u2019\u0131n Be\u015f \u015eehir\u2019i \/ \u0130brahim Da\u015f \u00d6mer Tu\u011frul \u0130nan\u00e7er\u2019le Co\u011frafya Mus\u00e2habeleri \/ Do\u011fukan Oru\u00e7<\/p>\n","protected":false},"excerpt":{"rendered":"<p>\u0130\u00c7\u0130NDEK\u0130LERKent Ar\u015fivlerinin Tarih Ve K\u00fclt\u00fcr Ara\u015ft\u0131rmalar\u0131ndaki Yeri \/ Ali Ahmetbeyo\u011fluDede Korkut, O\u011fuz Elleri Ve Kafkaslar \/ \u00dc\u00e7ler Bulduk Bozkurt Co\u011frafyas\u0131 \/ Volkan \u00d6zkanMo\u011folistan\u2019\u0131n Tarihi Co\u011frafyas\u0131 \u00dczerine<span class=\"excerpt-hellip\"> [\u2026]<\/span><\/p>\n","protected":false},"featured_media":0,"template":"","meta":{"_monsterinsights_skip_tracking":false,"_monsterinsights_sitenote_active":false,"_monsterinsights_sitenote_note":"","_monsterinsights_sitenote_category":0},"product_brand":[],"product_cat":[13527,14356],"product_tag":[],"class_list":{"0":"post-722042","1":"product","2":"type-product","3":"status-publish","5":"product_cat-sureli-yayinlar","6":"product_cat-tarih-sureli-yayinlar","7":"pa_cilt-ciltsiz","8":"pa_tur-dergi","9":"pa_yayinevi-otuken-nesriyat","10":"pa_yazar-kolektif","12":"first","13":"instock","14":"sale","15":"shipping-taxable","16":"purchasable","17":"product-type-simple"},"_links":{"self":[{"href":"https:\/\/roveyayinevi.com.tr\/index.php\/wp-json\/wp\/v2\/product\/722042","targetHints":{"allow":["GET"]}}],"collection":[{"href":"https:\/\/roveyayinevi.com.tr\/index.php\/wp-json\/wp\/v2\/product"}],"about":[{"href":"https:\/\/roveyayinevi.com.tr\/index.php\/wp-json\/wp\/v2\/types\/product"}],"wp:attachment":[{"href":"https:\/\/roveyayinevi.com.tr\/index.php\/wp-json\/wp\/v2\/media?parent=722042"}],"wp:term":[{"taxonomy":"product_brand","embeddable":true,"href":"https:\/\/roveyayinevi.com.tr\/index.php\/wp-json\/wp\/v2\/product_brand?post=722042"},{"taxonomy":"product_cat","embeddable":true,"href":"https:\/\/roveyayinevi.com.tr\/index.php\/wp-json\/wp\/v2\/product_cat?post=722042"},{"taxonomy":"product_tag","embeddable":true,"href":"https:\/\/roveyayinevi.com.tr\/index.php\/wp-json\/wp\/v2\/product_tag?post=722042"}],"curies":[{"name":"wp","href":"https:\/\/api.w.org\/{rel}","templated":true}]}}

Milli Mecmua Sayı 3 / Mayıs &#8211; Haziran 2018

<p>İÇİNDEKİLERKent Arşivlerinin Tarih Ve Kültür Araştırmalarındaki Yeri / Ali AhmetbeyoğluDede Korkut, Oğuz Elleri Ve Kafkaslar / Üçler Bulduk Bozkurt Coğrafyası / Volkan ÖzkanMoğolistan’ın Tarihi Coğrafyası Üzerine Birkaç Not / Kürşat Yıldırım Selçuklu Çağında Kırsal Hayat: Göçebeler Ve Köylüler / Osman Özgüdenli Bozkır Mührü Taşıyan Bir Şehir: Tebriz / Kemal Haykıran Rusya Türklerine Bir Bakış Denemesi / Alihan Büyükçolak Coğrafya, İbn Haldun Ve Türklerin Yerleşme Düzeni / Lütfi Bergen Türk Şehrinin Düşünsel Arkaplânı Olarak İslâm / Doğukan Oruç Braudel, Akdeniz’i Ve Türkler / Metehan Hepvar İbn Battûta İle Türk İllerine Yolculuk / Fatıma Demir Byzas’tan Süleyman Peygamber’e Şehrin Kuruluş Efsaneleri Ve Bir Değerlendirmesi / Özgür Virlan Üsküdaraltın Şehre Vuran Işıklar / Sinan Yılmaz Kadıköy’den Semt, Sokak, Mekân Ve İnsan Hikâyeleri / Tamer Kütükçü Selçuklular Zamanında Sivas Şehri / Osman Turan Tanpınar’ın Bıraktığı Yerden &#8211; Geçmişin Aynasında / Misli Baydoğan Anlatılması İmkânsız Gri Şehri Anlatma Denemesi / Oğuzhan Murat Öztürk Tekkeyi Bekleyen Çorbayı İçer / Mustafa Kara Tanpınar’ın Geçmiş Zaman Mührü: Gelenek Ve Ânın Terkibinde Erzurum Yunus Alıcı Yakındaki Uzak Vatan Balkanlar / Recai ÇoşkunRumeli’nin Tarihi Coğrafyası / Baha Öztunç Midilli, Rodos Ve Sakız Adalarında Osmanlı Mirası / Elif Emanet Nihâl Atsız’ın Kalkınma, Çevre Ve Şehircilik Hakkında Görüşleri / Adil Özcan Eski Zaman Evleri Dudaklarımızdaki Tebessümdür/Metin Savaş Ufkî Şehir Ve İnsan / Yağız Gönüler Şehirlileşmenin Yanlış Tefsiri: Taşra Dernekleri / Elvan Aksarı Sevgi Ekseninde Tahayyülât Tanpınar’ın Beş Şehir’i / İbrahim Daş Ömer Tuğrul İnançer’le Coğrafya Musâhabeleri / Doğukan Oruç</p>

<p>İÇİNDEKİLERKent Arşivlerinin Tarih Ve Kültür Araştırmalarındaki Yeri / Ali AhmetbeyoğluDede Korkut, Oğuz Elleri Ve Kafkaslar / Üçler Bulduk Bozkurt Coğrafyası / Volkan ÖzkanMoğolistan’ın Tarihi Coğrafyası Üzerine<span class="excerpt-hellip"> […]</span></p>
