{"id":722031,"date":"2025-08-27T18:58:52","date_gmt":"2025-08-27T15:58:52","guid":{"rendered":"https:\/\/roveyayinevi.com.tr\/index.php\/urun\/siz-yaslanirken-beyniniz\/"},"modified":"2026-04-16T02:29:51","modified_gmt":"2026-04-15T23:29:51","slug":"siz-yaslanirken-beyniniz","status":"publish","type":"product","link":"https:\/\/roveyayinevi.com.tr\/index.php\/urun\/siz-yaslanirken-beyniniz\/","title":{"rendered":"Siz Ya\u015flan\u0131rken Beyniniz"},"content":{"rendered":"<p>Bizler ya\u015flan\u0131rken, t\u0131pk\u0131 v\u00fccudumuzun geri kalan k\u0131sm\u0131 gibi beynimiz de ya\u015flanmaktad\u0131r. Bu y\u00fczden idrak de\u011fi\u015fiklikleri de ka\u00e7\u0131n\u0131lmaz olur. Ama bu de\u011fi\u015fikliklerden hangisinin, normal ya\u015flanma s\u00fcrecinin bir par\u00e7as\u0131 oldu\u011funu hangisinin olmad\u0131\u011f\u0131n\u0131 bilmek bu noktada b\u00fcy\u00fck \u00f6nem ta\u015f\u0131maktad\u0131r. Asl\u0131nda en iyisi beynimizi tan\u0131makt\u0131r. Normal olan, ciddiye al\u0131nmas\u0131 gereken, geriye d\u00f6n\u00fc\u015f\u00fc olan ve olmayan nedir? Ayr\u0131ca beynimizi sa\u011fl\u0131kl\u0131 bir halde tutmak i\u00e7in neler yapabilece\u011finizi de bilmemiz gerekmektedir. Kendi alanlar\u0131n\u0131n uzmanlar\u0131 olan isimler taraf\u0131ndan kaleme al\u0131nan bu kitap, beyin sa\u011fl\u0131\u011f\u0131m\u0131z hakk\u0131ndaki g\u00fcncel sorulara bilimsel cevaplar vermektedir: Beynin ya\u015flanmas\u0131n\u0131 engelleyecek ila\u00e7lar mevcut mudur? Zihin egzersizleriyle bunaman\u0131n \u00f6n\u00fcne ge\u00e7ilebilir mi? Hangi g\u0131dalar beyin sa\u011fl\u0131\u011f\u0131na katk\u0131da bulunmaktad\u0131r? Hangi g\u0131dalar beynimize zarar vermektedir? Meditasyonun bunamay\u0131 engelleyici etkisi var m\u0131d\u0131r? \u0130\u015flerin yolunda gitmedi\u011fini g\u00f6steren belirtiler nelerdir? <\/p>\n","protected":false},"excerpt":{"rendered":"<p>Bizler ya\u015flan\u0131rken, t\u0131pk\u0131 v\u00fccudumuzun geri kalan k\u0131sm\u0131 gibi beynimiz de ya\u015flanmaktad\u0131r. Bu y\u00fczden idrak de\u011fi\u015fiklikleri de ka\u00e7\u0131n\u0131lmaz olur. Ama bu de\u011fi\u015fikliklerden hangisinin, normal ya\u015flanma s\u00fcrecinin bir<span class=\"excerpt-hellip\"> [\u2026]<\/span><\/p>\n","protected":false},"featured_media":0,"template":"","meta":{"_monsterinsights_skip_tracking":false,"_monsterinsights_sitenote_active":false,"_monsterinsights_sitenote_note":"","_monsterinsights_sitenote_category":0},"product_brand":[],"product_cat":[16965,13365],"product_tag":[],"class_list":{"0":"post-722031","1":"product","2":"type-product","3":"status-publish","5":"product_cat-genel-saglik-kitaplari","6":"product_cat-saglik","7":"pa_cilt-ciltsiz","8":"pa_tur-kitap","9":"pa_yayinevi-orenda","10":"pa_yazar-kolektif","12":"first","13":"instock","14":"sale","15":"shipping-taxable","16":"purchasable","17":"product-type-simple"},"_links":{"self":[{"href":"https:\/\/roveyayinevi.com.tr\/index.php\/wp-json\/wp\/v2\/product\/722031","targetHints":{"allow":["GET"]}}],"collection":[{"href":"https:\/\/roveyayinevi.com.tr\/index.php\/wp-json\/wp\/v2\/product"}],"about":[{"href":"https:\/\/roveyayinevi.com.tr\/index.php\/wp-json\/wp\/v2\/types\/product"}],"wp:attachment":[{"href":"https:\/\/roveyayinevi.com.tr\/index.php\/wp-json\/wp\/v2\/media?parent=722031"}],"wp:term":[{"taxonomy":"product_brand","embeddable":true,"href":"https:\/\/roveyayinevi.com.tr\/index.php\/wp-json\/wp\/v2\/product_brand?post=722031"},{"taxonomy":"product_cat","embeddable":true,"href":"https:\/\/roveyayinevi.com.tr\/index.php\/wp-json\/wp\/v2\/product_cat?post=722031"},{"taxonomy":"product_tag","embeddable":true,"href":"https:\/\/roveyayinevi.com.tr\/index.php\/wp-json\/wp\/v2\/product_tag?post=722031"}],"curies":[{"name":"wp","href":"https:\/\/api.w.org\/{rel}","templated":true}]}}