{"id":722019,"date":"2025-08-27T18:57:49","date_gmt":"2025-08-27T15:57:49","guid":{"rendered":"https:\/\/roveyayinevi.com.tr\/index.php\/urun\/cagdas-sosyal-teorisyenler-2\/"},"modified":"2026-04-16T02:29:51","modified_gmt":"2026-04-15T23:29:51","slug":"cagdas-sosyal-teorisyenler-2","status":"publish","type":"product","link":"https:\/\/roveyayinevi.com.tr\/index.php\/urun\/cagdas-sosyal-teorisyenler-2\/","title":{"rendered":"\u00c7a\u011fda\u015f Sosyal Teorisyenler 2"},"content":{"rendered":"<p>Bu eserde, \u00e7a\u011fda\u015f sosyal teorinin anahtar teorisyenlerinden olan Claude L\u00e9vi-Strauss, Fernand Braudel, Immanuel Wallerstein, Herbert Marcuse, Jean-Fran\u00e7ois Lyotard ve Jean Baudrillard, detayl\u0131 bir inceleme sonucunda T\u00fcrkiye\u2019de ilk kez bir araya geliyor. Bu kitapta, L\u00e9vi-Strauss, Braudel, Wallerstein, Marcuse, Lyotard ve Baudrillard\u2019\u0131n entelekt\u00fcel portreleri, metodolojileri, sosyal teorileri ve \u00e7a\u011fda\u015f sosyolojik teoriye katk\u0131lar\u0131 ayr\u0131nt\u0131l\u0131 bir bi\u00e7imde tahlil edilmi\u015ftir. \u00c7a\u011fda\u015f sosyolojinin k\u00fclt isimleri aras\u0131nda \u00f6n planda olan L\u00e9vi-Strauss\u2019un yap\u0131salc\u0131l\u0131k teorisini, Braudel\u2019in uygarl\u0131k teorisini, Wallerstein\u2019\u0131n d\u00fcnya-sistem teorisini, Marcuse\u2019nin tek-boyutlu toplum teorisini, Lyotard\u2019\u0131n postmodern teorisini ve Baudrillard\u2019\u0131n sim\u00fclasyon teorisini merak edenlere\u2026 Bat\u0131 uygarl\u0131\u011f\u0131n\u0131, modern toplumu ve \u00e7a\u011fda\u015f bireyi do\u011fru anlamak isteyenlere\u2026 Bat\u0131 toplumlar\u0131n\u0131n temelleri, ana e\u011filimleri, yap\u0131sal d\u00f6n\u00fc\u015f\u00fcmleri, kamburlar\u0131, defolar\u0131 ve krizleri \u00fczerine kafa yormak niyetinde olanlara\u2026 \u00c7a\u011fda\u015f sosyoloji teorilerini \u00f6nemseyenlere\u2026. <\/p>\n","protected":false},"excerpt":{"rendered":"<p>Bu eserde, \u00e7a\u011fda\u015f sosyal teorinin anahtar teorisyenlerinden olan Claude L\u00e9vi-Strauss, Fernand Braudel, Immanuel Wallerstein, Herbert Marcuse, Jean-Fran\u00e7ois Lyotard ve Jean Baudrillard, detayl\u0131 bir inceleme sonucunda T\u00fcrkiye\u2019de<span class=\"excerpt-hellip\"> [\u2026]<\/span><\/p>\n","protected":false},"featured_media":0,"template":"","meta":{"_monsterinsights_skip_tracking":false,"_monsterinsights_sitenote_active":false,"_monsterinsights_sitenote_note":"","_monsterinsights_sitenote_category":0},"product_brand":[],"product_cat":[12388,13555],"product_tag":[],"class_list":{"0":"post-722019","1":"product","2":"type-product","3":"status-publish","5":"product_cat-felsefe","6":"product_cat-genel-felsefe","7":"pa_cilt-ciltsiz","8":"pa_tur-kitap","9":"pa_yayinevi-ani-yayincilik","10":"pa_yazar-sezgin-kizilcelik","12":"first","13":"instock","14":"sale","15":"shipping-taxable","16":"purchasable","17":"product-type-simple"},"_links":{"self":[{"href":"https:\/\/roveyayinevi.com.tr\/index.php\/wp-json\/wp\/v2\/product\/722019","targetHints":{"allow":["GET"]}}],"collection":[{"href":"https:\/\/roveyayinevi.com.tr\/index.php\/wp-json\/wp\/v2\/product"}],"about":[{"href":"https:\/\/roveyayinevi.com.tr\/index.php\/wp-json\/wp\/v2\/types\/product"}],"wp:attachment":[{"href":"https:\/\/roveyayinevi.com.tr\/index.php\/wp-json\/wp\/v2\/media?parent=722019"}],"wp:term":[{"taxonomy":"product_brand","embeddable":true,"href":"https:\/\/roveyayinevi.com.tr\/index.php\/wp-json\/wp\/v2\/product_brand?post=722019"},{"taxonomy":"product_cat","embeddable":true,"href":"https:\/\/roveyayinevi.com.tr\/index.php\/wp-json\/wp\/v2\/product_cat?post=722019"},{"taxonomy":"product_tag","embeddable":true,"href":"https:\/\/roveyayinevi.com.tr\/index.php\/wp-json\/wp\/v2\/product_tag?post=722019"}],"curies":[{"name":"wp","href":"https:\/\/api.w.org\/{rel}","templated":true}]}}