{"id":722016,"date":"2025-08-27T18:57:47","date_gmt":"2025-08-27T15:57:47","guid":{"rendered":"https:\/\/roveyayinevi.com.tr\/index.php\/urun\/egitim-ve-psikolojide-arastirma-ve-degerlendirme\/"},"modified":"2026-04-16T02:29:51","modified_gmt":"2026-04-15T23:29:51","slug":"egitim-ve-psikolojide-arastirma-ve-degerlendirme","status":"publish","type":"product","link":"https:\/\/roveyayinevi.com.tr\/index.php\/urun\/egitim-ve-psikolojide-arastirma-ve-degerlendirme\/","title":{"rendered":"E\u011fitim Ve Psikolojide Ara\u015ftirma Ve De\u011ferlendirme"},"content":{"rendered":"<p>Bu kitap, ara\u015ft\u0131rma y\u00fcr\u00fctme mant\u0131\u011f\u0131na g\u00f6re d\u00fczenlenmi\u015ftir. 1. B\u00f6l\u00fcm, temel ara\u015ft\u0131rma paradigmalar\u0131 ve varsay\u0131mlar\u0131 hakk\u0131nda a\u00e7\u0131klamalar i\u00e7ermektedir. Ara\u015ft\u0131rma paradigmalar\u0131n\u0131 ve varsay\u0131mlar\u0131n\u0131 kavrayan \u00f6\u011frenciler, yaln\u0131zca kendi ara\u015ft\u0131rmalar\u0131 hakk\u0131nda metodolojik kararlar vermeye haz\u0131r olmakla kalmayacak, ayn\u0131 zamanda ara\u015ft\u0131rma toplulu\u011fundaki ara\u015ft\u0131rmaya en uygun yakla\u015f\u0131mlar \u00fczerine tart\u0131\u015fmalara etkin bir \u015fekilde kat\u0131labileceklerdir. Etik konusu ara\u015ft\u0131rma s\u00fcrecinde merkezi \u00f6neme sahip oldu\u011fundan ayr\u0131ca t\u00fcm b\u00f6l\u00fcmlere entegre edilmi\u015ftir. 2. B\u00f6l\u00fcm, sistematik sorgulama i\u00e7in \u00f6zel bir ba\u011flam olarak program de\u011ferlendirmesine genel bir bak\u0131\u015f sunmaktad\u0131r. 3. B\u00f6l\u00fcm\u2019de, alanyaz\u0131n taramas\u0131n\u0131n ger\u00e7ekle\u015ftirilmesinin ve sorunun oda\u011f\u0131n\u0131 form\u00fcle etmenin \u00f6z\u00fc a\u00e7\u0131klanmaktad\u0131r. Bu b\u00f6l\u00fcm, kendi ara\u015ft\u0131rmas\u0131n\u0131 yapan ya da okuyup inceleyen t\u00fcm ara\u015ft\u0131rmac\u0131 adaylar\u0131 i\u00e7in de\u011ferlidir. Sistematik sorgulamaya \u00e7e\u015fitli yakla\u015f\u0131mlar, deneysel ve yar\u0131 deneysel ara\u015ft\u0131rma, nedensel kar\u015f\u0131la\u015ft\u0131rmal\u0131 ve ili\u015fkisel ara\u015ft\u0131rma, tarama y\u00f6ntemleri, tek durum ara\u015ft\u0131rmas\u0131, nitel y\u00f6ntemler, tarihi ve anlat\u0131 \u00e7al\u0131\u015fmalar\u0131 ve karma y\u00f6ntem d\u00e2hil olmak \u00fczere 4.-10. aras\u0131ndaki b\u00f6l\u00fcmlerde a\u00e7\u0131klanmaktad\u0131r. Son \u00fc\u00e7 b\u00f6l\u00fcm \u00f6\u011frencinin ara\u015ft\u0131rma s\u00fcrecini tamamlamas\u0131na yard\u0131mc\u0131 olmaktad\u0131r. 11. B\u00f6l\u00fcm&#8217;de, ara\u015ft\u0131rma kapsam\u0131nda insanlarla \u00e7al\u0131\u015f\u0131rken spesifik etik kayg\u0131lar\u0131 ve \u00f6rneklemin tan\u0131mlanmas\u0131 ve se\u00e7ilmesi ile ilgili konular a\u00e7\u0131klanmaktad\u0131r. 12. B\u00f6l\u00fcm\u2019de, \u00e7e\u015fitli yollarla toplanan verilerin kalitesini de\u011ferlendirmek i\u00e7in standartlar ve veri toplama stratejileri i\u00e7in nicel, nitel ve karma y\u00f6ntemler ele al\u0131nmaktad\u0131r. 13. B\u00f6l\u00fcm\u2019de veri analizi i\u00e7in nicel, nitel ve karma y\u00f6ntemler sunulup verilerin yorumlanmas\u0131 ve ara\u015ft\u0131rma sonu\u00e7lar\u0131n\u0131n raporlanmas\u0131 ile ilgili konular tart\u0131\u015f\u0131lmaktad\u0131r. <\/p>\n","protected":false},"excerpt":{"rendered":"<p>Bu kitap, ara\u015ft\u0131rma y\u00fcr\u00fctme mant\u0131\u011f\u0131na g\u00f6re d\u00fczenlenmi\u015ftir. 1. B\u00f6l\u00fcm, temel ara\u015ft\u0131rma paradigmalar\u0131 ve varsay\u0131mlar\u0131 hakk\u0131nda a\u00e7\u0131klamalar i\u00e7ermektedir. Ara\u015ft\u0131rma paradigmalar\u0131n\u0131 ve varsay\u0131mlar\u0131n\u0131 kavrayan \u00f6\u011frenciler, yaln\u0131zca kendi ara\u015ft\u0131rmalar\u0131<span class=\"excerpt-hellip\"> [\u2026]<\/span><\/p>\n","protected":false},"featured_media":0,"template":"","meta":{"_monsterinsights_skip_tracking":false,"_monsterinsights_sitenote_active":false,"_monsterinsights_sitenote_note":"","_monsterinsights_sitenote_category":0},"product_brand":[],"product_cat":[25175,12357],"product_tag":[],"class_list":{"0":"post-722016","1":"product","2":"type-product","3":"status-publish","5":"product_cat-egitim-psikolojisi","6":"product_cat-psikoloji","7":"pa_cilt-ciltsiz","8":"pa_tur-kitap","9":"pa_yayinevi-ani-yayincilik","10":"pa_yazar-donna-m-mertens","12":"first","13":"instock","14":"sale","15":"shipping-taxable","16":"purchasable","17":"product-type-simple"},"_links":{"self":[{"href":"https:\/\/roveyayinevi.com.tr\/index.php\/wp-json\/wp\/v2\/product\/722016","targetHints":{"allow":["GET"]}}],"collection":[{"href":"https:\/\/roveyayinevi.com.tr\/index.php\/wp-json\/wp\/v2\/product"}],"about":[{"href":"https:\/\/roveyayinevi.com.tr\/index.php\/wp-json\/wp\/v2\/types\/product"}],"wp:attachment":[{"href":"https:\/\/roveyayinevi.com.tr\/index.php\/wp-json\/wp\/v2\/media?parent=722016"}],"wp:term":[{"taxonomy":"product_brand","embeddable":true,"href":"https:\/\/roveyayinevi.com.tr\/index.php\/wp-json\/wp\/v2\/product_brand?post=722016"},{"taxonomy":"product_cat","embeddable":true,"href":"https:\/\/roveyayinevi.com.tr\/index.php\/wp-json\/wp\/v2\/product_cat?post=722016"},{"taxonomy":"product_tag","embeddable":true,"href":"https:\/\/roveyayinevi.com.tr\/index.php\/wp-json\/wp\/v2\/product_tag?post=722016"}],"curies":[{"name":"wp","href":"https:\/\/api.w.org\/{rel}","templated":true}]}}