{"id":722010,"date":"2025-08-27T18:57:44","date_gmt":"2025-08-27T15:57:44","guid":{"rendered":"https:\/\/roveyayinevi.com.tr\/index.php\/urun\/anadolu-prehistorya-arastirmalari-1\/"},"modified":"2026-04-16T02:29:51","modified_gmt":"2026-04-15T23:29:51","slug":"anadolu-prehistorya-arastirmalari-1","status":"publish","type":"product","link":"https:\/\/roveyayinevi.com.tr\/index.php\/urun\/anadolu-prehistorya-arastirmalari-1\/","title":{"rendered":"Anadolu Prehistorya Ara\u015ft\u0131rmalar\u0131 &#8211; 1"},"content":{"rendered":"<p>\u0130\u00e7indekiler; &#8211; Baysal, Adnan \/ Arkeolojide G\u00f6rmek, Bakmak ve Girmek \u00dczerine D\u00fc\u015f\u00fcnceler.- \u00d6kse, Ay\u015fe Tuba \/ Salat Tepe Kalkolitik Tabakalar\u0131n\u0131n Kuzey Mezopotamya Kronolojisine G\u00f6re De\u011ferlendirmesi- Erdo\u011fu, Bur\u00e7in &amp; \u00d6zlem \u00c7evik \/ Bat\u0131 Anadolu Kronolojisi ve Terminolojisi: Sorunlar ve \u00d6neriler.- Atakuman, \u00c7i\u011fdem \/ Kuzey Mezopotamya Prehistoryas\u0131 &#8216;n\u0131n Terminolojik Sorunlar\u0131na- Tarihsel Bir Yakla\u015f\u0131m- Alg\u00fcl, \u00c7iler \/ G\u00fcneydo\u011fu Anadolu Yontmata\u015f Buluntular\u0131nda Terminoloji Sorunu ~.:- Tekin, Halil \/ Yukar\u0131 Mezopotamya Ge\u00e7 Neoliti\u011finde (Hassuna, Samarra, Halaf) Terminoloji ve Kronoloji Sorunlar\u0131- Ta\u015fk\u0131ran, Harun \/ T\u00fcrkiye Paleolitik Kronolojisi- \u00d6z\u00e7elik, Kadriye \/ T\u00fcrkiye &#8216;de \u00dcst Paleolitik D\u00f6nem: \u00c7e\u015fitli Yakla\u015f\u0131mlar ve Problemler.- K\u00f6sem, Makbule Beray \/ Anadolu &#8216;nun Yontmata\u015f Tip Listelerinin \u00c7o\u011falt\u0131lmas\u0131 ve Terminolojide Ortak Dil Kullan\u0131m\u0131n\u0131n Gereklili\u011fi- Kartal, Metin \/ Prehistorya (Tarih \u00d6ncesi) Kavram\u0131- Kolankaya-Bostancu, Neyir \/ Orta Bat\u0131 Anadolu Neolitik ve Kalkolitik \u00c7a\u011f Yontmata\u015f End\u00fcstrilerinin Tan\u0131mlanmas\u0131nda Kar\u015f\u0131la\u015f\u0131lan Problemler.- Balc\u0131, Semra \/ Kapadokya B\u00f6lgesi (Orta Anadolu) Yontmata\u015f Buluntular\u0131: Tekno-Kronolojik Bir De\u011ferlendirme.<\/p>\n","protected":false},"excerpt":{"rendered":"<p>\u0130\u00e7indekiler; &#8211; Baysal, Adnan \/ Arkeolojide G\u00f6rmek, Bakmak ve Girmek \u00dczerine D\u00fc\u015f\u00fcnceler.- \u00d6kse, Ay\u015fe Tuba \/ Salat Tepe Kalkolitik Tabakalar\u0131n\u0131n Kuzey Mezopotamya Kronolojisine G\u00f6re De\u011ferlendirmesi- Erdo\u011fu,<span class=\"excerpt-hellip\"> [\u2026]<\/span><\/p>\n","protected":false},"featured_media":0,"template":"","meta":{"_monsterinsights_skip_tracking":false,"_monsterinsights_sitenote_active":false,"_monsterinsights_sitenote_note":"","_monsterinsights_sitenote_category":0},"product_brand":[],"product_cat":[12370,12304],"product_tag":[],"class_list":{"0":"post-722010","1":"product","2":"type-product","3":"status-publish","5":"product_cat-arastirma-inceleme","6":"product_cat-tarih","7":"pa_cilt-ciltsiz","8":"pa_tur-kitap","9":"pa_yayinevi-bilgin-kultur-sanat","10":"pa_yazar-kolektif","12":"first","13":"instock","14":"sale","15":"shipping-taxable","16":"purchasable","17":"product-type-simple"},"_links":{"self":[{"href":"https:\/\/roveyayinevi.com.tr\/index.php\/wp-json\/wp\/v2\/product\/722010","targetHints":{"allow":["GET"]}}],"collection":[{"href":"https:\/\/roveyayinevi.com.tr\/index.php\/wp-json\/wp\/v2\/product"}],"about":[{"href":"https:\/\/roveyayinevi.com.tr\/index.php\/wp-json\/wp\/v2\/types\/product"}],"wp:attachment":[{"href":"https:\/\/roveyayinevi.com.tr\/index.php\/wp-json\/wp\/v2\/media?parent=722010"}],"wp:term":[{"taxonomy":"product_brand","embeddable":true,"href":"https:\/\/roveyayinevi.com.tr\/index.php\/wp-json\/wp\/v2\/product_brand?post=722010"},{"taxonomy":"product_cat","embeddable":true,"href":"https:\/\/roveyayinevi.com.tr\/index.php\/wp-json\/wp\/v2\/product_cat?post=722010"},{"taxonomy":"product_tag","embeddable":true,"href":"https:\/\/roveyayinevi.com.tr\/index.php\/wp-json\/wp\/v2\/product_tag?post=722010"}],"curies":[{"name":"wp","href":"https:\/\/api.w.org\/{rel}","templated":true}]}}