{"id":722006,"date":"2025-08-27T18:57:41","date_gmt":"2025-08-27T15:57:41","guid":{"rendered":"https:\/\/roveyayinevi.com.tr\/index.php\/urun\/krizantanem\/"},"modified":"2026-04-16T02:29:50","modified_gmt":"2026-04-15T23:29:50","slug":"krizantanem","status":"publish","type":"product","link":"https:\/\/roveyayinevi.com.tr\/index.php\/urun\/krizantanem\/","title":{"rendered":"Krizantanem"},"content":{"rendered":"<p>A\u015fk nice bir yi\u011fitliktir. Nice bir direni\u015ftir bu a\u015fk? Y\u00fcrek per\u00e7in tutar m\u0131, duygulara pranga vurulabilir mi? Demir parmakl\u0131klar, a\u00e7\u0131lmaz kelep\u00e7eler a\u015fka engel olabilir mi,  \u00e7ok farkl\u0131 ya\u015fam felsefesine sahip iki ki\u015fi birbirini \u00f6lesiye sevebilir mi?  Vefa nedir, s\u00fcrg\u00fcn nedir, tutsakl\u0131k nedir, \u00f6zg\u00fcrl\u00fck nedir? \u00d6lmek mi ye\u011fdir, yoksa sevmek mi? 12 Eyl\u00fcl d\u00f6neminin karanl\u0131k g\u00fcnleri.  Bir yandan bir t\u00fcrl\u00fc a\u015f\u0131lamayan ekonomik kriz, di\u011fer yandan uluslararas\u0131 ambargo, petrol krizi ve bu sorunlar\u0131 \u00e7\u00f6zmesi gerekirken kendi i\u00e7 \u00e7eki\u015fmeleriyle me\u015fgul siyaset\u2026  Anar\u015fi ve ter\u00f6r sokaklar\u0131 teslim alm\u0131\u015f. \u00dcniversite gen\u00e7li\u011fi ve t\u00fcm toplum sa\u011f ve sol kutuplara ayr\u0131lm\u0131\u015f. Has\u0131l\u0131, memleketin t\u00fcm sokaklar\u0131, geceleri ve g\u00fcnd\u00fczleri, bir \u00f6r\u00fcmcek a\u011f\u0131 gibi kaosla sarmalanm\u0131\u015f. B\u00fct\u00fcn bu hengame i\u00e7inde bir a\u015fk filizlenmektedir. Mustafa ile Sevda\u2019n\u0131n a\u015fk\u0131\u2026 \u00dcniversitede filizlenen, demir parmakl\u0131klar ard\u0131nda vefayla yo\u011frulup, on senelik tutsakl\u0131kla pi\u015fen, lakin vuslat\u0131 Krizantem mevsimine kalan bir a\u015fk\u2026 \u201cBen Sevda\u2026 Bir sevdan\u0131n devrimiyle devrilen Sevda\u2026 \u201c \u201cBir \u00e7i\u00e7e\u011fi \u00e7ok sevdim, o da \u00f6mr\u00fcm\u00fcn sonbahar\u0131nda a\u00e7t\u0131.\u201d <\/p>\n","protected":false},"excerpt":{"rendered":"<p>A\u015fk nice bir yi\u011fitliktir. Nice bir direni\u015ftir bu a\u015fk? Y\u00fcrek per\u00e7in tutar m\u0131, duygulara pranga vurulabilir mi? Demir parmakl\u0131klar, a\u00e7\u0131lmaz kelep\u00e7eler a\u015fka engel olabilir mi, \u00e7ok<span class=\"excerpt-hellip\"> [\u2026]<\/span><\/p>\n","protected":false},"featured_media":0,"template":"","meta":{"_monsterinsights_skip_tracking":false,"_monsterinsights_sitenote_active":false,"_monsterinsights_sitenote_note":"","_monsterinsights_sitenote_category":0},"product_brand":[],"product_cat":[12291,12711],"product_tag":[],"class_list":{"0":"post-722006","1":"product","2":"type-product","3":"status-publish","5":"product_cat-edebiyat","6":"product_cat-roman-oyku","7":"pa_cilt-ciltsiz","8":"pa_tur-kitap","9":"pa_yayinevi-cinaralti-yayinlari","10":"pa_yazar-ilhami-akan","12":"first","13":"instock","14":"sale","15":"shipping-taxable","16":"purchasable","17":"product-type-simple"},"_links":{"self":[{"href":"https:\/\/roveyayinevi.com.tr\/index.php\/wp-json\/wp\/v2\/product\/722006","targetHints":{"allow":["GET"]}}],"collection":[{"href":"https:\/\/roveyayinevi.com.tr\/index.php\/wp-json\/wp\/v2\/product"}],"about":[{"href":"https:\/\/roveyayinevi.com.tr\/index.php\/wp-json\/wp\/v2\/types\/product"}],"wp:attachment":[{"href":"https:\/\/roveyayinevi.com.tr\/index.php\/wp-json\/wp\/v2\/media?parent=722006"}],"wp:term":[{"taxonomy":"product_brand","embeddable":true,"href":"https:\/\/roveyayinevi.com.tr\/index.php\/wp-json\/wp\/v2\/product_brand?post=722006"},{"taxonomy":"product_cat","embeddable":true,"href":"https:\/\/roveyayinevi.com.tr\/index.php\/wp-json\/wp\/v2\/product_cat?post=722006"},{"taxonomy":"product_tag","embeddable":true,"href":"https:\/\/roveyayinevi.com.tr\/index.php\/wp-json\/wp\/v2\/product_tag?post=722006"}],"curies":[{"name":"wp","href":"https:\/\/api.w.org\/{rel}","templated":true}]}}