{"id":721994,"date":"2025-08-27T18:57:32","date_gmt":"2025-08-27T15:57:32","guid":{"rendered":"https:\/\/roveyayinevi.com.tr\/index.php\/urun\/duvarci-ve-kizi\/"},"modified":"2026-03-12T02:38:54","modified_gmt":"2026-03-11T23:38:54","slug":"duvarci-ve-kizi","status":"publish","type":"product","link":"https:\/\/roveyayinevi.com.tr\/index.php\/urun\/duvarci-ve-kizi\/","title":{"rendered":"Duvarc\u0131 ve K\u0131z\u0131"},"content":{"rendered":"<p>Hepimizinn bildi\u011fi gibi y\u00fczlerce Anadolu efsanesi, masal\u0131 vard\u0131r. Onlardan bir ka\u00e7\u0131n\u0131 sizlerle bulu\u015fturmaya \u00e7al\u0131\u015ft\u0131k;\u015eahmaran, Baho G\u00f6l\u00fc&#8217;n\u00fcn S\u0131rr\u0131.Bu sefer Karadeniz&#8217;den size bir efsana anlataca\u011f\u0131z. &#8220;Duvarc\u0131&#8221; s\u00f6ylencesi Karadeniz&#8217;in zor olan co\u011frafi ko\u015fullar\u0131n\u0131n ta\u015f ustal\u0131\u011f\u0131n\u0131 ve zanaat ile akl\u0131n bir araya gelmesi zorbalar\u0131 nas\u0131l alt ediyormu\u015f, onu sizler i\u00e7in yeniden dillendirdik.Ta\u015f kulelerin, ocaklar\u0131n nas\u0131l yap\u0131ld\u0131\u011f\u0131n\u0131, ta\u015flar\u0131n dizili\u015findeki s\u0131rr\u0131 ve zorbalara kar\u015f\u0131 akl\u0131n nas\u0131l ba\u015far\u0131l\u0131 oldu\u011funu merak ediyorsan\u0131z, efsane kitab\u0131n i\u00e7inde sizi bekliyor.<\/p>\n","protected":false},"excerpt":{"rendered":"<p>Hepimizinn bildi\u011fi gibi y\u00fczlerce Anadolu efsanesi, masal\u0131 vard\u0131r. Onlardan bir ka\u00e7\u0131n\u0131 sizlerle bulu\u015fturmaya \u00e7al\u0131\u015ft\u0131k;\u015eahmaran, Baho G\u00f6l\u00fc&#8217;n\u00fcn S\u0131rr\u0131.Bu sefer Karadeniz&#8217;den size bir efsana anlataca\u011f\u0131z. &#8220;Duvarc\u0131&#8221; s\u00f6ylencesi Karadeniz&#8217;in<span class=\"excerpt-hellip\"> [\u2026]<\/span><\/p>\n","protected":false},"featured_media":0,"template":"","meta":{"_monsterinsights_skip_tracking":false,"_monsterinsights_sitenote_active":false,"_monsterinsights_sitenote_note":"","_monsterinsights_sitenote_category":0},"product_brand":[],"product_cat":[12274,12284],"product_tag":[],"class_list":{"0":"post-721994","1":"product","2":"type-product","3":"status-publish","5":"product_cat-cocuk-ve-genclik-kitaplari","6":"product_cat-hikayeler","7":"pa_cilt-ciltsiz","8":"pa_tur-kitap","9":"pa_yayinevi-kirmizi-cati-yayinlari","10":"pa_yazar-haldun-aciksozlu","12":"first","13":"instock","14":"sale","15":"shipping-taxable","16":"purchasable","17":"product-type-simple"},"_links":{"self":[{"href":"https:\/\/roveyayinevi.com.tr\/index.php\/wp-json\/wp\/v2\/product\/721994","targetHints":{"allow":["GET"]}}],"collection":[{"href":"https:\/\/roveyayinevi.com.tr\/index.php\/wp-json\/wp\/v2\/product"}],"about":[{"href":"https:\/\/roveyayinevi.com.tr\/index.php\/wp-json\/wp\/v2\/types\/product"}],"wp:attachment":[{"href":"https:\/\/roveyayinevi.com.tr\/index.php\/wp-json\/wp\/v2\/media?parent=721994"}],"wp:term":[{"taxonomy":"product_brand","embeddable":true,"href":"https:\/\/roveyayinevi.com.tr\/index.php\/wp-json\/wp\/v2\/product_brand?post=721994"},{"taxonomy":"product_cat","embeddable":true,"href":"https:\/\/roveyayinevi.com.tr\/index.php\/wp-json\/wp\/v2\/product_cat?post=721994"},{"taxonomy":"product_tag","embeddable":true,"href":"https:\/\/roveyayinevi.com.tr\/index.php\/wp-json\/wp\/v2\/product_tag?post=721994"}],"curies":[{"name":"wp","href":"https:\/\/api.w.org\/{rel}","templated":true}]}}