{"id":721991,"date":"2025-08-27T18:57:30","date_gmt":"2025-08-27T15:57:30","guid":{"rendered":"https:\/\/roveyayinevi.com.tr\/index.php\/urun\/kadim-cin-tibbi-ile-sifa\/"},"modified":"2026-04-16T02:29:50","modified_gmt":"2026-04-15T23:29:50","slug":"kadim-cin-tibbi-ile-sifa","status":"publish","type":"product","link":"https:\/\/roveyayinevi.com.tr\/index.php\/urun\/kadim-cin-tibbi-ile-sifa\/","title":{"rendered":"Kadim \u00c7in T\u0131bb\u0131 \u0130le \u015eifa"},"content":{"rendered":"<p>Duygular\u0131m\u0131z\u0131 anlamak ve bize verdikleri mesajlar\u0131 kavramak mutlu ve huzurlu bir varolu\u015fun ve gerekti\u011finde ya\u015fam\u0131m\u0131z\u0131 d\u00f6n\u00fc\u015ft\u00fcrmenin de ilk ad\u0131mlar\u0131ndan biridir. Olumsuz veya olumlu her t\u00fcrl\u00fc duygu ruhumuzdan bize gelen mesajlard\u0131r. Kadim \u00c7in T\u0131bb\u0131 teknikleriyle ba\u015fl\u0131ca duygular\u0131n verdi\u011fi mesajlar\u0131n \u00e7\u00f6z\u00fcmlenebilece\u011fini anlatan Taoist yazarlar, Chia ve Saxer her duygunun v\u00fccudumuzda belli organlara yerle\u015fti\u011fini belirtiyor. \u00d6rne\u011fin, \u00fcz\u00fcnt\u00fc akci\u011fer ve kal\u0131n ba\u011f\u0131rsa\u011fa, korku b\u00f6brek ve mesaneye, \u00f6fke karaci\u011fer ve safra kesesine yerle\u015fir. E\u011fer uygun bir \u015fifa bulunmazsa zamanla bu organlar hastalanabilir. Enerjileri dengeleyerek kendini g\u00fc\u00e7lendirmeyi \u00f6\u011freten bu kitap, kolay uygulanabilir pratik kadim tekniklerin yan\u0131 s\u0131ra duygusal ve bedensel \u015fifa i\u00e7in s\u0131ra d\u0131\u015f\u0131 beslenme tavsiyeleri de i\u00e7eriyor. Ayr\u0131ca uykusuzluk, haz\u0131ms\u0131zl\u0131k, ba\u015f a\u011fr\u0131s\u0131 ve oburluk gibi yayg\u0131n g\u00f6r\u00fclen rahats\u0131zl\u0131klar i\u00e7in etkisi kan\u0131tlanm\u0131\u015f do\u011fal \u00e7areler sunuyor. D\u00fczinelerce kitab\u0131n yazar\u0131 Mantak Chia k\u0131rk be\u015f y\u0131ldan uzun bir s\u00fcredir on binlerce \u00f6\u011frenciye Taoist i\u00e7sel enerji \u00e7al\u0131\u015fmalar\u0131n\u0131 \u00f6\u011fretmi\u015ftir. Dena Saxer ise yirmi alt\u0131 y\u0131ld\u0131r t\u00fcm d\u00fcnyada Evrensel \u015eifa Tao Sistemini \u00f6\u011fretmektedir.<\/p>\n","protected":false},"excerpt":{"rendered":"<p>Duygular\u0131m\u0131z\u0131 anlamak ve bize verdikleri mesajlar\u0131 kavramak mutlu ve huzurlu bir varolu\u015fun ve gerekti\u011finde ya\u015fam\u0131m\u0131z\u0131 d\u00f6n\u00fc\u015ft\u00fcrmenin de ilk ad\u0131mlar\u0131ndan biridir. Olumsuz veya olumlu her t\u00fcrl\u00fc duygu<span class=\"excerpt-hellip\"> [\u2026]<\/span><\/p>\n","protected":false},"featured_media":0,"template":"","meta":{"_monsterinsights_skip_tracking":false,"_monsterinsights_sitenote_active":false,"_monsterinsights_sitenote_note":"","_monsterinsights_sitenote_category":0},"product_brand":[],"product_cat":[13397,13365],"product_tag":[],"class_list":{"0":"post-721991","1":"product","2":"type-product","3":"status-publish","5":"product_cat-alternatif-tip-sifali-bitkiler","6":"product_cat-saglik","7":"pa_cilt-ciltsiz","8":"pa_tur-kitap","9":"pa_yayinevi-kuraldisi-yayinevi","10":"pa_yazar-mantak-chia-dena-saxer","12":"first","13":"instock","14":"sale","15":"shipping-taxable","16":"purchasable","17":"product-type-simple"},"_links":{"self":[{"href":"https:\/\/roveyayinevi.com.tr\/index.php\/wp-json\/wp\/v2\/product\/721991","targetHints":{"allow":["GET"]}}],"collection":[{"href":"https:\/\/roveyayinevi.com.tr\/index.php\/wp-json\/wp\/v2\/product"}],"about":[{"href":"https:\/\/roveyayinevi.com.tr\/index.php\/wp-json\/wp\/v2\/types\/product"}],"wp:attachment":[{"href":"https:\/\/roveyayinevi.com.tr\/index.php\/wp-json\/wp\/v2\/media?parent=721991"}],"wp:term":[{"taxonomy":"product_brand","embeddable":true,"href":"https:\/\/roveyayinevi.com.tr\/index.php\/wp-json\/wp\/v2\/product_brand?post=721991"},{"taxonomy":"product_cat","embeddable":true,"href":"https:\/\/roveyayinevi.com.tr\/index.php\/wp-json\/wp\/v2\/product_cat?post=721991"},{"taxonomy":"product_tag","embeddable":true,"href":"https:\/\/roveyayinevi.com.tr\/index.php\/wp-json\/wp\/v2\/product_tag?post=721991"}],"curies":[{"name":"wp","href":"https:\/\/api.w.org\/{rel}","templated":true}]}}