{"id":721988,"date":"2025-08-27T18:57:28","date_gmt":"2025-08-27T15:57:28","guid":{"rendered":"https:\/\/roveyayinevi.com.tr\/index.php\/urun\/emine\/"},"modified":"2026-03-20T02:34:13","modified_gmt":"2026-03-19T23:34:13","slug":"emine","status":"publish","type":"product","link":"https:\/\/roveyayinevi.com.tr\/index.php\/urun\/emine\/","title":{"rendered":"Emine"},"content":{"rendered":"<p>Emine, Suat Dervi\u015f\u2019in gazete ve dergilerde tefrika edilen ve onun edebiyat yolculu\u011funda mihenk ta\u015flar\u0131 say\u0131labilecek Emine ve Sonu G\u00fczel adl\u0131 romanlar\u0131ndan Yurdumun I\u015f\u0131klar\u0131 ve Kad\u0131n A\u015fks\u0131z Ya\u015famaz isimli novellalar\u0131ndan olu\u015fuyor. Emine, hem yaz\u0131ld\u0131\u011f\u0131 d\u00f6nemin ruhunu yans\u0131tmas\u0131 hem de genelde insan, \u00f6zeldeyse kad\u0131n psikolojisine dair i\u015faret ettikleriyle ayr\u0131 \u00f6neme sahip.\u201cEmine, sava\u015f travmalar\u0131 \u00fczerine kurulu. Babas\u0131 cepheden d\u00f6nmemi\u015f, annesi ve karde\u015fiyse evleriyle birlikte yanarak \u00f6lm\u00fc\u015f bir kimsesiz Emine. Roman, sava\u015f\u0131n yaralar\u0131n\u0131 sarmaya \u00e7al\u0131\u015fan bir toplumu ve M\u00fctareke D\u00f6nemi \u0130stanbul\u2019u fonunda bu k\u00fc\u00e7\u00fck k\u0131z\u0131n b\u00fcy\u00fcmesini anlat\u0131yor. Sava\u015f travmalar\u0131 gibi, etkileyici finaliyle kad\u0131n \u00f6zg\u00fcrle\u015fmesini, hi\u00e7 yoktan bir kad\u0131n\u0131n uyan\u0131\u015f\u0131n\u0131 konu edi\u015fi de Sonu G\u00fczel ile karde\u015f k\u0131l\u0131yor bu eseri. Suat Dervi\u015f\u2019in toplumcu ger\u00e7ek\u00e7i d\u00f6nemi Bu Roman Olan \u015eeylerin Roman\u0131d\u0131r yahut \u0130stanbul\u2019un Bir Gecesi\u2019yle ba\u015flat\u0131l\u0131r. Oysa Emine t\u00fcm bu s\u0131n\u0131fsal uyan\u0131\u015f\u0131, ma\u011fdurun, ezilenin sesini duyurmay\u0131 \u015fiar edinecek bir Suat Dervi\u015f\u2019i m\u00fcjdeliyor ta 1930\u2019da. Sonu G\u00fczel ve Emine\u2019nin tefrika edili\u015flerinden doksan y\u0131l sonra yeniden dola\u015f\u0131ma sokulmas\u0131 heyecan verici.\u201d -Serdar Soydan<\/p>\n","protected":false},"excerpt":{"rendered":"<p>Emine, Suat Dervi\u015f\u2019in gazete ve dergilerde tefrika edilen ve onun edebiyat yolculu\u011funda mihenk ta\u015flar\u0131 say\u0131labilecek Emine ve Sonu G\u00fczel adl\u0131 romanlar\u0131ndan Yurdumun I\u015f\u0131klar\u0131 ve Kad\u0131n A\u015fks\u0131z<span class=\"excerpt-hellip\"> [\u2026]<\/span><\/p>\n","protected":false},"featured_media":0,"template":"","meta":{"_monsterinsights_skip_tracking":false,"_monsterinsights_sitenote_active":false,"_monsterinsights_sitenote_note":"","_monsterinsights_sitenote_category":0},"product_brand":[],"product_cat":[12291,12711],"product_tag":[],"class_list":{"0":"post-721988","1":"product","2":"type-product","3":"status-publish","5":"product_cat-edebiyat","6":"product_cat-roman-oyku","7":"pa_cilt-ciltsiz","8":"pa_tur-kitap","9":"pa_yayinevi-ithaki-yayinlari","10":"pa_yazar-suat-dervis","12":"first","13":"instock","14":"sale","15":"shipping-taxable","16":"purchasable","17":"product-type-simple"},"_links":{"self":[{"href":"https:\/\/roveyayinevi.com.tr\/index.php\/wp-json\/wp\/v2\/product\/721988","targetHints":{"allow":["GET"]}}],"collection":[{"href":"https:\/\/roveyayinevi.com.tr\/index.php\/wp-json\/wp\/v2\/product"}],"about":[{"href":"https:\/\/roveyayinevi.com.tr\/index.php\/wp-json\/wp\/v2\/types\/product"}],"wp:attachment":[{"href":"https:\/\/roveyayinevi.com.tr\/index.php\/wp-json\/wp\/v2\/media?parent=721988"}],"wp:term":[{"taxonomy":"product_brand","embeddable":true,"href":"https:\/\/roveyayinevi.com.tr\/index.php\/wp-json\/wp\/v2\/product_brand?post=721988"},{"taxonomy":"product_cat","embeddable":true,"href":"https:\/\/roveyayinevi.com.tr\/index.php\/wp-json\/wp\/v2\/product_cat?post=721988"},{"taxonomy":"product_tag","embeddable":true,"href":"https:\/\/roveyayinevi.com.tr\/index.php\/wp-json\/wp\/v2\/product_tag?post=721988"}],"curies":[{"name":"wp","href":"https:\/\/api.w.org\/{rel}","templated":true}]}}