{"id":721981,"date":"2025-08-27T18:57:23","date_gmt":"2025-08-27T15:57:23","guid":{"rendered":"https:\/\/roveyayinevi.com.tr\/index.php\/urun\/ali-yilmaz-duygularla-tanisiyor\/"},"modified":"2026-04-16T02:29:50","modified_gmt":"2026-04-15T23:29:50","slug":"ali-yilmaz-duygularla-tanisiyor","status":"publish","type":"product","link":"https:\/\/roveyayinevi.com.tr\/index.php\/urun\/ali-yilmaz-duygularla-tanisiyor\/","title":{"rendered":"Ali Y\u0131lmaz Duygularla Tan\u0131\u015f\u0131yor"},"content":{"rendered":"<p>\u00dczg\u00fcn olmaktan daha \u00fcz\u00fcc\u00fc olan nedir? \u00c7OK \u00dcZG\u00dcN OLMAK! Ali\u2019yle kimse saklamba\u00e7 oynamak istemeyince, garip bir \u015fey oluyor\u2026 Ali\u2019nin midesi a\u011fr\u0131yor. \u00c7enesi titremeye ba\u015fl\u0131yor. G\u00f6zlerinden ya\u015flar ak\u0131yor. Ali, t\u00fcm bu hislerle ne yapacak?<\/p>\n","protected":false},"excerpt":{"rendered":"<p>\u00dczg\u00fcn olmaktan daha \u00fcz\u00fcc\u00fc olan nedir? \u00c7OK \u00dcZG\u00dcN OLMAK! Ali\u2019yle kimse saklamba\u00e7 oynamak istemeyince, garip bir \u015fey oluyor\u2026 Ali\u2019nin midesi a\u011fr\u0131yor. \u00c7enesi titremeye ba\u015fl\u0131yor. G\u00f6zlerinden ya\u015flar<span class=\"excerpt-hellip\"> [\u2026]<\/span><\/p>\n","protected":false},"featured_media":0,"template":"","meta":{"_monsterinsights_skip_tracking":false,"_monsterinsights_sitenote_active":false,"_monsterinsights_sitenote_note":"","_monsterinsights_sitenote_category":0},"product_brand":[],"product_cat":[12274,12518],"product_tag":[],"class_list":{"0":"post-721981","1":"product","2":"type-product","3":"status-publish","5":"product_cat-cocuk-ve-genclik-kitaplari","6":"product_cat-okul-oncesi-kitaplar","7":"pa_cilt-ciltsiz","8":"pa_tur-kitap","9":"pa_yayinevi-is-bankasi-kultur-yayinlari","10":"pa_yazar-naseem-hrab","12":"first","13":"instock","14":"sale","15":"shipping-taxable","16":"purchasable","17":"product-type-simple"},"_links":{"self":[{"href":"https:\/\/roveyayinevi.com.tr\/index.php\/wp-json\/wp\/v2\/product\/721981","targetHints":{"allow":["GET"]}}],"collection":[{"href":"https:\/\/roveyayinevi.com.tr\/index.php\/wp-json\/wp\/v2\/product"}],"about":[{"href":"https:\/\/roveyayinevi.com.tr\/index.php\/wp-json\/wp\/v2\/types\/product"}],"wp:attachment":[{"href":"https:\/\/roveyayinevi.com.tr\/index.php\/wp-json\/wp\/v2\/media?parent=721981"}],"wp:term":[{"taxonomy":"product_brand","embeddable":true,"href":"https:\/\/roveyayinevi.com.tr\/index.php\/wp-json\/wp\/v2\/product_brand?post=721981"},{"taxonomy":"product_cat","embeddable":true,"href":"https:\/\/roveyayinevi.com.tr\/index.php\/wp-json\/wp\/v2\/product_cat?post=721981"},{"taxonomy":"product_tag","embeddable":true,"href":"https:\/\/roveyayinevi.com.tr\/index.php\/wp-json\/wp\/v2\/product_tag?post=721981"}],"curies":[{"name":"wp","href":"https:\/\/api.w.org\/{rel}","templated":true}]}}