{"id":721968,"date":"2025-08-27T18:57:13","date_gmt":"2025-08-27T15:57:13","guid":{"rendered":"https:\/\/roveyayinevi.com.tr\/index.php\/urun\/ozbekistanda-ulus-kimlik-dis-politika-iliskisi\/"},"modified":"2026-04-16T02:29:50","modified_gmt":"2026-04-15T23:29:50","slug":"ozbekistanda-ulus-kimlik-dis-politika-iliskisi","status":"publish","type":"product","link":"https:\/\/roveyayinevi.com.tr\/index.php\/urun\/ozbekistanda-ulus-kimlik-dis-politika-iliskisi\/","title":{"rendered":"\u00d6zbekistan&#8217;da Ulus Kimlik &#8211; D\u0131\u015f Politika \u0130li\u015fkisi"},"content":{"rendered":"<p>Kazanl\u0131 me\u015fhur T\u00fcrk-Tatar siyaset adam\u0131 Ayaz \u0130shaki, 20. y\u00fczy\u0131l ba\u015f\u0131nda geldi\u011fi \u0130stanbul\u2019da Osmanl\u0131 T\u00fcrklerinin \u201cRusya \u0130slamlar\u0131-Rusya\u2019da ya\u015fayan T\u00fcrk kavimleri\u201d hakk\u0131ndaki bilgilerinin gayet az ve bu bilgilerin do\u011frulu\u011funun da \u015f\u00fcpheli oldu\u011funu ifade ediyor.Ne yaz\u0131k ki aradan ge\u00e7en s\u00fcre zarf\u0131nda kaydedilen b\u00fct\u00fcn geli\u015fmelere ve Orta Asya T\u00fcrk Cumhuriyetleri\u2019nin ba\u011f\u0131ms\u0131zl\u0131klar\u0131n\u0131 kazanmalar\u0131n\u0131n \u00fczerinden hat\u0131r\u0131 say\u0131l\u0131r bir zaman ge\u00e7mesine ra\u011fmen bu \u201cbilgi noksanl\u0131\u011f\u0131n\u0131n\u201d tam anlam\u0131yla izale edildi\u011fini s\u00f6ylemek m\u00fcmk\u00fcn de\u011fildir.Elinizdeki kitap, T\u00fcrk d\u00fcnyas\u0131n\u0131n en ba\u015fat devletlerinden \u00d6zbekistan\u2019\u0131 daha iyi anlama aray\u0131\u015flar\u0131na bir katk\u0131 sunma \u00e7abas\u0131 olarak g\u00f6r\u00fclebilir.T\u00fcrkiye\u2019nin T\u00fcrk d\u00fcnyas\u0131n\u0131 nas\u0131l alg\u0131lad\u0131\u011f\u0131 kadar, belki de daha fazla, bu co\u011frafyadaki halklar\u0131n ve devletlerin kendilerini nas\u0131l tan\u0131mlad\u0131klar\u0131 \u00f6nem ta\u015f\u0131maktad\u0131r.Tan\u0131mak ve bilmek hem s\u00f6z konusu T\u00fcrk halklar\u0131n\u0131 iyi anlamam\u0131z\u0131 hem Orta Asya T\u00fcrk devletlerine y\u00f6nelik sa\u011flam zemine dayanan ger\u00e7ek\u00e7i politikalar geli\u015ftirilmesini sa\u011flayacakt\u0131r. Bu eser bahsetti\u011fimiz anlay\u0131\u015ftan hareketle \u00d6zbek ulus kimli\u011fini tarihi geli\u015fimi \u00e7er\u00e7evesinde inceleyerek; ba\u011f\u0131ms\u0131z \u00d6zbekistan\u2019\u0131n d\u0131\u015f politika tercihleri \u00fczerindeki etkisine odaklanmaktad\u0131r.<\/p>\n","protected":false},"excerpt":{"rendered":"<p>Kazanl\u0131 me\u015fhur T\u00fcrk-Tatar siyaset adam\u0131 Ayaz \u0130shaki, 20. y\u00fczy\u0131l ba\u015f\u0131nda geldi\u011fi \u0130stanbul\u2019da Osmanl\u0131 T\u00fcrklerinin \u201cRusya \u0130slamlar\u0131-Rusya\u2019da ya\u015fayan T\u00fcrk kavimleri\u201d hakk\u0131ndaki bilgilerinin gayet az ve bu bilgilerin<span class=\"excerpt-hellip\"> [\u2026]<\/span><\/p>\n","protected":false},"featured_media":0,"template":"","meta":{"_monsterinsights_skip_tracking":false,"_monsterinsights_sitenote_active":false,"_monsterinsights_sitenote_note":"","_monsterinsights_sitenote_category":0},"product_brand":[],"product_cat":[12337,17225],"product_tag":[],"class_list":{"0":"post-721968","1":"product","2":"type-product","3":"status-publish","5":"product_cat-politika-siyaset","6":"product_cat-uluslararasi-iliskiler","7":"pa_cilt-ciltsiz","8":"pa_tur-kitap","9":"pa_yayinevi-otuken-nesriyat","10":"pa_yazar-turhan-dilmac","12":"first","13":"instock","14":"sale","15":"shipping-taxable","16":"purchasable","17":"product-type-simple"},"_links":{"self":[{"href":"https:\/\/roveyayinevi.com.tr\/index.php\/wp-json\/wp\/v2\/product\/721968","targetHints":{"allow":["GET"]}}],"collection":[{"href":"https:\/\/roveyayinevi.com.tr\/index.php\/wp-json\/wp\/v2\/product"}],"about":[{"href":"https:\/\/roveyayinevi.com.tr\/index.php\/wp-json\/wp\/v2\/types\/product"}],"wp:attachment":[{"href":"https:\/\/roveyayinevi.com.tr\/index.php\/wp-json\/wp\/v2\/media?parent=721968"}],"wp:term":[{"taxonomy":"product_brand","embeddable":true,"href":"https:\/\/roveyayinevi.com.tr\/index.php\/wp-json\/wp\/v2\/product_brand?post=721968"},{"taxonomy":"product_cat","embeddable":true,"href":"https:\/\/roveyayinevi.com.tr\/index.php\/wp-json\/wp\/v2\/product_cat?post=721968"},{"taxonomy":"product_tag","embeddable":true,"href":"https:\/\/roveyayinevi.com.tr\/index.php\/wp-json\/wp\/v2\/product_tag?post=721968"}],"curies":[{"name":"wp","href":"https:\/\/api.w.org\/{rel}","templated":true}]}}