{"id":721965,"date":"2025-08-27T18:57:11","date_gmt":"2025-08-27T15:57:11","guid":{"rendered":"https:\/\/roveyayinevi.com.tr\/index.php\/urun\/milli-mecmua-sayi-1-ocak-subat-2018\/"},"modified":"2026-04-16T02:29:50","modified_gmt":"2026-04-15T23:29:50","slug":"milli-mecmua-sayi-1-ocak-subat-2018","status":"publish","type":"product","link":"https:\/\/roveyayinevi.com.tr\/index.php\/urun\/milli-mecmua-sayi-1-ocak-subat-2018\/","title":{"rendered":"Milli Mecmua Say\u0131 1 \/ Ocak &#8211; \u015eubat 2018"},"content":{"rendered":"<p>\u0130\u00c7\u0130NDEK\u0130LER\u00d6ns\u00f6z I\u00d6ns\u00f6z II Biyografi &amp; Ki\u015fili\u011fiAts\u0131z\/G\u00f6kt\u00fcrk \u00d6mer \u00c7ak\u0131r  Ats\u0131z-Sabahattin Ali Davas\u0131: Sanc\u0131dan Bayrama \u201c3 May\u0131s\u201d\/Selim Y\u0131ld\u0131zUlusal Bas\u0131nda Ats\u0131z\u2019\u0131n Yank\u0131lar\u0131\/Serkan Akg\u00f6zH\u00fcseyin Nihal-Erken \u00c7ocukluk Y\u0131llar\u0131\/Misli Baydo\u011fan1944-1945 Irk\u00e7\u0131l\u0131k Turanc\u0131l\u0131k Davas\u0131 Tefrikas\u0131\/Fatih Orta  Edebi Ki\u015fili\u011fi\u201cAtl\u0131y\u0131 At\u0131ndan \u0130ndiren Kalem S\u00e2hibi\u201d\/Turgut G\u00fcler Ats\u0131z\u2019\u0131n \u00d6yk\u00fcleri\/Elif Davarc\u0131 Bozkurtlar\/Hasan Erimez1 Ruh Adam Roman\u0131nda Arketipler Ve Metinleraras\u0131l\u0131k\/Metin Sava\u015f Kavgalar\u0131n G\u00f6lgesinde Kalan \u015eair\/Talat \u00dclker Ruh Adam Roman\u0131nda Otobiyografik Unsurlar\/Metin Sava\u015f Yeniden Do\u011fu\u015f Bi\u00e7imleri Ve Ruh Adam Roman\u0131\/\u015eamil Ye\u015filyurt Ruh Adam\u0131n Halet-\u0130 Ruhiyesi\/Misli Baydo\u011fan Ruh Adam \u015eizofren Midir?\/Metin Sava\u015f  Tarih\u00e7ilikAts\u0131z Ve \u0130sl\u00e2miyet \u00d6ncesi T\u00fcrk Tarihine Bak\u0131\u015f\u0131\/Volkan \u00d6zkan H\u00fcseyin Nih\u00e2l Ats\u0131z\u2019\u0131n Sel\u00e7uklu Tarihine Bak\u0131\u015f\u0131\/Yasin Usta Ats\u0131z\u2019\u0131n \u00c7evirileri Ve Osmanl\u0131\u2019ya Bak\u0131\u015f\u0131\/Mehmet \u00c7al\u0131\u015fkanNih\u00e2l Ats\u0131z\u2019\u0131n T\u00e2rih Alg\u0131s\u0131 Ve T\u00fcrk T\u00e2rihi Hakk\u0131ndaki G\u00f6r\u00fc\u015fleri\/ Murat Y\u0131lmaz MukayeselerH\u00fcseyin Nihal Ats\u0131z Ve Dilaver Cebeci \u015eiirinde G\u00f6z Tema\u2019s\u0131 Etraf\u0131nda Be\u015feri A\u015fk\/Mustafa Efeo\u011fluT\u00fcrk Destanlar\u0131 Ve \u201cBozkurtlar\u0131n Destan\u0131\u201d \u00dczerine\/Hakan Y\u0131ld\u0131r\u0131mSerdenge\u00e7ti Aynas\u0131ndan Ats\u0131zca Yans\u0131malar\/Hasan T\u00fclkayBirka\u00e7 Hat\u0131ran\u0131n G\u00f6lgesi Alt\u0131nda\/\u00d6mer Yasin Y\u0131ld\u0131zAlman Ve T\u00fcrk Milliyet\u00e7ili\u011fi: Herder-Fichte Ve Nih\u00e2l Ats\u0131z \u00d6rne\u011fi\u00dczerinden Bir Muk\u00e2yese Denemesi\/Mustafa AcunH.Nihal Ats\u0131z &amp; Nurettin Top\u00e7u Yollar Nereye Gider?\/Av. Adil \u00d6zcanAts\u0131z Ve R\u0131za Nur\/Ozan Karabulak186Bir M\u00fcd\u00e2f\u00ee Bir M\u00fctereddit:Nih\u00e2l Ats\u0131z Ve Pey\u00e2mi Saf\u00e2 M\u00fcn\u00e2sebetine D\u00e2ir\/ Ahmet Alperen Can.195 Nih\u00e2l Ats\u0131z &#8211; Nurettin Top\u00e7u Ve Millet\/L\u00fctfi Bergen FikirAts\u0131z Ve Ahl\u00e2k\/Kutlu Altay KocaovaAts\u0131z Ve \u0130slamc\u0131l\u0131k\/Ka\u011fan Bahad\u0131r K\u00fc\u00e7\u00fckalcan\u201cAts\u0131z Ve Din\u201d \u00dczerine Panoramik Bir Bak\u0131\u015f\/Ferit Salim \u015eanl\u0131H\u00fcseyin Nih\u00e2l Ats\u0131z\u2019\u0131n Devlet \u015euuru Ve \u0130stikbaldeki Devlet Tasavvuru\/O\u011fuzhan Murat \u00d6zt\u00fcrkNih\u00e2l Ats\u0131z\u2019\u0131n Mevl\u00e2n\u00e2\u2019ya Bak\u0131\u015f\u0131\/Do\u011fukan Oru\u00e7.255 Orkun Dergisinde Rejim Tart\u0131\u015fmalar\u0131\/Erhan Sand\u0131k\u00e7\u0131.273  DenemelerAts\u0131z\/Tan\u0131l BoraAts\u0131z Portresinin Tamamlanmas\u0131 \u00dczerine D\u00fc\u015f\u00fcnceler Ve Yeni Bir Formla Ats\u0131z\u2019\u0131 Anlatmak \u00d6nerisi\/G\u00f6kt\u00fcrk \u00d6mer \u00c7ak\u0131rGer\u00e7ek Bir Er Ki\u015fi\/Ya\u011f\u0131z G\u00f6n\u00fcler20. Y\u00fczy\u0131l\u0131n K\u00fcr \u015ead\u2019\u0131 Ats\u0131z\/Mustafa Yi\u011fitAts\u0131z\u2019\u0131n Bir M\u0131sra\u0131 \u00dczerine\/H\u00fcseyin Faz\u0131l HikmetBulan\u0131k Bir \u00c7a\u011fda Berrak Bir Duru\u015f\/Ebubekir Kurban Ele\u015ftiri\u201cVaktiyle Bir Ats\u0131z Varm\u0131\u015f\u201d; Art\u0131k Yok!-1\/G\u00f6kt\u00fcrk \u00d6mer \u00c7ak\u0131r\u201cVaktiyle Bir Ats\u0131z Varm\u0131\u015f\u201d; Art\u0131k Yok!-2\/Kutlu Altay KocaovaSol\u2019un Ats\u0131z \u0130mgelemi(Ni Sallamak)\/Murat Y\u0131lmaz R\u00f6portajProf. Dr. Ahmet Bican Ercilasun \u0130le H\u00fcseyin Nihal Ats\u0131z \u00dczerine BirR\u00f6portaj : Zeynel Abidin Polat Kronoloji<\/p>\n","protected":false},"excerpt":{"rendered":"<p>\u0130\u00c7\u0130NDEK\u0130LER\u00d6ns\u00f6z I\u00d6ns\u00f6z II Biyografi &amp; Ki\u015fili\u011fiAts\u0131z\/G\u00f6kt\u00fcrk \u00d6mer \u00c7ak\u0131r Ats\u0131z-Sabahattin Ali Davas\u0131: Sanc\u0131dan Bayrama \u201c3 May\u0131s\u201d\/Selim Y\u0131ld\u0131zUlusal Bas\u0131nda Ats\u0131z\u2019\u0131n Yank\u0131lar\u0131\/Serkan Akg\u00f6zH\u00fcseyin Nihal-Erken \u00c7ocukluk Y\u0131llar\u0131\/Misli Baydo\u011fan1944-1945 Irk\u00e7\u0131l\u0131k Turanc\u0131l\u0131k<span class=\"excerpt-hellip\"> [\u2026]<\/span><\/p>\n","protected":false},"featured_media":0,"template":"","meta":{"_monsterinsights_skip_tracking":false,"_monsterinsights_sitenote_active":false,"_monsterinsights_sitenote_note":"","_monsterinsights_sitenote_category":0},"product_brand":[],"product_cat":[13527,14356],"product_tag":[],"class_list":{"0":"post-721965","1":"product","2":"type-product","3":"status-publish","5":"product_cat-sureli-yayinlar","6":"product_cat-tarih-sureli-yayinlar","7":"pa_cilt-ciltsiz","8":"pa_tur-dergi","9":"pa_yayinevi-otuken-nesriyat","10":"pa_yazar-kolektif","12":"first","13":"instock","14":"sale","15":"shipping-taxable","16":"purchasable","17":"product-type-simple"},"_links":{"self":[{"href":"https:\/\/roveyayinevi.com.tr\/index.php\/wp-json\/wp\/v2\/product\/721965","targetHints":{"allow":["GET"]}}],"collection":[{"href":"https:\/\/roveyayinevi.com.tr\/index.php\/wp-json\/wp\/v2\/product"}],"about":[{"href":"https:\/\/roveyayinevi.com.tr\/index.php\/wp-json\/wp\/v2\/types\/product"}],"wp:attachment":[{"href":"https:\/\/roveyayinevi.com.tr\/index.php\/wp-json\/wp\/v2\/media?parent=721965"}],"wp:term":[{"taxonomy":"product_brand","embeddable":true,"href":"https:\/\/roveyayinevi.com.tr\/index.php\/wp-json\/wp\/v2\/product_brand?post=721965"},{"taxonomy":"product_cat","embeddable":true,"href":"https:\/\/roveyayinevi.com.tr\/index.php\/wp-json\/wp\/v2\/product_cat?post=721965"},{"taxonomy":"product_tag","embeddable":true,"href":"https:\/\/roveyayinevi.com.tr\/index.php\/wp-json\/wp\/v2\/product_tag?post=721965"}],"curies":[{"name":"wp","href":"https:\/\/api.w.org\/{rel}","templated":true}]}}

Milli Mecmua Sayı 1 / Ocak &#8211; Şubat 2018

<p>İÇİNDEKİLERÖnsöz IÖnsöz II Biyografi &amp; KişiliğiAtsız/Göktürk Ömer Çakır  Atsız-Sabahattin Ali Davası: Sancıdan Bayrama “3 Mayıs”/Selim YıldızUlusal Basında Atsız’ın Yankıları/Serkan AkgözHüseyin Nihal-Erken Çocukluk Yılları/Misli Baydoğan1944-1945 Irkçılık Turancılık Davası Tefrikası/Fatih Orta  Edebi Kişiliği“Atlıyı Atından İndiren Kalem Sâhibi”/Turgut Güler Atsız’ın Öyküleri/Elif Davarcı Bozkurtlar/Hasan Erimez1 Ruh Adam Romanında Arketipler Ve Metinlerarasılık/Metin Savaş Kavgaların Gölgesinde Kalan Şair/Talat Ülker Ruh Adam Romanında Otobiyografik Unsurlar/Metin Savaş Yeniden Doğuş Biçimleri Ve Ruh Adam Romanı/Şamil Yeşilyurt Ruh Adamın Halet-İ Ruhiyesi/Misli Baydoğan Ruh Adam Şizofren Midir?/Metin Savaş  TarihçilikAtsız Ve İslâmiyet Öncesi Türk Tarihine Bakışı/Volkan Özkan Hüseyin Nihâl Atsız’ın Selçuklu Tarihine Bakışı/Yasin Usta Atsız’ın Çevirileri Ve Osmanlı’ya Bakışı/Mehmet ÇalışkanNihâl Atsız’ın Târih Algısı Ve Türk Târihi Hakkındaki Görüşleri/ Murat Yılmaz MukayeselerHüseyin Nihal Atsız Ve Dilaver Cebeci Şiirinde Göz Tema’sı Etrafında Beşeri Aşk/Mustafa EfeoğluTürk Destanları Ve “Bozkurtların Destanı” Üzerine/Hakan YıldırımSerdengeçti Aynasından Atsızca Yansımalar/Hasan TülkayBirkaç Hatıranın Gölgesi Altında/Ömer Yasin YıldızAlman Ve Türk Milliyetçiliği: Herder-Fichte Ve Nihâl Atsız ÖrneğiÜzerinden Bir Mukâyese Denemesi/Mustafa AcunH.Nihal Atsız &amp; Nurettin Topçu Yollar Nereye Gider?/Av. Adil ÖzcanAtsız Ve Rıza Nur/Ozan Karabulak186Bir Müdâfî Bir Mütereddit:Nihâl Atsız Ve Peyâmi Safâ Münâsebetine Dâir/ Ahmet Alperen Can.195 Nihâl Atsız &#8211; Nurettin Topçu Ve Millet/Lütfi Bergen FikirAtsız Ve Ahlâk/Kutlu Altay KocaovaAtsız Ve İslamcılık/Kağan Bahadır Küçükalcan“Atsız Ve Din” Üzerine Panoramik Bir Bakış/Ferit Salim ŞanlıHüseyin Nihâl Atsız’ın Devlet Şuuru Ve İstikbaldeki Devlet Tasavvuru/Oğuzhan Murat ÖztürkNihâl Atsız’ın Mevlânâ’ya Bakışı/Doğukan Oruç.255 Orkun Dergisinde Rejim Tartışmaları/Erhan Sandıkçı.273  DenemelerAtsız/Tanıl BoraAtsız Portresinin Tamamlanması Üzerine Düşünceler Ve Yeni Bir Formla Atsız’ı Anlatmak Önerisi/Göktürk Ömer ÇakırGerçek Bir Er Kişi/Yağız Gönüler20. Yüzyılın Kür Şad’ı Atsız/Mustafa YiğitAtsız’ın Bir Mısraı Üzerine/Hüseyin Fazıl HikmetBulanık Bir Çağda Berrak Bir Duruş/Ebubekir Kurban Eleştiri“Vaktiyle Bir Atsız Varmış”; Artık Yok!-1/Göktürk Ömer Çakır“Vaktiyle Bir Atsız Varmış”; Artık Yok!-2/Kutlu Altay KocaovaSol’un Atsız İmgelemi(Ni Sallamak)/Murat Yılmaz RöportajProf. Dr. Ahmet Bican Ercilasun İle Hüseyin Nihal Atsız Üzerine BirRöportaj : Zeynel Abidin Polat Kronoloji</p>

<p>İÇİNDEKİLERÖnsöz IÖnsöz II Biyografi &amp; KişiliğiAtsız/Göktürk Ömer Çakır Atsız-Sabahattin Ali Davası: Sancıdan Bayrama “3 Mayıs”/Selim YıldızUlusal Basında Atsız’ın Yankıları/Serkan AkgözHüseyin Nihal-Erken Çocukluk Yılları/Misli Baydoğan1944-1945 Irkçılık Turancılık<span class="excerpt-hellip"> […]</span></p>
