{"id":721958,"date":"2025-08-27T18:57:06","date_gmt":"2025-08-27T15:57:06","guid":{"rendered":"https:\/\/roveyayinevi.com.tr\/index.php\/urun\/il-ozel-idaresinin-organlari\/"},"modified":"2026-04-16T02:29:49","modified_gmt":"2026-04-15T23:29:49","slug":"il-ozel-idaresinin-organlari","status":"publish","type":"product","link":"https:\/\/roveyayinevi.com.tr\/index.php\/urun\/il-ozel-idaresinin-organlari\/","title":{"rendered":"\u0130l \u00d6zel \u0130daresinin Organlar\u0131"},"content":{"rendered":"<p>\u0130L \u00d6ZEL \u0130DARES\u0130N\u0130N ORGANLARI   \u0130l \u00f6zel idaresi, il halk\u0131n\u0131n mahall\u00ee m\u00fc\u015fterek nitelikteki ihtiya\u00e7lar\u0131n\u0131 kar\u015f\u0131lamak \u00fczere kurulan ve karar organ\u0131 se\u00e7menler taraf\u0131ndan se\u00e7ilerek olu\u015fturulan, idar\u00ee ve mal\u00ee \u00f6zerkli\u011fe sahip kamu t\u00fczel ki\u015fisidir. \u0130l \u00f6zel idaresinin organlar\u0131; il genel meclisi, il enc\u00fcmeni ve validen olu\u015fur. \u0130l \u00f6zel idaresi, ilin kurulmas\u0131na dair kanunla kurulur ve ilin kald\u0131r\u0131lmas\u0131yla t\u00fczel ki\u015fili\u011fi sona erer. Ancak, 2012 y\u0131l\u0131nda yay\u0131mlanan 6360 say\u0131l\u0131 Kanunla b\u00fcy\u00fck\u015fehirlerde il \u00f6zel idarelerinin t\u00fczel ki\u015fili\u011finin kald\u0131r\u0131lmas\u0131 \u00f6ng\u00f6r\u00fclm\u00fc\u015f ve 2014 y\u0131l\u0131 mahalli se\u00e7imlerinden sonra b\u00fcy\u00fck\u015fehir olan 30 ilde uygulamaya ge\u00e7mi\u015ftir. 2019 y\u0131l\u0131 itibar\u0131yla 51 ilde il \u00f6zel idaresi bulunmaktad\u0131r. Bu \u00e7al\u0131\u015fma il \u00f6zel idaresini konu almaktad\u0131r. Amac\u0131, organlar\u0131 ba\u015fta olmak \u00fczere il \u00f6zel idaresini \u00e7ok y\u00f6nl\u00fc olarak incelemektir. Bu ama\u00e7 do\u011frultusunda ayr\u0131nt\u0131lara fazla yer verilmeden il genel meclis, il enc\u00fcmeni ve valinin g\u00f6rev, yetki ve sorumluluklar\u0131 ele al\u0131nmaktad\u0131r. Ayr\u0131ca birbirleri ile etkile\u015fimleri a\u00e7\u0131klanmaktad\u0131r. <\/p>\n","protected":false},"excerpt":{"rendered":"<p>\u0130L \u00d6ZEL \u0130DARES\u0130N\u0130N ORGANLARI \u0130l \u00f6zel idaresi, il halk\u0131n\u0131n mahall\u00ee m\u00fc\u015fterek nitelikteki ihtiya\u00e7lar\u0131n\u0131 kar\u015f\u0131lamak \u00fczere kurulan ve karar organ\u0131 se\u00e7menler taraf\u0131ndan se\u00e7ilerek olu\u015fturulan, idar\u00ee ve mal\u00ee<span class=\"excerpt-hellip\"> [\u2026]<\/span><\/p>\n","protected":false},"featured_media":0,"template":"","meta":{"_monsterinsights_skip_tracking":false,"_monsterinsights_sitenote_active":false,"_monsterinsights_sitenote_note":"","_monsterinsights_sitenote_category":0},"product_brand":[],"product_cat":[13043,19008],"product_tag":[],"class_list":{"0":"post-721958","1":"product","2":"type-product","3":"status-publish","5":"product_cat-ekonomi","6":"product_cat-yonetim","7":"pa_cilt-ciltsiz","8":"pa_tur-kitap","9":"pa_yayinevi-tiav","10":"pa_yazar-enver-salihoglu","12":"first","13":"instock","14":"sale","15":"shipping-taxable","16":"purchasable","17":"product-type-simple"},"_links":{"self":[{"href":"https:\/\/roveyayinevi.com.tr\/index.php\/wp-json\/wp\/v2\/product\/721958","targetHints":{"allow":["GET"]}}],"collection":[{"href":"https:\/\/roveyayinevi.com.tr\/index.php\/wp-json\/wp\/v2\/product"}],"about":[{"href":"https:\/\/roveyayinevi.com.tr\/index.php\/wp-json\/wp\/v2\/types\/product"}],"wp:attachment":[{"href":"https:\/\/roveyayinevi.com.tr\/index.php\/wp-json\/wp\/v2\/media?parent=721958"}],"wp:term":[{"taxonomy":"product_brand","embeddable":true,"href":"https:\/\/roveyayinevi.com.tr\/index.php\/wp-json\/wp\/v2\/product_brand?post=721958"},{"taxonomy":"product_cat","embeddable":true,"href":"https:\/\/roveyayinevi.com.tr\/index.php\/wp-json\/wp\/v2\/product_cat?post=721958"},{"taxonomy":"product_tag","embeddable":true,"href":"https:\/\/roveyayinevi.com.tr\/index.php\/wp-json\/wp\/v2\/product_tag?post=721958"}],"curies":[{"name":"wp","href":"https:\/\/api.w.org\/{rel}","templated":true}]}}

İl Özel İdaresinin Organları

<p>İL ÖZEL İDARESİNİN ORGANLARI   İl özel idaresi, il halkının mahallî müşterek nitelikteki ihtiyaçlarını karşılamak üzere kurulan ve karar organı seçmenler tarafından seçilerek oluşturulan, idarî ve malî özerkliğe sahip kamu tüzel kişisidir. İl özel idaresinin organları; il genel meclisi, il encümeni ve validen oluşur. İl özel idaresi, ilin kurulmasına dair kanunla kurulur ve ilin kaldırılmasıyla tüzel kişiliği sona erer. Ancak, 2012 yılında yayımlanan 6360 sayılı Kanunla büyükşehirlerde il özel idarelerinin tüzel kişiliğinin kaldırılması öngörülmüş ve 2014 yılı mahalli seçimlerinden sonra büyükşehir olan 30 ilde uygulamaya geçmiştir. 2019 yılı itibarıyla 51 ilde il özel idaresi bulunmaktadır. Bu çalışma il özel idaresini konu almaktadır. Amacı, organları başta olmak üzere il özel idaresini çok yönlü olarak incelemektir. Bu amaç doğrultusunda ayrıntılara fazla yer verilmeden il genel meclis, il encümeni ve valinin görev, yetki ve sorumlulukları ele alınmaktadır. Ayrıca birbirleri ile etkileşimleri açıklanmaktadır. </p>

<p>İL ÖZEL İDARESİNİN ORGANLARI İl özel idaresi, il halkının mahallî müşterek nitelikteki ihtiyaçlarını karşılamak üzere kurulan ve karar organı seçmenler tarafından seçilerek oluşturulan, idarî ve malî<span class="excerpt-hellip"> […]</span></p>
