{"id":721943,"date":"2025-08-27T18:56:55","date_gmt":"2025-08-27T15:56:55","guid":{"rendered":"https:\/\/roveyayinevi.com.tr\/index.php\/urun\/para-antik-cagdan-gelecege\/"},"modified":"2026-04-16T02:29:49","modified_gmt":"2026-04-15T23:29:49","slug":"para-antik-cagdan-gelecege","status":"publish","type":"product","link":"https:\/\/roveyayinevi.com.tr\/index.php\/urun\/para-antik-cagdan-gelecege\/","title":{"rendered":"Para &#8211; Antik \u00c7a\u011fdan Gelece\u011fe"},"content":{"rendered":"<p>Para yokken insan vard\u0131 fakat insanl\u0131k tarihi parayla ba\u015flad\u0131.O halde \u015fimdiye kadar yap\u0131lmam\u0131\u015f bir \u015fey yap\u0131labilir; insanl\u0131k tarihi \u201cpara\u201d olgusu merkeze konularak yaz\u0131labilirdi.Antik \u00c7a\u011fdan Gelece\u011fe PARA\u2019da, paran\u0131n iktidar ili\u015fkilerine, mitlere, toplumsal hayat\u0131n \u00f6rg\u00fctlenme bi\u00e7imlerine uzanan etkilerini g\u00f6rmek, \u00e7o\u011fu yerde k\u00fc\u00e7\u00fck anekdotlar bi\u00e7imde anlat\u0131lan hadiselere \u015fahitlik etmek ger\u00e7ek bir okuma zevki veriyor.\u00c7o\u011fumuzun zihninde soyut ve \u2018kaydi\u2019 bir anlam d\u00fcnyas\u0131na i\u015faret eden \u2018para\u2019n\u0131n tarihi seyir i\u00e7indeki etkilerini b\u00fct\u00fcnl\u00fckl\u00fc bir bak\u0131\u015f a\u00e7\u0131s\u0131yla g\u00f6steren Dursun Ali Yaz, bug\u00fcne kadar ortaya konmam\u0131\u015f bir bak\u0131\u015f a\u00e7\u0131s\u0131yla ge\u00e7mi\u015ften gelece\u011fe paran\u0131n yaz\u0131lmam\u0131\u015f tarihini kaleme al\u0131yor. \u201cBinlerce y\u0131ll\u0131k uygarl\u0131k yolculu\u011funda bizleri yaln\u0131z b\u0131rakmayan tek \u015fey parayd\u0131. \u0130\u015fte bu kitap, antik \u00e7a\u011fdan emekleyerek yola \u00e7\u0131k\u0131p \u015fimdilerde \u0131\u015f\u0131k h\u0131z\u0131na eri\u015fen paran\u0131n muhte\u015fem ser\u00fcvenini merak edenler i\u00e7in yaz\u0131ld\u0131.\u201dDursun Ali Yaz\u201c11.000 y\u0131ld\u0131r kulland\u0131\u011f\u0131m\u0131z para t\u00fcrlerini bilim ve ak\u0131l ele\u011finden ge\u00e7iren yazar, para olgusunu Trampa Para, Mal Para, Tart\u0131 Para, Madeni Para, K\u00e2\u011f\u0131t Para ve Sanal Para olmak \u00fczere alt\u0131 kategoriye ay\u0131r\u0131yor. Paran\u0131n ruhu, \u00f6z\u00fc ve \u015feklini baz alarak yapt\u0131\u011f\u0131 bu ay\u0131r\u0131m\u0131n para felsefesinde yepyeni bir sayfa a\u00e7aca\u011f\u0131na inan\u0131yorum. Uzun ve disiplinli bir \u00e7al\u0131\u015fmayla ortaya \u00e7\u0131kard\u0131\u011f\u0131 eser, paran\u0131n yaln\u0131zca tarihini de\u011fil servet ve devlet kavramlar\u0131yla ili\u015fkisini sosyolojik, k\u00fclt\u00fcrel ve y\u00f6netsel a\u00e7\u0131dan irdeliyor.&#8221;Dr. Y\u0131lmaz Arg\u00fcden<\/p>\n","protected":false},"excerpt":{"rendered":"<p>Para yokken insan vard\u0131 fakat insanl\u0131k tarihi parayla ba\u015flad\u0131.O halde \u015fimdiye kadar yap\u0131lmam\u0131\u015f bir \u015fey yap\u0131labilir; insanl\u0131k tarihi \u201cpara\u201d olgusu merkeze konularak yaz\u0131labilirdi.Antik \u00c7a\u011fdan Gelece\u011fe PARA\u2019da,<span class=\"excerpt-hellip\"> [\u2026]<\/span><\/p>\n","protected":false},"featured_media":0,"template":"","meta":{"_monsterinsights_skip_tracking":false,"_monsterinsights_sitenote_active":false,"_monsterinsights_sitenote_note":"","_monsterinsights_sitenote_category":0},"product_brand":[],"product_cat":[13005,13006],"product_tag":[],"class_list":{"0":"post-721943","1":"product","2":"type-product","3":"status-publish","5":"product_cat-bilim-muhendislik","6":"product_cat-populer-bilim","7":"pa_cilt-ciltsiz","8":"pa_tur-kitap","9":"pa_yayinevi-timas-yayinlari","10":"pa_yazar-dursun-ali-yaz","12":"first","13":"instock","14":"sale","15":"shipping-taxable","16":"purchasable","17":"product-type-simple"},"_links":{"self":[{"href":"https:\/\/roveyayinevi.com.tr\/index.php\/wp-json\/wp\/v2\/product\/721943","targetHints":{"allow":["GET"]}}],"collection":[{"href":"https:\/\/roveyayinevi.com.tr\/index.php\/wp-json\/wp\/v2\/product"}],"about":[{"href":"https:\/\/roveyayinevi.com.tr\/index.php\/wp-json\/wp\/v2\/types\/product"}],"wp:attachment":[{"href":"https:\/\/roveyayinevi.com.tr\/index.php\/wp-json\/wp\/v2\/media?parent=721943"}],"wp:term":[{"taxonomy":"product_brand","embeddable":true,"href":"https:\/\/roveyayinevi.com.tr\/index.php\/wp-json\/wp\/v2\/product_brand?post=721943"},{"taxonomy":"product_cat","embeddable":true,"href":"https:\/\/roveyayinevi.com.tr\/index.php\/wp-json\/wp\/v2\/product_cat?post=721943"},{"taxonomy":"product_tag","embeddable":true,"href":"https:\/\/roveyayinevi.com.tr\/index.php\/wp-json\/wp\/v2\/product_tag?post=721943"}],"curies":[{"name":"wp","href":"https:\/\/api.w.org\/{rel}","templated":true}]}}