{"id":721927,"date":"2025-08-27T18:56:45","date_gmt":"2025-08-27T15:56:45","guid":{"rendered":"https:\/\/roveyayinevi.com.tr\/index.php\/urun\/gumus-patenler-gokkusagi-cep-kitap\/"},"modified":"2026-04-16T02:29:49","modified_gmt":"2026-04-15T23:29:49","slug":"gumus-patenler-gokkusagi-cep-kitap","status":"publish","type":"product","link":"https:\/\/roveyayinevi.com.tr\/index.php\/urun\/gumus-patenler-gokkusagi-cep-kitap\/","title":{"rendered":"G\u00fcm\u00fc\u015f Patenler (G\u00f6kku\u015fa\u011f\u0131 Cep Kitap)"},"content":{"rendered":"<p>Raff Brinker ge\u00e7irdi\u011fi bir kaza sonucu yaralanm\u0131\u015f ve belle\u011fini yitirmi\u015ftir. Babalar\u0131n\u0131n zor g\u00fcnler i\u00e7in biriktirdi\u011fi alt\u0131nlar\u0131n yerini de kimse bilmiyordur. Bayan Brinker di\u011fer evlere temizli\u011fe giderek ve yapt\u0131\u011f\u0131 el i\u015flerini satarak kazand\u0131\u011f\u0131 parayla evini ge\u00e7indirmektedir. Aradan on y\u0131l ge\u00e7er.   Hans 15, Gretel ise 12 ya\u015f\u0131ndad\u0131r art\u0131k. \u0130ki karde\u015f, ev i\u015flerinden ve \u00e7al\u0131\u015fmaktan arta kalan 1-2 saatlik zamanlar\u0131nda paten kaymaktan b\u00fcy\u00fck keyif almaktad\u0131rlar. Ancak ger\u00e7ek patenler almak i\u00e7in paralar\u0131 yoktur ve tahtadan yapt\u0131klar\u0131 patenlerle kaymak da \u00e7ok zordur\u2026   Belediye Ba\u015fkan\u0131 k\u0131z\u0131n\u0131n do\u011fum g\u00fcn\u00fc i\u00e7in bir paten yar\u0131\u015fmas\u0131 d\u00fczenler. Acaba Hans ve Gretel, kasabada d\u00fczenlenen ve kazanana g\u00fcm\u00fc\u015f patenler verilecek olan bu yar\u0131\u015fmaya kat\u0131labilecek midir?   Babalar\u0131 bir g\u00fcn iyile\u015febilecek midir? Mary E. Mapes Dodge, \u00e7ocuk klasikleri aras\u0131nda kabul edilen G\u00fcm\u00fc\u015f Patenler&#8217;de, sizleri so\u011fuk bir Hollanda k\u0131\u015f\u0131nda kalpleri sevgiyle dolu insanlar\u0131n s\u0131cac\u0131k hik\u00e2yelerini payla\u015fmaya davet ediyor.<\/p>\n","protected":false},"excerpt":{"rendered":"<p>Raff Brinker ge\u00e7irdi\u011fi bir kaza sonucu yaralanm\u0131\u015f ve belle\u011fini yitirmi\u015ftir. Babalar\u0131n\u0131n zor g\u00fcnler i\u00e7in biriktirdi\u011fi alt\u0131nlar\u0131n yerini de kimse bilmiyordur. Bayan Brinker di\u011fer evlere temizli\u011fe giderek<span class=\"excerpt-hellip\"> [\u2026]<\/span><\/p>\n","protected":false},"featured_media":0,"template":"","meta":{"_monsterinsights_skip_tracking":false,"_monsterinsights_sitenote_active":false,"_monsterinsights_sitenote_note":"","_monsterinsights_sitenote_category":0},"product_brand":[],"product_cat":[12274,12467],"product_tag":[],"class_list":{"0":"post-721927","1":"product","2":"type-product","3":"status-publish","5":"product_cat-cocuk-ve-genclik-kitaplari","6":"product_cat-dunya-klasikleri","7":"pa_cilt-ciltsiz","8":"pa_tur-kitap","9":"pa_yayinevi-arkadas-yayinlari","10":"pa_yazar-mary-e-mapes-dodge","12":"first","13":"instock","14":"sale","15":"shipping-taxable","16":"purchasable","17":"product-type-simple"},"_links":{"self":[{"href":"https:\/\/roveyayinevi.com.tr\/index.php\/wp-json\/wp\/v2\/product\/721927","targetHints":{"allow":["GET"]}}],"collection":[{"href":"https:\/\/roveyayinevi.com.tr\/index.php\/wp-json\/wp\/v2\/product"}],"about":[{"href":"https:\/\/roveyayinevi.com.tr\/index.php\/wp-json\/wp\/v2\/types\/product"}],"wp:attachment":[{"href":"https:\/\/roveyayinevi.com.tr\/index.php\/wp-json\/wp\/v2\/media?parent=721927"}],"wp:term":[{"taxonomy":"product_brand","embeddable":true,"href":"https:\/\/roveyayinevi.com.tr\/index.php\/wp-json\/wp\/v2\/product_brand?post=721927"},{"taxonomy":"product_cat","embeddable":true,"href":"https:\/\/roveyayinevi.com.tr\/index.php\/wp-json\/wp\/v2\/product_cat?post=721927"},{"taxonomy":"product_tag","embeddable":true,"href":"https:\/\/roveyayinevi.com.tr\/index.php\/wp-json\/wp\/v2\/product_tag?post=721927"}],"curies":[{"name":"wp","href":"https:\/\/api.w.org\/{rel}","templated":true}]}}