{"id":721926,"date":"2025-08-27T18:56:44","date_gmt":"2025-08-27T15:56:44","guid":{"rendered":"https:\/\/roveyayinevi.com.tr\/index.php\/urun\/demiryolu-cocuklari-gokkusagi-cep-kitap\/"},"modified":"2026-04-16T02:29:49","modified_gmt":"2026-04-15T23:29:49","slug":"demiryolu-cocuklari-gokkusagi-cep-kitap","status":"publish","type":"product","link":"https:\/\/roveyayinevi.com.tr\/index.php\/urun\/demiryolu-cocuklari-gokkusagi-cep-kitap\/","title":{"rendered":"Demiryolu \u00c7ocuklar\u0131 (G\u00f6kku\u015fa\u011f\u0131 Cep Kitap)"},"content":{"rendered":"<p>Babalar\u0131n\u0131n aniden evden ayr\u0131lmas\u0131 \u00fczerine Roberta, Peter ve Phyllis anneleriyle birlikte Londra&#8217;da mutluluk ve bolluk i\u00e7inde ya\u015fad\u0131klar\u0131 evlerini terk etmek zorunda kal\u0131rlar. Art\u0131k onlar\u0131 k\u00fc\u00e7\u00fck bir k\u00f6yde zor bir ya\u015fam beklemektedir. Ufac\u0131k bir kul\u00fcbeye yerle\u015firler. \u00dcstelik anneleri de \u00e7al\u0131\u015fmak zorundad\u0131r. \u00c7ocuklar\u0131n tek e\u011flencesi vard\u0131r: Kul\u00fcbelerinin yak\u0131n\u0131ndan ge\u00e7en demiryolu ve trenler\u2026 G\u00fcnler ge\u00e7tik\u00e7e \u00e7ocuklar\u0131n sakin k\u00f6y ya\u015fant\u0131s\u0131 hi\u00e7 beklenmedik bir \u015fekilde, yeni arkada\u015flarla ve yeni ser\u00fcvenlerle hareketlilik kazan\u0131r. Ancak kimseye belli etmese de anneleri hep \u00fcz\u00fcnt\u00fcl\u00fcd\u00fcr ve Roberta bu durumun fark\u0131ndad\u0131r. \u00c7ocuklar bir taraftan annelerinin ni\u00e7in \u00fcz\u00fcld\u00fc\u011f\u00fcn\u00fc merak ederken, di\u011fer taraftan da babalar\u0131n\u0131n s\u0131rr\u0131n\u0131 \u00e7\u00f6zmeye \u00e7al\u0131\u015fmaktad\u0131rlar. Peki, \u00e7ocuklar babalar\u0131n\u0131 bulup eski mutlu g\u00fcnlerine d\u00f6nebilecekler midir?<\/p>\n","protected":false},"excerpt":{"rendered":"<p>Babalar\u0131n\u0131n aniden evden ayr\u0131lmas\u0131 \u00fczerine Roberta, Peter ve Phyllis anneleriyle birlikte Londra&#8217;da mutluluk ve bolluk i\u00e7inde ya\u015fad\u0131klar\u0131 evlerini terk etmek zorunda kal\u0131rlar. Art\u0131k onlar\u0131 k\u00fc\u00e7\u00fck bir<span class=\"excerpt-hellip\"> [\u2026]<\/span><\/p>\n","protected":false},"featured_media":0,"template":"","meta":{"_monsterinsights_skip_tracking":false,"_monsterinsights_sitenote_active":false,"_monsterinsights_sitenote_note":"","_monsterinsights_sitenote_category":0},"product_brand":[],"product_cat":[12274,12467],"product_tag":[],"class_list":{"0":"post-721926","1":"product","2":"type-product","3":"status-publish","5":"product_cat-cocuk-ve-genclik-kitaplari","6":"product_cat-dunya-klasikleri","7":"pa_cilt-ciltsiz","8":"pa_tur-kitap","9":"pa_yayinevi-arkadas-yayinlari","10":"pa_yazar-edith-nesbit","12":"first","13":"instock","14":"sale","15":"shipping-taxable","16":"purchasable","17":"product-type-simple"},"_links":{"self":[{"href":"https:\/\/roveyayinevi.com.tr\/index.php\/wp-json\/wp\/v2\/product\/721926","targetHints":{"allow":["GET"]}}],"collection":[{"href":"https:\/\/roveyayinevi.com.tr\/index.php\/wp-json\/wp\/v2\/product"}],"about":[{"href":"https:\/\/roveyayinevi.com.tr\/index.php\/wp-json\/wp\/v2\/types\/product"}],"wp:attachment":[{"href":"https:\/\/roveyayinevi.com.tr\/index.php\/wp-json\/wp\/v2\/media?parent=721926"}],"wp:term":[{"taxonomy":"product_brand","embeddable":true,"href":"https:\/\/roveyayinevi.com.tr\/index.php\/wp-json\/wp\/v2\/product_brand?post=721926"},{"taxonomy":"product_cat","embeddable":true,"href":"https:\/\/roveyayinevi.com.tr\/index.php\/wp-json\/wp\/v2\/product_cat?post=721926"},{"taxonomy":"product_tag","embeddable":true,"href":"https:\/\/roveyayinevi.com.tr\/index.php\/wp-json\/wp\/v2\/product_tag?post=721926"}],"curies":[{"name":"wp","href":"https:\/\/api.w.org\/{rel}","templated":true}]}}