{"id":721920,"date":"2025-08-27T18:56:40","date_gmt":"2025-08-27T15:56:40","guid":{"rendered":"https:\/\/roveyayinevi.com.tr\/index.php\/urun\/maliyet-ve-yonetim-muhasebesi-tekduzene-uygun-bir-sistem-yaklasimi-ciltli\/"},"modified":"2026-04-16T02:29:49","modified_gmt":"2026-04-15T23:29:49","slug":"maliyet-ve-yonetim-muhasebesi-tekduzene-uygun-bir-sistem-yaklasimi-ciltli","status":"publish","type":"product","link":"https:\/\/roveyayinevi.com.tr\/index.php\/urun\/maliyet-ve-yonetim-muhasebesi-tekduzene-uygun-bir-sistem-yaklasimi-ciltli\/","title":{"rendered":"Maliyet ve Y\u00f6netim Muhasebesi Tekd\u00fczen\u2019e Uygun Bir Sistem Yakla\u015f\u0131m\u0131 (Ciltli)"},"content":{"rendered":"<p>Y\u00f6netim muhasebesi, ad\u0131ndan da anla\u015f\u0131laca\u011f\u0131 \u00fczere, &#8220;i\u015fletme y\u00f6netimi&#8221; ile &#8220;muhasebe&#8221; aras\u0131nda k\u00f6pr\u00fc i\u015flevi g\u00f6ren muhasebe koludur. Maliyet muhasebesi ise y\u00f6netim muhasebesinin bir alt b\u00f6l\u00fcm\u00fc olarak irdelenebilir. Bu bak\u0131mdan, maliyet ve y\u00f6netim muhasebelerinin incelenmesini hedef alan bir yap\u0131tta, her \u015feyden \u00f6nce i\u015fletme y\u00f6netimi ve muhasebe kavramlar\u0131na k\u0131saca bir g\u00f6z atmak, sonra da y\u00f6netim muhasebesinin gerek &#8220;muhasebe&#8221;, gerekse &#8220;i\u015fletme y\u00f6netimi&#8221; ile ba\u011flant\u0131lar\u0131n\u0131 belirleyerek, niteli\u011fini saptamak uygun d\u00fc\u015fecektir.     \u0130\u00e7indekiler   B\u0130R\u0130NC\u0130 K\u0130TAP G\u0130R\u0130\u015e VE ALTYAPI   Y\u00d6NET\u0130M MUHASEBES\u0130N\u0130N N\u0130TEL\u0130\u011e\u0130 MUHASEBE S\u0130STEM\u0130NE TOPLU BAKI\u015e F\u0130NANSAL TABLOLAR VE TEKD\u00dcZEN HESAP PLANI MAL\u0130YET VE UNSURLARI   \u0130K\u0130NC\u0130 K\u0130TAP MAL\u0130YET S\u0130STEM\u0130   MAL\u0130YET MUHASEBES\u0130 ve KAYIT D\u00dcZEN\u0130 G\u0130DERLER\u0130N SAPTANMASI VE \u0130ZLENMES\u0130 G\u0130DERLER\u0130N G\u0130DER YERLER\u0130NE DA\u011eITIMI G\u0130DERLER\u0130N \u00dcR\u00dcNLERE Y\u00dcKLENMES\u0130: S\u0130PAR\u0130\u015e MAL\u0130YET\u0130 Y\u00d6NTEM\u0130 G\u0130DERLER\u0130N \u00dcR\u00dcNLERE Y\u00dcKLENMES\u0130: EVRE MAL\u0130YET\u0130 Y\u00d6NTEM\u0130 B\u0130RLE\u015e\u0130K \u00dcR\u00dcNLER, YAN \u00dcR\u00dcNLER, F\u0130RE VE ARTIKLAR   \u00dc\u00c7\u00dcNC\u00dc K\u0130TAP MAL\u0130YET ANAL\u0130ZLER\u0130   MAL\u0130YET \u2013 HAC\u0130M \u0130L\u0130\u015eK\u0130LER\u0130 MAL\u0130YET \u2013 HAC\u0130M \u0130L\u0130\u015eK\u0130LER\u0130N\u0130N SAPTANMASI MAL\u0130YET \u2013 HAC\u0130M \u2013 K\u00c2R ANAL\u0130ZLER\u0130 -1 (Temel Analiz) MAL\u0130YET \u2013 HAC\u0130M \u2013 K\u00c2R ANAL\u0130ZLER\u0130 -2 (Sorunlu Durumlar) TAM, NORMAL VE DE\u011e\u0130\u015eKEN MAL\u0130YET Y\u00d6NTEMLER\u0130 Y\u00d6NET\u0130M KARARLARI \u0130\u00c7\u0130N GE\u00c7ERL\u0130 MAL\u0130YET ANAL\u0130ZLER\u0130 . STANDART MAL\u0130YETLER VE SAPMA ANAL\u0130ZLER\u0130   D\u00d6RD\u00dcNC\u00dc K\u0130TAP PLANLAMA VE KONTROL S\u0130STEMLER\u0130   STANDART MAL\u0130YETLER VE SAPMA ANAL\u0130ZLER\u0130 \u0130\u015eLETME B\u00dcT\u00c7ELER\u0130 STOK PLANLAMASI VE KONTROL\u00dc STRATEJ\u0130K Y\u00d6NET\u0130M MUHASEBES\u0130 TEKN\u0130KLER\u0130 <\/p>\n","protected":false},"excerpt":{"rendered":"<p>Y\u00f6netim muhasebesi, ad\u0131ndan da anla\u015f\u0131laca\u011f\u0131 \u00fczere, &#8220;i\u015fletme y\u00f6netimi&#8221; ile &#8220;muhasebe&#8221; aras\u0131nda k\u00f6pr\u00fc i\u015flevi g\u00f6ren muhasebe koludur. Maliyet muhasebesi ise y\u00f6netim muhasebesinin bir alt b\u00f6l\u00fcm\u00fc olarak irdelenebilir.<span class=\"excerpt-hellip\"> [\u2026]<\/span><\/p>\n","protected":false},"featured_media":0,"template":"","meta":{"_monsterinsights_skip_tracking":false,"_monsterinsights_sitenote_active":false,"_monsterinsights_sitenote_note":"","_monsterinsights_sitenote_category":0},"product_brand":[],"product_cat":[13043,14381],"product_tag":[],"class_list":{"0":"post-721920","1":"product","2":"type-product","3":"status-publish","5":"product_cat-ekonomi","6":"product_cat-isletme-muhasebe-maliye","7":"pa_cilt-ciltli","8":"pa_tur-kitap","9":"pa_yayinevi-gazi-kitabevi","10":"pa_yazar-kamil-buyukmirza","12":"first","13":"instock","14":"sale","15":"shipping-taxable","16":"purchasable","17":"product-type-simple"},"_links":{"self":[{"href":"https:\/\/roveyayinevi.com.tr\/index.php\/wp-json\/wp\/v2\/product\/721920","targetHints":{"allow":["GET"]}}],"collection":[{"href":"https:\/\/roveyayinevi.com.tr\/index.php\/wp-json\/wp\/v2\/product"}],"about":[{"href":"https:\/\/roveyayinevi.com.tr\/index.php\/wp-json\/wp\/v2\/types\/product"}],"wp:attachment":[{"href":"https:\/\/roveyayinevi.com.tr\/index.php\/wp-json\/wp\/v2\/media?parent=721920"}],"wp:term":[{"taxonomy":"product_brand","embeddable":true,"href":"https:\/\/roveyayinevi.com.tr\/index.php\/wp-json\/wp\/v2\/product_brand?post=721920"},{"taxonomy":"product_cat","embeddable":true,"href":"https:\/\/roveyayinevi.com.tr\/index.php\/wp-json\/wp\/v2\/product_cat?post=721920"},{"taxonomy":"product_tag","embeddable":true,"href":"https:\/\/roveyayinevi.com.tr\/index.php\/wp-json\/wp\/v2\/product_tag?post=721920"}],"curies":[{"name":"wp","href":"https:\/\/api.w.org\/{rel}","templated":true}]}}