{"id":721916,"date":"2025-08-27T18:56:37","date_gmt":"2025-08-27T15:56:37","guid":{"rendered":"https:\/\/roveyayinevi.com.tr\/index.php\/urun\/eddienin-gunesi\/"},"modified":"2026-04-13T02:36:35","modified_gmt":"2026-04-12T23:36:35","slug":"eddienin-gunesi","status":"publish","type":"product","link":"https:\/\/roveyayinevi.com.tr\/index.php\/urun\/eddienin-gunesi\/","title":{"rendered":"Eddie&#8217;nin G\u00fcne\u015fi"},"content":{"rendered":"<p>Oysaki hi\u00e7bir ku\u015f \u00f6lmekten korktu\u011fu i\u00e7in g\u00f6\u00e7 etmez, onlar yaln\u0131zca ya\u015fama kanat \u00e7\u0131rparlar. G\u00fcne\u015f t\u00fcm ihti\u015fam\u0131 ile \u0131s\u0131t\u0131rken d\u00fcnyay\u0131, ya\u015famay\u0131 beceremeyi\u015fimiz nedendir? <\/p>\n","protected":false},"excerpt":{"rendered":"<p>Oysaki hi\u00e7bir ku\u015f \u00f6lmekten korktu\u011fu i\u00e7in g\u00f6\u00e7 etmez, onlar yaln\u0131zca ya\u015fama kanat \u00e7\u0131rparlar. G\u00fcne\u015f t\u00fcm ihti\u015fam\u0131 ile \u0131s\u0131t\u0131rken d\u00fcnyay\u0131, ya\u015famay\u0131 beceremeyi\u015fimiz nedendir?<\/p>\n","protected":false},"featured_media":0,"template":"","meta":{"_monsterinsights_skip_tracking":false,"_monsterinsights_sitenote_active":false,"_monsterinsights_sitenote_note":"","_monsterinsights_sitenote_category":0},"product_brand":[],"product_cat":[12291,12711],"product_tag":[],"class_list":{"0":"post-721916","1":"product","2":"type-product","3":"status-publish","5":"product_cat-edebiyat","6":"product_cat-roman-oyku","7":"pa_cilt-ciltsiz","8":"pa_tur-kitap","9":"pa_yayinevi-luna-yayinlari","10":"pa_yazar-mehmet-ugur-ekinci","12":"first","13":"instock","14":"sale","15":"shipping-taxable","16":"purchasable","17":"product-type-simple"},"_links":{"self":[{"href":"https:\/\/roveyayinevi.com.tr\/index.php\/wp-json\/wp\/v2\/product\/721916","targetHints":{"allow":["GET"]}}],"collection":[{"href":"https:\/\/roveyayinevi.com.tr\/index.php\/wp-json\/wp\/v2\/product"}],"about":[{"href":"https:\/\/roveyayinevi.com.tr\/index.php\/wp-json\/wp\/v2\/types\/product"}],"wp:attachment":[{"href":"https:\/\/roveyayinevi.com.tr\/index.php\/wp-json\/wp\/v2\/media?parent=721916"}],"wp:term":[{"taxonomy":"product_brand","embeddable":true,"href":"https:\/\/roveyayinevi.com.tr\/index.php\/wp-json\/wp\/v2\/product_brand?post=721916"},{"taxonomy":"product_cat","embeddable":true,"href":"https:\/\/roveyayinevi.com.tr\/index.php\/wp-json\/wp\/v2\/product_cat?post=721916"},{"taxonomy":"product_tag","embeddable":true,"href":"https:\/\/roveyayinevi.com.tr\/index.php\/wp-json\/wp\/v2\/product_tag?post=721916"}],"curies":[{"name":"wp","href":"https:\/\/api.w.org\/{rel}","templated":true}]}}