{"id":721914,"date":"2025-08-27T18:56:35","date_gmt":"2025-08-27T15:56:35","guid":{"rendered":"https:\/\/roveyayinevi.com.tr\/index.php\/urun\/buyuk-umutlar-6\/"},"modified":"2026-04-16T02:29:48","modified_gmt":"2026-04-15T23:29:48","slug":"buyuk-umutlar-6","status":"publish","type":"product","link":"https:\/\/roveyayinevi.com.tr\/index.php\/urun\/buyuk-umutlar-6\/","title":{"rendered":"B\u00fcy\u00fck Umutlar"},"content":{"rendered":"<p>Ebeveynlerini bebekken kaybetmi\u015f olan Pip, ablas\u0131 ve eni\u015ftesiyle beraber k\u00fc\u00e7\u00fck bir kasabada m\u00fctevaz\u0131 bir hayat s\u00fcrmektedir. Fakat Bayan Havisham adl\u0131 zengin bir kad\u0131n\u0131n evlat\u0131\u011f\u0131 olan Estella\u2019yla kar\u015f\u0131la\u015f\u0131nca, ya\u015fad\u0131\u011f\u0131 m\u00fctevaz\u0131 hayat art\u0131k ona tat vermemeye ba\u015flar. Zira k\u00fc\u00e7\u00fck Pip\u2019in y\u00fcre\u011fine a\u015fk ate\u015fi d\u00fc\u015fm\u00fc\u015ft\u00fcr bir kere&#8230; Art\u0131k onun tek gayesi, zengin bir beyefendiye d\u00f6n\u00fc\u015ferek Estella\u2019yla evlenebilmektir. Bu y\u00fczden b\u00fcy\u00fck umutlar ye\u015fermeye ba\u015flar k\u00fc\u00e7\u00fck \u00e7ocu\u011fun y\u00fcre\u011finde. Ya\u015f\u0131yla beraber umutlar\u0131 da b\u00fcy\u00fcd\u00fck\u00e7e b\u00fcy\u00fcr. Derken bir g\u00fcn, gizemli bir yard\u0131msever sayesinde, hayat\u0131 tamamen de\u011fi\u015fiverir. O zamana de\u011fin ta\u015fral\u0131 bir \u00e7ocuk olan Pip, art\u0131k Londra\u2019da ya\u015fayacak ve beyefendili\u011fin ne demek oldu\u011funu \u00f6\u011frenecektir. Tabii bu, kesinlikle \u00f6\u011frenece\u011fi tek \u015fey olmayacakt\u0131r&#8230; <\/p>\n","protected":false},"excerpt":{"rendered":"<p>Ebeveynlerini bebekken kaybetmi\u015f olan Pip, ablas\u0131 ve eni\u015ftesiyle beraber k\u00fc\u00e7\u00fck bir kasabada m\u00fctevaz\u0131 bir hayat s\u00fcrmektedir. Fakat Bayan Havisham adl\u0131 zengin bir kad\u0131n\u0131n evlat\u0131\u011f\u0131 olan Estella\u2019yla<span class=\"excerpt-hellip\"> [\u2026]<\/span><\/p>\n","protected":false},"featured_media":0,"template":"","meta":{"_monsterinsights_skip_tracking":false,"_monsterinsights_sitenote_active":false,"_monsterinsights_sitenote_note":"","_monsterinsights_sitenote_category":0},"product_brand":[],"product_cat":[12274,12467],"product_tag":[],"class_list":{"0":"post-721914","1":"product","2":"type-product","3":"status-publish","5":"product_cat-cocuk-ve-genclik-kitaplari","6":"product_cat-dunya-klasikleri","7":"pa_cilt-ciltsiz","8":"pa_tur-kitap","9":"pa_yayinevi-fark-yayinlari","10":"pa_yazar-charles-dickens","12":"first","13":"instock","14":"sale","15":"shipping-taxable","16":"purchasable","17":"product-type-simple"},"_links":{"self":[{"href":"https:\/\/roveyayinevi.com.tr\/index.php\/wp-json\/wp\/v2\/product\/721914","targetHints":{"allow":["GET"]}}],"collection":[{"href":"https:\/\/roveyayinevi.com.tr\/index.php\/wp-json\/wp\/v2\/product"}],"about":[{"href":"https:\/\/roveyayinevi.com.tr\/index.php\/wp-json\/wp\/v2\/types\/product"}],"wp:attachment":[{"href":"https:\/\/roveyayinevi.com.tr\/index.php\/wp-json\/wp\/v2\/media?parent=721914"}],"wp:term":[{"taxonomy":"product_brand","embeddable":true,"href":"https:\/\/roveyayinevi.com.tr\/index.php\/wp-json\/wp\/v2\/product_brand?post=721914"},{"taxonomy":"product_cat","embeddable":true,"href":"https:\/\/roveyayinevi.com.tr\/index.php\/wp-json\/wp\/v2\/product_cat?post=721914"},{"taxonomy":"product_tag","embeddable":true,"href":"https:\/\/roveyayinevi.com.tr\/index.php\/wp-json\/wp\/v2\/product_tag?post=721914"}],"curies":[{"name":"wp","href":"https:\/\/api.w.org\/{rel}","templated":true}]}}