{"id":721912,"date":"2025-08-27T18:56:34","date_gmt":"2025-08-27T15:56:34","guid":{"rendered":"https:\/\/roveyayinevi.com.tr\/index.php\/urun\/denizde-bulunan-cocuk-2\/"},"modified":"2026-04-16T02:29:48","modified_gmt":"2026-04-15T23:29:48","slug":"denizde-bulunan-cocuk-2","status":"publish","type":"product","link":"https:\/\/roveyayinevi.com.tr\/index.php\/urun\/denizde-bulunan-cocuk-2\/","title":{"rendered":"Denizde Bulunan \u00c7ocuk"},"content":{"rendered":"<p>Erik, Norve\u00e7\u2019te ya\u015famakta olan bir bal\u0131k\u00e7\u0131 \u00e7ocu\u011fudur. Fakat gerek zek\u00e2s\u0131yla gerekse d\u0131\u015f g\u00f6r\u00fcn\u00fc\u015f\u00fcyle ya\u015f\u0131tlar\u0131ndan bir hayli farkl\u0131d\u0131r. Bu farkl\u0131l\u0131k bir g\u00fcn \u00fcnl\u00fc bir bilim adam\u0131 olan Doktor Schwaryencrona taraf\u0131ndan fark edilir. Bu sayede Erik\u2019in hayat\u0131ndaki s\u0131r perdeleri bir bir aralanmaya ba\u015flar.  Bundan sonra Erik, ailesi ve dostlar\u0131yla beraber, ge\u00e7mi\u015fine dair ger\u00e7ekleri ortaya \u00e7\u0131karmaya \u00e7al\u0131\u015f\u0131r. Fakat bu hi\u00e7 de kolay olmayacakt\u0131r. Zira onu ve sevdiklerini, Amerika\u2019dan Avrupa\u2019ya uzanan, tehlikeli tuzaklarla dolu bir ser\u00fcven beklemektedir.<\/p>\n","protected":false},"excerpt":{"rendered":"<p>Erik, Norve\u00e7\u2019te ya\u015famakta olan bir bal\u0131k\u00e7\u0131 \u00e7ocu\u011fudur. Fakat gerek zek\u00e2s\u0131yla gerekse d\u0131\u015f g\u00f6r\u00fcn\u00fc\u015f\u00fcyle ya\u015f\u0131tlar\u0131ndan bir hayli farkl\u0131d\u0131r. Bu farkl\u0131l\u0131k bir g\u00fcn \u00fcnl\u00fc bir bilim adam\u0131 olan<span class=\"excerpt-hellip\"> [\u2026]<\/span><\/p>\n","protected":false},"featured_media":0,"template":"","meta":{"_monsterinsights_skip_tracking":false,"_monsterinsights_sitenote_active":false,"_monsterinsights_sitenote_note":"","_monsterinsights_sitenote_category":0},"product_brand":[],"product_cat":[12274,12467],"product_tag":[],"class_list":{"0":"post-721912","1":"product","2":"type-product","3":"status-publish","5":"product_cat-cocuk-ve-genclik-kitaplari","6":"product_cat-dunya-klasikleri","7":"pa_cilt-ciltsiz","8":"pa_tur-kitap","9":"pa_yayinevi-fark-yayinlari","10":"pa_yazar-jules-verne","12":"first","13":"instock","14":"sale","15":"shipping-taxable","16":"purchasable","17":"product-type-simple"},"_links":{"self":[{"href":"https:\/\/roveyayinevi.com.tr\/index.php\/wp-json\/wp\/v2\/product\/721912","targetHints":{"allow":["GET"]}}],"collection":[{"href":"https:\/\/roveyayinevi.com.tr\/index.php\/wp-json\/wp\/v2\/product"}],"about":[{"href":"https:\/\/roveyayinevi.com.tr\/index.php\/wp-json\/wp\/v2\/types\/product"}],"wp:attachment":[{"href":"https:\/\/roveyayinevi.com.tr\/index.php\/wp-json\/wp\/v2\/media?parent=721912"}],"wp:term":[{"taxonomy":"product_brand","embeddable":true,"href":"https:\/\/roveyayinevi.com.tr\/index.php\/wp-json\/wp\/v2\/product_brand?post=721912"},{"taxonomy":"product_cat","embeddable":true,"href":"https:\/\/roveyayinevi.com.tr\/index.php\/wp-json\/wp\/v2\/product_cat?post=721912"},{"taxonomy":"product_tag","embeddable":true,"href":"https:\/\/roveyayinevi.com.tr\/index.php\/wp-json\/wp\/v2\/product_tag?post=721912"}],"curies":[{"name":"wp","href":"https:\/\/api.w.org\/{rel}","templated":true}]}}