{"id":721892,"date":"2025-08-27T18:56:18","date_gmt":"2025-08-27T15:56:18","guid":{"rendered":"https:\/\/roveyayinevi.com.tr\/index.php\/urun\/olum-golgesinde-suretler\/"},"modified":"2026-04-16T02:29:48","modified_gmt":"2026-04-15T23:29:48","slug":"olum-golgesinde-suretler","status":"publish","type":"product","link":"https:\/\/roveyayinevi.com.tr\/index.php\/urun\/olum-golgesinde-suretler\/","title":{"rendered":"\u00d6l\u00fcm G\u00f6lgesinde Suretler"},"content":{"rendered":"<p>Suretlerimiz, bizim yan\u0131m\u0131zda, bizden ayr\u0131 ve \u00e7o\u011fu kez bizden uzun ya\u015farlar. Dura\u011fan, yava\u015f gibi g\u00f6z\u00fckse de esrarengiz, kendilerine \u00f6zg\u00fc bir ya\u015famlar\u0131 vard\u0131r. Ele avuca s\u0131\u011fmazlar, ba\u015f\u0131na buyrukturlar, \u015fa\u015f\u0131rtmay\u0131 severler.Ne var ki, elden ele dola\u015farak s\u00fcrd\u00fcrd\u00fckleri bu serseri hayatta, \u00e7izilir, delinir, y\u0131rt\u0131l\u0131r, tahrif edilir, yanar, m\u00fcdahaleye u\u011frar, silinir, sarar\u0131p solar, zaman\u0131n h\u0131\u015fm\u0131na u\u011frarlar. Asl\u0131nda, as\u0131llar\u0131 gibi suretleri de \u00f6l\u00fcm\u00fcn g\u00f6lgesinde ya\u015farlar. <\/p>\n","protected":false},"excerpt":{"rendered":"<p>Suretlerimiz, bizim yan\u0131m\u0131zda, bizden ayr\u0131 ve \u00e7o\u011fu kez bizden uzun ya\u015farlar. Dura\u011fan, yava\u015f gibi g\u00f6z\u00fckse de esrarengiz, kendilerine \u00f6zg\u00fc bir ya\u015famlar\u0131 vard\u0131r. Ele avuca s\u0131\u011fmazlar, ba\u015f\u0131na<span class=\"excerpt-hellip\"> [\u2026]<\/span><\/p>\n","protected":false},"featured_media":0,"template":"","meta":{"_monsterinsights_skip_tracking":false,"_monsterinsights_sitenote_active":false,"_monsterinsights_sitenote_note":"","_monsterinsights_sitenote_category":0},"product_brand":[],"product_cat":[12416,12291],"product_tag":[],"class_list":{"0":"post-721892","1":"product","2":"type-product","3":"status-publish","5":"product_cat-cizgi-roman","6":"product_cat-edebiyat","7":"pa_cilt-ciltsiz","8":"pa_tur-kitap","9":"pa_yayinevi-kirmizi-kedi-yayinevi","10":"pa_yazar-tuncer-erdem","12":"first","13":"instock","14":"sale","15":"shipping-taxable","16":"purchasable","17":"product-type-simple"},"_links":{"self":[{"href":"https:\/\/roveyayinevi.com.tr\/index.php\/wp-json\/wp\/v2\/product\/721892","targetHints":{"allow":["GET"]}}],"collection":[{"href":"https:\/\/roveyayinevi.com.tr\/index.php\/wp-json\/wp\/v2\/product"}],"about":[{"href":"https:\/\/roveyayinevi.com.tr\/index.php\/wp-json\/wp\/v2\/types\/product"}],"wp:attachment":[{"href":"https:\/\/roveyayinevi.com.tr\/index.php\/wp-json\/wp\/v2\/media?parent=721892"}],"wp:term":[{"taxonomy":"product_brand","embeddable":true,"href":"https:\/\/roveyayinevi.com.tr\/index.php\/wp-json\/wp\/v2\/product_brand?post=721892"},{"taxonomy":"product_cat","embeddable":true,"href":"https:\/\/roveyayinevi.com.tr\/index.php\/wp-json\/wp\/v2\/product_cat?post=721892"},{"taxonomy":"product_tag","embeddable":true,"href":"https:\/\/roveyayinevi.com.tr\/index.php\/wp-json\/wp\/v2\/product_tag?post=721892"}],"curies":[{"name":"wp","href":"https:\/\/api.w.org\/{rel}","templated":true}]}}