{"id":721885,"date":"2025-08-27T18:56:14","date_gmt":"2025-08-27T15:56:14","guid":{"rendered":"https:\/\/roveyayinevi.com.tr\/index.php\/urun\/zor-anneler\/"},"modified":"2026-04-16T02:29:48","modified_gmt":"2026-04-15T23:29:48","slug":"zor-anneler","status":"publish","type":"product","link":"https:\/\/roveyayinevi.com.tr\/index.php\/urun\/zor-anneler\/","title":{"rendered":"Zor Anneler"},"content":{"rendered":"<p>Annemiz hayat\u0131m\u0131zdaki en \u00f6nemli ve en temel ki\u015fidir, demek herhalde abart\u0131l\u0131 bir ifade olmaz. Onun i\u00e7inde hayat buluruz, normal \u015fartlarda bizi ilk o besler. D\u00fcnyay\u0131 ilk onun g\u00f6z\u00fcnden alg\u0131lar, duygular\u0131 ilk onunla deneyimleriz. Annemiz, bir anlamda bizi hayata haz\u0131rlayan ilk dans partnerimizdir. Ancak bu zorunlu dans, baz\u0131 durumlarda keyifli ve \u00f6\u011fretici olmaktan \u00e7\u0131kar ve ger\u00e7ek bir eziyete d\u00f6n\u00fc\u015f\u00fcr.Herkesin \u00e7evresinde zorba, duygusuz, asabi ya da so\u011fuk buldu\u011fu i\u00e7in birlikte zaman ge\u00e7irmekten ho\u015flanmad\u0131\u011f\u0131 insanlar vard\u0131r. Bu \u201czor\u201d ki\u015filerden m\u00fcmk\u00fcn oldu\u011funca uzak dururuz.Peki ya bunlardan birinin \u00e7ocu\u011fu olarak do\u011fmu\u015fsak ve kendilerinden ka\u00e7\u0131nma \u015fans\u0131m\u0131z yoksa? Sahi, zor olmak ne demektir?Zor bir davran\u0131\u015f m\u0131d\u0131r kastedilen, zor bir ki\u015filik \u00f6zelli\u011fi, hatta belki bir ki\u015filik bozuklu\u011fu mu?Zor anneleri s\u0131n\u0131fland\u0131rmak m\u00fcmk\u00fcn m\u00fcd\u00fcr? Kaba, ilgisiz, yarg\u0131lay\u0131c\u0131 anneler, \u00e7ocuklar\u0131n\u0131n ki\u015filik geli\u015fimini nas\u0131l etkiler?Ba\u011f\u0131ml\u0131 ya da hasta bir anneyle b\u00fcy\u00fcmenin \u00e7ocu\u011fa maliyeti nedir? S\u0131n\u0131r ihlallerinin, su\u00e7lamalar\u0131n, a\u015f\u0131r\u0131 taleplerin yeti\u015fkinlikte de devam etti\u011fi hallerde, ili\u015fkiyi t\u00fcmden kesmek \u00e7\u00f6z\u00fcm m\u00fcd\u00fcr?Ki\u015fi bu yolla \u00f6zg\u00fcrl\u00fc\u011f\u00fcn\u00fc kazanabilir mi?Zor bir anneyle b\u00fcy\u00fcyen \u00e7ocuklar kendileri anne baba oldu\u011funda, \u00e7ocuklar\u0131yla nas\u0131l bir ili\u015fki kurarlar?Ku\u015faktan ku\u015fa\u011fa olumsuz aktar\u0131m zincirini k\u0131rmak i\u00e7in ne yap\u0131labilir?Waltraut Barnowski-Geiser ve Maren Geiser-Heinrichs, Zor Anneler\u2019de zor bir anneyle b\u00fcy\u00fcyen ki\u015filere eski yaralar\u0131ndan kurtulup yeni birhayata ba\u015flamak i\u00e7in cesaret a\u015f\u0131l\u0131yorlar. \u0130kili, ayr\u0131ca kendi geli\u015ftirdikleri \u00f6zg\u00fcn program yard\u0131m\u0131yla, bunu ba\u015farman\u0131n somut yollar\u0131n\u0131 g\u00f6steriyor. Zor bir anneyle b\u00fcy\u00fcmek zorunda kalm\u0131\u015f, ge\u00e7mi\u015fin ac\u0131 dolu y\u00fcklerini hala omuzlar\u0131nda hisseden ve bu a\u011f\u0131r miras\u0131 geride b\u0131rakmak isteyen t\u00fcm yeti\u015fkin k\u0131zlar ve o\u011fullar i\u00e7in rehber niteli\u011finde bir kaynak.<\/p>\n","protected":false},"excerpt":{"rendered":"<p>Annemiz hayat\u0131m\u0131zdaki en \u00f6nemli ve en temel ki\u015fidir, demek herhalde abart\u0131l\u0131 bir ifade olmaz. Onun i\u00e7inde hayat buluruz, normal \u015fartlarda bizi ilk o besler. D\u00fcnyay\u0131 ilk<span class=\"excerpt-hellip\"> [\u2026]<\/span><\/p>\n","protected":false},"featured_media":0,"template":"","meta":{"_monsterinsights_skip_tracking":false,"_monsterinsights_sitenote_active":false,"_monsterinsights_sitenote_note":"","_monsterinsights_sitenote_category":0},"product_brand":[],"product_cat":[20502,12357],"product_tag":[],"class_list":{"0":"post-721885","1":"product","2":"type-product","3":"status-publish","5":"product_cat-basvuru-kitaplari-psikoloji","6":"product_cat-psikoloji","7":"pa_cilt-ciltsiz","8":"pa_tur-kitap","9":"pa_yayinevi-iletisim-yayinlari","10":"pa_yazar-kolektif","12":"first","13":"instock","14":"sale","15":"shipping-taxable","16":"purchasable","17":"product-type-simple"},"_links":{"self":[{"href":"https:\/\/roveyayinevi.com.tr\/index.php\/wp-json\/wp\/v2\/product\/721885","targetHints":{"allow":["GET"]}}],"collection":[{"href":"https:\/\/roveyayinevi.com.tr\/index.php\/wp-json\/wp\/v2\/product"}],"about":[{"href":"https:\/\/roveyayinevi.com.tr\/index.php\/wp-json\/wp\/v2\/types\/product"}],"wp:attachment":[{"href":"https:\/\/roveyayinevi.com.tr\/index.php\/wp-json\/wp\/v2\/media?parent=721885"}],"wp:term":[{"taxonomy":"product_brand","embeddable":true,"href":"https:\/\/roveyayinevi.com.tr\/index.php\/wp-json\/wp\/v2\/product_brand?post=721885"},{"taxonomy":"product_cat","embeddable":true,"href":"https:\/\/roveyayinevi.com.tr\/index.php\/wp-json\/wp\/v2\/product_cat?post=721885"},{"taxonomy":"product_tag","embeddable":true,"href":"https:\/\/roveyayinevi.com.tr\/index.php\/wp-json\/wp\/v2\/product_tag?post=721885"}],"curies":[{"name":"wp","href":"https:\/\/api.w.org\/{rel}","templated":true}]}}