{"id":721880,"date":"2025-08-27T18:56:10","date_gmt":"2025-08-27T15:56:10","guid":{"rendered":"https:\/\/roveyayinevi.com.tr\/index.php\/urun\/balkondan-dusen-l\/"},"modified":"2026-04-07T02:38:19","modified_gmt":"2026-04-06T23:38:19","slug":"balkondan-dusen-l","status":"publish","type":"product","link":"https:\/\/roveyayinevi.com.tr\/index.php\/urun\/balkondan-dusen-l\/","title":{"rendered":"Balkondan D\u00fc\u015fen L"},"content":{"rendered":"<p>\u201cYa\u015fant\u0131\u201d kelimesini bulan \u015fairi bilir misiniz? Peki, Yavuz Z\u0131rhl\u0131s\u0131\u2019n\u0131n b\u00fcy\u00fck \u015fair N\u00e2z\u0131m Hikmet\u2019in hayat\u0131ndaki yerini? Hangi \u00fcnl\u00fc \u015fair, kom\u015fu bah\u00e7elere dal\u0131p erik \u00e7alard\u0131?  D\u00fcd\u00fckl\u00fc tencerede \u015fiir kaynatanlar, karn\u0131nda g\u00fcne\u015fi ta\u015f\u0131yan ressamlar, boks\u00f6r \u015fairler ve \u00e7ok daha fazlas\u0131 tarihin tozlu sayfalar\u0131ndan kopup Balkondan D\u00fc\u015fen L\u2019de bir araya geliyor. N\u00e2z\u0131m Hikmet\u2019ten Orhan Veli\u2019ye, Can Y\u00fccel\u2019den Edip Cansever\u2019e, Pr\u00e9vert\u2019den ve C\u00e9zanne\u2019a, Ahmet Zeki Kocamemi\u2019den Bedri Rahmi Ey\u00fcbo\u011flu\u2019na, Flaubert\u2019ten Van Gogh\u2019a bir an\u0131lar a\u011f\u0131 \u00f6r\u00fcyor Fatin Hazinedar. Bu an\u0131larda, ilgin\u00e7 rastlant\u0131 ve olaylarda, iz b\u0131rakm\u0131\u015f sanat\u00e7\u0131lar birbirine \u00f6yle beklenmedik bir \u015fekilde de\u011fiyor, \u00f6yle anlarda birbirlerinin kaderini de\u011fi\u015ftiriyor ki \u015fa\u015fk\u0131nl\u0131\u011f\u0131n\u0131z\u0131 gizleyemiyorsunuz. Elinizdeki kitab\u0131 okuduktan sonra edebiyat tarihimizin en \u00f6nemli isimlerini bir daha eskisi gibi g\u00f6remeyecek, hayatlar\u0131 hakk\u0131nda hi\u00e7bir yerde bulamayaca\u011f\u0131n\u0131z detaylar\u0131 Hazinedar\u2019\u0131n keyifli hik\u00e2ye anlat\u0131c\u0131l\u0131\u011f\u0131 vas\u0131tas\u0131yla \u00f6\u011freneceksiniz. <\/p>\n","protected":false},"excerpt":{"rendered":"<p>\u201cYa\u015fant\u0131\u201d kelimesini bulan \u015fairi bilir misiniz? Peki, Yavuz Z\u0131rhl\u0131s\u0131\u2019n\u0131n b\u00fcy\u00fck \u015fair N\u00e2z\u0131m Hikmet\u2019in hayat\u0131ndaki yerini? Hangi \u00fcnl\u00fc \u015fair, kom\u015fu bah\u00e7elere dal\u0131p erik \u00e7alard\u0131? D\u00fcd\u00fckl\u00fc tencerede \u015fiir<span class=\"excerpt-hellip\"> [\u2026]<\/span><\/p>\n","protected":false},"featured_media":0,"template":"","meta":{"_monsterinsights_skip_tracking":false,"_monsterinsights_sitenote_active":false,"_monsterinsights_sitenote_note":"","_monsterinsights_sitenote_category":0},"product_brand":[],"product_cat":[12777,12291],"product_tag":[],"class_list":{"0":"post-721880","1":"product","2":"type-product","3":"status-publish","5":"product_cat-deneme","6":"product_cat-edebiyat","7":"pa_cilt-ciltsiz","8":"pa_tur-kitap","9":"pa_yayinevi-kara-karga-yayinlari","10":"pa_yazar-fatin-hazinedar","12":"first","13":"instock","14":"sale","15":"shipping-taxable","16":"purchasable","17":"product-type-simple"},"_links":{"self":[{"href":"https:\/\/roveyayinevi.com.tr\/index.php\/wp-json\/wp\/v2\/product\/721880","targetHints":{"allow":["GET"]}}],"collection":[{"href":"https:\/\/roveyayinevi.com.tr\/index.php\/wp-json\/wp\/v2\/product"}],"about":[{"href":"https:\/\/roveyayinevi.com.tr\/index.php\/wp-json\/wp\/v2\/types\/product"}],"wp:attachment":[{"href":"https:\/\/roveyayinevi.com.tr\/index.php\/wp-json\/wp\/v2\/media?parent=721880"}],"wp:term":[{"taxonomy":"product_brand","embeddable":true,"href":"https:\/\/roveyayinevi.com.tr\/index.php\/wp-json\/wp\/v2\/product_brand?post=721880"},{"taxonomy":"product_cat","embeddable":true,"href":"https:\/\/roveyayinevi.com.tr\/index.php\/wp-json\/wp\/v2\/product_cat?post=721880"},{"taxonomy":"product_tag","embeddable":true,"href":"https:\/\/roveyayinevi.com.tr\/index.php\/wp-json\/wp\/v2\/product_tag?post=721880"}],"curies":[{"name":"wp","href":"https:\/\/api.w.org\/{rel}","templated":true}]}}