{"id":721868,"date":"2025-08-27T18:56:02","date_gmt":"2025-08-27T15:56:02","guid":{"rendered":"https:\/\/roveyayinevi.com.tr\/index.php\/urun\/ruyalarimizdaki-ataturk\/"},"modified":"2026-04-16T02:29:47","modified_gmt":"2026-04-15T23:29:47","slug":"ruyalarimizdaki-ataturk","status":"publish","type":"product","link":"https:\/\/roveyayinevi.com.tr\/index.php\/urun\/ruyalarimizdaki-ataturk\/","title":{"rendered":"R\u00fcyalar\u0131m\u0131zdaki Atat\u00fcrk"},"content":{"rendered":"<p>Bir yolcunun yolda y\u00fcr\u00fcyebilmesi i\u00e7in ufku g\u00f6rmesi yeterli de\u011fildir&#8230;Ufkun \u00f6tesini de g\u00f6rmesi gerekir.- Mustafa Kemal Atat\u00fcrkAtat\u00fcrk\u2019\u00fc r\u00fcyas\u0131nda g\u00f6ren okuyucular\u0131m\u0131zla birlikte bu kitap haz\u0131rlanm\u0131\u015ft\u0131r.Birbirlerini hi\u00e7 tan\u0131mayan kat\u0131l\u0131mc\u0131lar\u0131m\u0131z\u0131n g\u00f6rd\u00fckleri bu r\u00fcyalardan \u00e7\u0131kartt\u0131\u011f\u0131m\u0131z ortak mesajlar\u0131 ilgiyle  okuyaca\u011f\u0131n\u0131z\u0131 d\u00fc\u015f\u00fcn\u00fcyoruzB\u00f6yle bir \u00e7al\u0131\u015fmaT\u00fcrkiye\u2019de ilk kez yay\u0131nlanmaktad\u0131r.Sevgili Atam&#8230;Seni d\u00fcnyam\u0131zda da, r\u00fcyalar\u0131m\u0131zda da ya\u015f\u0131yoruz. Elimizden geldi\u011fince bu kitab\u0131, sana lay\u0131k olabilme duygusuyla haz\u0131rlamaya gayret ettik. \u00c7\u00fcnk\u00fc sen bize \u201cufkun \u00f6tesini\u201d de g\u00f6rmemizi \u00f6\u011f\u00fctlemi\u015ftin.. \u00d6yle yapmaya ve seni r\u00fcyalar\u0131m\u0131zda da anlamaya ve mesajlar\u0131n\u0131 hissetmeye gayret ettik.. Umar\u0131m k\u00fc\u00e7\u00fcc\u00fck bir ad\u0131m atabilmi\u015fizdir Atam&#8230; Seni seven k\u00fc\u00e7\u00fck bir grupla bunu yapmaya \u00e7al\u0131\u015ft\u0131k. Ama seni seven milyonlar ad\u0131na; seni sayg\u0131yla, sevgiyle, \u00f6zlemle yadetti\u011fimizi s\u00f6ylemek istiyoruz.Bizi duydu\u011fundan eminiz..\u00c7\u00fcnk\u00fc \u201cufkun \u00f6tesine\u201d bakt\u0131\u011f\u0131m\u0131zda \u201cseni\u201d g\u00f6r\u00fcyoruz&#8230;<\/p>\n","protected":false},"excerpt":{"rendered":"<p>Bir yolcunun yolda y\u00fcr\u00fcyebilmesi i\u00e7in ufku g\u00f6rmesi yeterli de\u011fildir&#8230;Ufkun \u00f6tesini de g\u00f6rmesi gerekir.- Mustafa Kemal Atat\u00fcrkAtat\u00fcrk\u2019\u00fc r\u00fcyas\u0131nda g\u00f6ren okuyucular\u0131m\u0131zla birlikte bu kitap haz\u0131rlanm\u0131\u015ft\u0131r.Birbirlerini hi\u00e7 tan\u0131mayan kat\u0131l\u0131mc\u0131lar\u0131m\u0131z\u0131n<span class=\"excerpt-hellip\"> [\u2026]<\/span><\/p>\n","protected":false},"featured_media":0,"template":"","meta":{"_monsterinsights_skip_tracking":false,"_monsterinsights_sitenote_active":false,"_monsterinsights_sitenote_note":"","_monsterinsights_sitenote_category":0},"product_brand":[],"product_cat":[12777,12291],"product_tag":[],"class_list":{"0":"post-721868","1":"product","2":"type-product","3":"status-publish","5":"product_cat-deneme","6":"product_cat-edebiyat","7":"pa_cilt-ciltsiz","8":"pa_tur-kitap","9":"pa_yayinevi-sinir-otesi-yayinlari","10":"pa_yazar-ergun-candan","12":"first","13":"instock","14":"sale","15":"shipping-taxable","16":"purchasable","17":"product-type-simple"},"_links":{"self":[{"href":"https:\/\/roveyayinevi.com.tr\/index.php\/wp-json\/wp\/v2\/product\/721868","targetHints":{"allow":["GET"]}}],"collection":[{"href":"https:\/\/roveyayinevi.com.tr\/index.php\/wp-json\/wp\/v2\/product"}],"about":[{"href":"https:\/\/roveyayinevi.com.tr\/index.php\/wp-json\/wp\/v2\/types\/product"}],"wp:attachment":[{"href":"https:\/\/roveyayinevi.com.tr\/index.php\/wp-json\/wp\/v2\/media?parent=721868"}],"wp:term":[{"taxonomy":"product_brand","embeddable":true,"href":"https:\/\/roveyayinevi.com.tr\/index.php\/wp-json\/wp\/v2\/product_brand?post=721868"},{"taxonomy":"product_cat","embeddable":true,"href":"https:\/\/roveyayinevi.com.tr\/index.php\/wp-json\/wp\/v2\/product_cat?post=721868"},{"taxonomy":"product_tag","embeddable":true,"href":"https:\/\/roveyayinevi.com.tr\/index.php\/wp-json\/wp\/v2\/product_tag?post=721868"}],"curies":[{"name":"wp","href":"https:\/\/api.w.org\/{rel}","templated":true}]}}