{"id":721863,"date":"2025-08-27T18:55:58","date_gmt":"2025-08-27T15:55:58","guid":{"rendered":"https:\/\/roveyayinevi.com.tr\/index.php\/urun\/gokyuzunden-gelen-gri-tuy\/"},"modified":"2026-04-16T02:29:47","modified_gmt":"2026-04-15T23:29:47","slug":"gokyuzunden-gelen-gri-tuy","status":"publish","type":"product","link":"https:\/\/roveyayinevi.com.tr\/index.php\/urun\/gokyuzunden-gelen-gri-tuy\/","title":{"rendered":"G\u00f6ky\u00fcz\u00fcnden Gelen Gri T\u00fcy"},"content":{"rendered":"<p>B\u00fcy\u00fck \u015fehrin en kalabal\u0131k caddesinde y\u00fcr\u00fcyen hemen herkesin, o g\u00fcn yine \u00e7ok acelesi vard\u0131. Kimse etraf\u0131na bakm\u0131yor, birbiriyle konu\u015fmuyor, hepsi yaln\u0131zca ve yaln\u0131zca bir yerlere yeti\u015fmeye \u00e7al\u0131\u015f\u0131yordu. En az\u0131ndan bir ki\u015fi, kafas\u0131n\u0131 kald\u0131r\u0131p g\u00f6ky\u00fcz\u00fcne baksayd\u0131 r\u00fczg\u00e2r\u0131n hafif esintisiyle kibarca a\u015fa\u011f\u0131ya s\u00fcz\u00fclen yumu\u015fak gri t\u00fcy\u00fc g\u00f6rebilirdi.   S\u0131radan bir g\u00fcnde, en \u00e7ok ihtiya\u00e7lar\u0131 oldu\u011fu anda gri t\u00fcyle bulu\u015fanlar\u0131n yumu\u015fac\u0131k hik\u00e2yesi; okuyan herkesin kendi gri t\u00fcy\u00fcn\u00fc bulmak i\u00e7in g\u00f6ky\u00fcz\u00fcne ya da etraf\u0131ndakilere bakmas\u0131n\u0131 sa\u011flayacak. <\/p>\n","protected":false},"excerpt":{"rendered":"<p>B\u00fcy\u00fck \u015fehrin en kalabal\u0131k caddesinde y\u00fcr\u00fcyen hemen herkesin, o g\u00fcn yine \u00e7ok acelesi vard\u0131. Kimse etraf\u0131na bakm\u0131yor, birbiriyle konu\u015fmuyor, hepsi yaln\u0131zca ve yaln\u0131zca bir yerlere yeti\u015fmeye<span class=\"excerpt-hellip\"> [\u2026]<\/span><\/p>\n","protected":false},"featured_media":0,"template":"","meta":{"_monsterinsights_skip_tracking":false,"_monsterinsights_sitenote_active":false,"_monsterinsights_sitenote_note":"","_monsterinsights_sitenote_category":0},"product_brand":[],"product_cat":[12274,12284],"product_tag":[],"class_list":{"0":"post-721863","1":"product","2":"type-product","3":"status-publish","5":"product_cat-cocuk-ve-genclik-kitaplari","6":"product_cat-hikayeler","7":"pa_cilt-ciltsiz","8":"pa_tur-kitap","9":"pa_yayinevi-ithaki-yayinlari","10":"pa_yazar-dicle-keskinoglu","12":"first","13":"instock","14":"sale","15":"shipping-taxable","16":"purchasable","17":"product-type-simple"},"_links":{"self":[{"href":"https:\/\/roveyayinevi.com.tr\/index.php\/wp-json\/wp\/v2\/product\/721863","targetHints":{"allow":["GET"]}}],"collection":[{"href":"https:\/\/roveyayinevi.com.tr\/index.php\/wp-json\/wp\/v2\/product"}],"about":[{"href":"https:\/\/roveyayinevi.com.tr\/index.php\/wp-json\/wp\/v2\/types\/product"}],"wp:attachment":[{"href":"https:\/\/roveyayinevi.com.tr\/index.php\/wp-json\/wp\/v2\/media?parent=721863"}],"wp:term":[{"taxonomy":"product_brand","embeddable":true,"href":"https:\/\/roveyayinevi.com.tr\/index.php\/wp-json\/wp\/v2\/product_brand?post=721863"},{"taxonomy":"product_cat","embeddable":true,"href":"https:\/\/roveyayinevi.com.tr\/index.php\/wp-json\/wp\/v2\/product_cat?post=721863"},{"taxonomy":"product_tag","embeddable":true,"href":"https:\/\/roveyayinevi.com.tr\/index.php\/wp-json\/wp\/v2\/product_tag?post=721863"}],"curies":[{"name":"wp","href":"https:\/\/api.w.org\/{rel}","templated":true}]}}