{"id":721856,"date":"2025-08-27T18:55:52","date_gmt":"2025-08-27T15:55:52","guid":{"rendered":"https:\/\/roveyayinevi.com.tr\/index.php\/urun\/uluslararasi-parasal-duzen-ve-turkiye-degerlendirmesi\/"},"modified":"2026-04-16T02:29:47","modified_gmt":"2026-04-15T23:29:47","slug":"uluslararasi-parasal-duzen-ve-turkiye-degerlendirmesi","status":"publish","type":"product","link":"https:\/\/roveyayinevi.com.tr\/index.php\/urun\/uluslararasi-parasal-duzen-ve-turkiye-degerlendirmesi\/","title":{"rendered":"Uluslararas\u0131 Parasal D\u00fczen ve T\u00fcrkiye De\u011ferlendirmesi"},"content":{"rendered":"<p>Piyasa likiditesi, bir finansal varl\u0131\u011fa ili\u015fkin y\u00fcksek miktarl\u0131 bir i\u015flemin k\u0131sa s\u00fcrede, d\u00fc\u015f\u00fck bir maliyetle ve s\u0131n\u0131rl\u0131 bir fiyat kayb\u0131yla ger\u00e7ekle\u015ftirilebilme kapasitesini fonlama likiditesi bankalar\u0131n y\u00fck\u00fcm-l\u00fcl\u00fcklerini \u00e7evirebilme ve kar\u015f\u0131layabilme kapasitelerini ve parasal li-kidite ise gerekli likiditenin merkez bankas\u0131 taraf\u0131ndan finansal siste-me arz edilebilme kapasitesini ifade etmektedir.   \u0130\u00c7\u0130NDEK\u0130LER B\u0130R\u0130NC\u0130 B\u00d6L\u00dcM PARA VE ULUSLARARASI PARA S\u0130STEM\u0130 Paran\u0131n Tan\u0131m\u0131 Uluslararas\u0131 Para Sistemleri ve Son D\u00f6nem Finansal Krizler Para Arz\u0131 ve Para Talebi Temel Kavramlar ve Teorik \u00c7er\u00e7eve \u0130K\u0130NC\u0130 B\u00d6L\u00dcM P\u0130YASALAR A\u00c7ISINDAN L\u0130K\u0130D\u0130TE Likidite Kavram\u0131 ve Genel Bir \u00c7er\u00e7eve Piyasalar A\u00e7\u0131s\u0131ndan Likidite S\u0131n\u0131fland\u0131r\u0131lmas\u0131 Likiditeyi Etkileyen Yap\u0131sal Fakt\u00f6rler Finansal Piyasalar A\u00e7\u0131s\u0131ndan Likiditenin \u00d6nemi Varl\u0131klar\u0131n Fiyatland\u0131r\u0131lmas\u0131 A\u00e7\u0131s\u0131ndan Likiditenin\u00d6nemi Likidite \u2013 Kredi Risk \u0130li\u015fkisi \u00dc\u00c7\u00dcNC\u00dc B\u00d6L\u00dcM \u0130KT\u0130SAD\u0130 B\u0130R\u0130MLER A\u00c7ISINDAN L\u0130K\u0130D\u0130TE Kamu A\u00e7\u0131s\u0131ndan Likidite Bankalar A\u00e7\u0131s\u0131ndan Likidite \u015eirketler A\u00e7\u0131s\u0131ndan Likidite Hanehalk\u0131 A\u00e7\u0131s\u0131ndan Likidite <\/p>\n","protected":false},"excerpt":{"rendered":"<p>Piyasa likiditesi, bir finansal varl\u0131\u011fa ili\u015fkin y\u00fcksek miktarl\u0131 bir i\u015flemin k\u0131sa s\u00fcrede, d\u00fc\u015f\u00fck bir maliyetle ve s\u0131n\u0131rl\u0131 bir fiyat kayb\u0131yla ger\u00e7ekle\u015ftirilebilme kapasitesini fonlama likiditesi bankalar\u0131n y\u00fck\u00fcm-l\u00fcl\u00fcklerini<span class=\"excerpt-hellip\"> [\u2026]<\/span><\/p>\n","protected":false},"featured_media":0,"template":"","meta":{"_monsterinsights_skip_tracking":false,"_monsterinsights_sitenote_active":false,"_monsterinsights_sitenote_note":"","_monsterinsights_sitenote_category":0},"product_brand":[],"product_cat":[13043,14381],"product_tag":[],"class_list":{"0":"post-721856","1":"product","2":"type-product","3":"status-publish","5":"product_cat-ekonomi","6":"product_cat-isletme-muhasebe-maliye","7":"pa_cilt-ciltsiz","8":"pa_tur-kitap","9":"pa_yayinevi-gazi-kitabevi","10":"pa_yazar-cigdem-kurt-cihangir","12":"first","13":"instock","14":"sale","15":"shipping-taxable","16":"purchasable","17":"product-type-simple"},"_links":{"self":[{"href":"https:\/\/roveyayinevi.com.tr\/index.php\/wp-json\/wp\/v2\/product\/721856","targetHints":{"allow":["GET"]}}],"collection":[{"href":"https:\/\/roveyayinevi.com.tr\/index.php\/wp-json\/wp\/v2\/product"}],"about":[{"href":"https:\/\/roveyayinevi.com.tr\/index.php\/wp-json\/wp\/v2\/types\/product"}],"wp:attachment":[{"href":"https:\/\/roveyayinevi.com.tr\/index.php\/wp-json\/wp\/v2\/media?parent=721856"}],"wp:term":[{"taxonomy":"product_brand","embeddable":true,"href":"https:\/\/roveyayinevi.com.tr\/index.php\/wp-json\/wp\/v2\/product_brand?post=721856"},{"taxonomy":"product_cat","embeddable":true,"href":"https:\/\/roveyayinevi.com.tr\/index.php\/wp-json\/wp\/v2\/product_cat?post=721856"},{"taxonomy":"product_tag","embeddable":true,"href":"https:\/\/roveyayinevi.com.tr\/index.php\/wp-json\/wp\/v2\/product_tag?post=721856"}],"curies":[{"name":"wp","href":"https:\/\/api.w.org\/{rel}","templated":true}]}}