{"id":721850,"date":"2025-08-27T18:55:49","date_gmt":"2025-08-27T15:55:49","guid":{"rendered":"https:\/\/roveyayinevi.com.tr\/index.php\/urun\/bos-zaman-rekreasyon-ve-islamiyet\/"},"modified":"2026-04-16T02:29:47","modified_gmt":"2026-04-15T23:29:47","slug":"bos-zaman-rekreasyon-ve-islamiyet","status":"publish","type":"product","link":"https:\/\/roveyayinevi.com.tr\/index.php\/urun\/bos-zaman-rekreasyon-ve-islamiyet\/","title":{"rendered":"Bo\u015f Zaman Rekreasyon ve \u0130slamiyet"},"content":{"rendered":"<p>Kitap i\u00e7erisinde dindar kesimlerden olu\u015fan ve kendilerini dini b\u00fct\u00fcn M\u00fcsl\u00fcmanlar olarak tan\u0131mlayan, haftan\u0131n belirli g\u00fcn ve saatlerinde kendileri gibi dini ortak de\u011ferleri olan ki\u015filerle, dini sohbet ve dini konularda kendilerince yetkin olarak kabul edilen birisi taraf\u0131ndan verilen derslere kat\u0131lan bir \u00f6rneklem grubu \u00fczerinde ger\u00e7ekle\u015ftirilen nitel bir ara\u015ft\u0131rmayada yer verilerek bu kesimlerin, bo\u015f zamanlar\u0131n\u0131n nas\u0131l de\u011ferlendirildi\u011fi ve kat\u0131ld\u0131klar\u0131 aktiviteler ve \u00fczerlerinde b\u0131rakt\u0131klar\u0131 etki de\u011ferlendirilmi\u015ftir \u0130\u00c7\u0130NDEK\u0130LERBO\u015e ZAMAN VE \u0130SLAM\u0130YETREKREASYON VE \u0130SLAM\u0130YETARA\u015eTIRMA<\/p>\n","protected":false},"excerpt":{"rendered":"<p>Kitap i\u00e7erisinde dindar kesimlerden olu\u015fan ve kendilerini dini b\u00fct\u00fcn M\u00fcsl\u00fcmanlar olarak tan\u0131mlayan, haftan\u0131n belirli g\u00fcn ve saatlerinde kendileri gibi dini ortak de\u011ferleri olan ki\u015filerle, dini sohbet<span class=\"excerpt-hellip\"> [\u2026]<\/span><\/p>\n","protected":false},"featured_media":0,"template":"","meta":{"_monsterinsights_skip_tracking":false,"_monsterinsights_sitenote_active":false,"_monsterinsights_sitenote_note":"","_monsterinsights_sitenote_category":0},"product_brand":[],"product_cat":[12718,12719],"product_tag":[],"class_list":{"0":"post-721850","1":"product","2":"type-product","3":"status-publish","5":"product_cat-din","6":"product_cat-islam","7":"pa_cilt-ciltsiz","8":"pa_tur-kitap","9":"pa_yayinevi-gazi-kitabevi","10":"pa_yazar-suat-karakucuk","12":"first","13":"instock","14":"sale","15":"shipping-taxable","16":"purchasable","17":"product-type-simple"},"_links":{"self":[{"href":"https:\/\/roveyayinevi.com.tr\/index.php\/wp-json\/wp\/v2\/product\/721850","targetHints":{"allow":["GET"]}}],"collection":[{"href":"https:\/\/roveyayinevi.com.tr\/index.php\/wp-json\/wp\/v2\/product"}],"about":[{"href":"https:\/\/roveyayinevi.com.tr\/index.php\/wp-json\/wp\/v2\/types\/product"}],"wp:attachment":[{"href":"https:\/\/roveyayinevi.com.tr\/index.php\/wp-json\/wp\/v2\/media?parent=721850"}],"wp:term":[{"taxonomy":"product_brand","embeddable":true,"href":"https:\/\/roveyayinevi.com.tr\/index.php\/wp-json\/wp\/v2\/product_brand?post=721850"},{"taxonomy":"product_cat","embeddable":true,"href":"https:\/\/roveyayinevi.com.tr\/index.php\/wp-json\/wp\/v2\/product_cat?post=721850"},{"taxonomy":"product_tag","embeddable":true,"href":"https:\/\/roveyayinevi.com.tr\/index.php\/wp-json\/wp\/v2\/product_tag?post=721850"}],"curies":[{"name":"wp","href":"https:\/\/api.w.org\/{rel}","templated":true}]}}