{"id":721843,"date":"2025-08-27T18:55:43","date_gmt":"2025-08-27T15:55:43","guid":{"rendered":"https:\/\/roveyayinevi.com.tr\/index.php\/urun\/temize-cekilmez-ask\/"},"modified":"2026-01-29T02:55:10","modified_gmt":"2026-01-28T23:55:10","slug":"temize-cekilmez-ask","status":"publish","type":"product","link":"https:\/\/roveyayinevi.com.tr\/index.php\/urun\/temize-cekilmez-ask\/","title":{"rendered":"Temize \u00c7ekilmez A\u015fk"},"content":{"rendered":"<p>a\u015fkta \u00e7\u0131rakl\u0131k olmaz ustal\u0131k i\u015fi de\u011fildi a\u015fk acemi kald\u0131k\u00e7a yenilenir \u00f6yle her ad\u0131mda temize \u00e7ekilmez bir \u00f6m\u00fcr s\u00fcrse bile karalama say\u0131l\u0131r do\u011fas\u0131na lay\u0131k hi\u00e7bir a\u015fk\u0131n yoktur ba\u015fka n\u00fcshas\u0131 g\u00f6zlerinin yerine ellerini koymayacakt\u0131n   el koymayacakt\u0131n g\u00fczelliklerime s\u00f6z\u00fc a\u015fka getirmeyecektin ya da a\u015fk da s\u00f6ze gelmezdi zaten bir \u00f6m\u00fcr s\u00fcrse bile karalama kal\u0131rd\u0131 temize \u00e7ekilmezdi a\u015fk<\/p>\n","protected":false},"excerpt":{"rendered":"<p>a\u015fkta \u00e7\u0131rakl\u0131k olmaz ustal\u0131k i\u015fi de\u011fildi a\u015fk acemi kald\u0131k\u00e7a yenilenir \u00f6yle her ad\u0131mda temize \u00e7ekilmez bir \u00f6m\u00fcr s\u00fcrse bile karalama say\u0131l\u0131r do\u011fas\u0131na lay\u0131k hi\u00e7bir a\u015fk\u0131n yoktur<span class=\"excerpt-hellip\"> [\u2026]<\/span><\/p>\n","protected":false},"featured_media":0,"template":"","meta":{"_monsterinsights_skip_tracking":false,"_monsterinsights_sitenote_active":false,"_monsterinsights_sitenote_note":"","_monsterinsights_sitenote_category":0},"product_brand":[],"product_cat":[12291,12509],"product_tag":[],"class_list":{"0":"post-721843","1":"product","2":"type-product","3":"status-publish","5":"product_cat-edebiyat","6":"product_cat-siir","7":"pa_cilt-ciltsiz","8":"pa_tur-kitap","9":"pa_yayinevi-utopya-yayinevi","10":"pa_yazar-huseyin-a-simsek","12":"first","13":"instock","14":"sale","15":"shipping-taxable","16":"purchasable","17":"product-type-simple"},"_links":{"self":[{"href":"https:\/\/roveyayinevi.com.tr\/index.php\/wp-json\/wp\/v2\/product\/721843","targetHints":{"allow":["GET"]}}],"collection":[{"href":"https:\/\/roveyayinevi.com.tr\/index.php\/wp-json\/wp\/v2\/product"}],"about":[{"href":"https:\/\/roveyayinevi.com.tr\/index.php\/wp-json\/wp\/v2\/types\/product"}],"wp:attachment":[{"href":"https:\/\/roveyayinevi.com.tr\/index.php\/wp-json\/wp\/v2\/media?parent=721843"}],"wp:term":[{"taxonomy":"product_brand","embeddable":true,"href":"https:\/\/roveyayinevi.com.tr\/index.php\/wp-json\/wp\/v2\/product_brand?post=721843"},{"taxonomy":"product_cat","embeddable":true,"href":"https:\/\/roveyayinevi.com.tr\/index.php\/wp-json\/wp\/v2\/product_cat?post=721843"},{"taxonomy":"product_tag","embeddable":true,"href":"https:\/\/roveyayinevi.com.tr\/index.php\/wp-json\/wp\/v2\/product_tag?post=721843"}],"curies":[{"name":"wp","href":"https:\/\/api.w.org\/{rel}","templated":true}]}}