{"id":721838,"date":"2025-08-27T18:55:40","date_gmt":"2025-08-27T15:55:40","guid":{"rendered":"https:\/\/roveyayinevi.com.tr\/index.php\/urun\/neden-her-sey-hala-yok-olup-gitmedi\/"},"modified":"2026-04-16T02:29:47","modified_gmt":"2026-04-15T23:29:47","slug":"neden-her-sey-hala-yok-olup-gitmedi","status":"publish","type":"product","link":"https:\/\/roveyayinevi.com.tr\/index.php\/urun\/neden-her-sey-hala-yok-olup-gitmedi\/","title":{"rendered":"Neden Her \u015eey Hala Yok Olup Gitmedi?"},"content":{"rendered":"<p>Hi\u00e7lik bir yok edilme bi\u00e7imi, t\u00fckenme, insan\u0131n ortadan kaybolma sanat\u0131d\u0131r. \u0130nsan\u0131n nesnelerle kurdu\u011fu \u00e7arp\u0131k ili\u015fkiyi, teknolojide ve en \u00e7ok da foto\u011fraf arac\u0131l\u0131\u011f\u0131yla somutla\u015ft\u0131r\u0131r Baudrillard.    \u201c\u0130mgenin ayar\u0131 tamam\u0131yla bozulmu\u015ftur. Foto\u011fraf, her \u015feyin fraktal ve mikroskobik boyutlarda g\u00f6r\u00fcnt\u00fclenmeyi \u015fart ko\u015ftu\u011fu, ne olursa olsun g\u00f6r\u00fclebilmeyi sa\u011flayan bir teknoloji \u00e7\u0131lg\u0131nl\u0131\u011f\u0131yla her \u015feyi ola\u011fan\u00fcst\u00fc ayr\u0131nt\u0131l\u0131 bir \u015fekilde sunarak yok edebilen bir \u015feye benzemektedir. Burada foto\u011fraf art\u0131k bi\u00e7im oyunlar\u0131yla foto\u011fraf olma \u00f6zelli\u011fini yitiren bir \u015feyden \u00e7ok, t\u0131pk\u0131 de\u011fi\u015fik a\u011flar i\u00e7inde zihinsel bir \u015fekilde eriyip gidebilen ve art\u0131k tamam\u0131yla bir hayalete d\u00f6n\u00fc\u015febilen birey gibi, d\u00fcnya da kendine ait bir imgeden di\u011ferine kendili\u011finden s\u0131\u00e7ranmas\u0131n\u0131 sa\u011flad\u0131\u011f\u0131 otomatik bir yer de\u011fi\u015ftirme i\u015flemine benzemektedir.\u201d   Zamandan s\u00f6z etti\u011fim s\u0131rada onun varl\u0131\u011f\u0131n\u0131 hissedemiyorum.   Bir yerden s\u00f6z etti\u011fim s\u0131rada o yer ortadan kaybolup gitmi\u015f oluyor.   Bir insandan s\u00f6z etti\u011fim s\u0131rada o insan \u00f6lm\u00fc\u015f oluyor.   Zamandan s\u00f6z etti\u011fim s\u0131rada ak\u0131p ge\u00e7mi\u015f oluyor. <\/p>\n","protected":false},"excerpt":{"rendered":"<p>Hi\u00e7lik bir yok edilme bi\u00e7imi, t\u00fckenme, insan\u0131n ortadan kaybolma sanat\u0131d\u0131r. \u0130nsan\u0131n nesnelerle kurdu\u011fu \u00e7arp\u0131k ili\u015fkiyi, teknolojide ve en \u00e7ok da foto\u011fraf arac\u0131l\u0131\u011f\u0131yla somutla\u015ft\u0131r\u0131r Baudrillard. \u201c\u0130mgenin ayar\u0131<span class=\"excerpt-hellip\"> [\u2026]<\/span><\/p>\n","protected":false},"featured_media":0,"template":"","meta":{"_monsterinsights_skip_tracking":false,"_monsterinsights_sitenote_active":false,"_monsterinsights_sitenote_note":"","_monsterinsights_sitenote_category":0},"product_brand":[],"product_cat":[12835,12324],"product_tag":[],"class_list":{"0":"post-721838","1":"product","2":"type-product","3":"status-publish","5":"product_cat-genel-sosyoloji","6":"product_cat-sosyoloji","7":"pa_cilt-ciltsiz","8":"pa_tur-kitap","9":"pa_yayinevi-dogu-bati-yayinlari","10":"pa_yazar-jean-baudrillard","12":"first","13":"instock","14":"sale","15":"shipping-taxable","16":"purchasable","17":"product-type-simple"},"_links":{"self":[{"href":"https:\/\/roveyayinevi.com.tr\/index.php\/wp-json\/wp\/v2\/product\/721838","targetHints":{"allow":["GET"]}}],"collection":[{"href":"https:\/\/roveyayinevi.com.tr\/index.php\/wp-json\/wp\/v2\/product"}],"about":[{"href":"https:\/\/roveyayinevi.com.tr\/index.php\/wp-json\/wp\/v2\/types\/product"}],"wp:attachment":[{"href":"https:\/\/roveyayinevi.com.tr\/index.php\/wp-json\/wp\/v2\/media?parent=721838"}],"wp:term":[{"taxonomy":"product_brand","embeddable":true,"href":"https:\/\/roveyayinevi.com.tr\/index.php\/wp-json\/wp\/v2\/product_brand?post=721838"},{"taxonomy":"product_cat","embeddable":true,"href":"https:\/\/roveyayinevi.com.tr\/index.php\/wp-json\/wp\/v2\/product_cat?post=721838"},{"taxonomy":"product_tag","embeddable":true,"href":"https:\/\/roveyayinevi.com.tr\/index.php\/wp-json\/wp\/v2\/product_tag?post=721838"}],"curies":[{"name":"wp","href":"https:\/\/api.w.org\/{rel}","templated":true}]}}