{"id":721836,"date":"2025-08-27T18:55:38","date_gmt":"2025-08-27T15:55:38","guid":{"rendered":"https:\/\/roveyayinevi.com.tr\/index.php\/urun\/gizli-isler-tayfasi-set-5-cilt-takim\/"},"modified":"2026-04-16T02:29:47","modified_gmt":"2026-04-15T23:29:47","slug":"gizli-isler-tayfasi-set-5-cilt-takim","status":"publish","type":"product","link":"https:\/\/roveyayinevi.com.tr\/index.php\/urun\/gizli-isler-tayfasi-set-5-cilt-takim\/","title":{"rendered":"Gizli \u0130\u015fler Tayfas\u0131 Set (5 Cilt Tak\u0131m)"},"content":{"rendered":"<p>Merhaba, ben Erdem.Benimle ve Gizli \u0130\u015fler Tayfas\u0131 ile tan\u0131\u015fmaya haz\u0131r m\u0131s\u0131n?Her kitapta farkl\u0131 bir macera seni bekliyor. Sen de bumaceralara ortak olmak istersen hemen okumayaba\u015flamal\u0131s\u0131n.Hadi, yumruklar\u0131m\u0131z\u0131 \u00fcst \u00fcste koyal\u0131m ve gizli s\u00f6zleri f\u0131s\u0131ldayal\u0131m:Kaplumba\u011falar Brokoli Sevmez, Gizli \u0130\u015fler Tayfas\u0131\u2019n\u0131 Kimse Ye-Ne-Mez!<\/p>\n","protected":false},"excerpt":{"rendered":"<p>Merhaba, ben Erdem.Benimle ve Gizli \u0130\u015fler Tayfas\u0131 ile tan\u0131\u015fmaya haz\u0131r m\u0131s\u0131n?Her kitapta farkl\u0131 bir macera seni bekliyor. Sen de bumaceralara ortak olmak istersen hemen okumayaba\u015flamal\u0131s\u0131n.Hadi, yumruklar\u0131m\u0131z\u0131<span class=\"excerpt-hellip\"> [\u2026]<\/span><\/p>\n","protected":false},"featured_media":0,"template":"","meta":{"_monsterinsights_skip_tracking":false,"_monsterinsights_sitenote_active":false,"_monsterinsights_sitenote_note":"","_monsterinsights_sitenote_category":0},"product_brand":[],"product_cat":[12275,12274],"product_tag":[],"class_list":{"0":"post-721836","1":"product","2":"type-product","3":"status-publish","5":"product_cat-6-12-yas-kitaplari","6":"product_cat-cocuk-ve-genclik-kitaplari","7":"pa_cilt-ciltsiz","8":"pa_tur-kitap","9":"pa_yayinevi-nesil-cocuk-yayinlari","10":"pa_yazar-fatma-cagdas-borekci","12":"first","13":"instock","14":"sale","15":"shipping-taxable","16":"purchasable","17":"product-type-simple"},"_links":{"self":[{"href":"https:\/\/roveyayinevi.com.tr\/index.php\/wp-json\/wp\/v2\/product\/721836","targetHints":{"allow":["GET"]}}],"collection":[{"href":"https:\/\/roveyayinevi.com.tr\/index.php\/wp-json\/wp\/v2\/product"}],"about":[{"href":"https:\/\/roveyayinevi.com.tr\/index.php\/wp-json\/wp\/v2\/types\/product"}],"wp:attachment":[{"href":"https:\/\/roveyayinevi.com.tr\/index.php\/wp-json\/wp\/v2\/media?parent=721836"}],"wp:term":[{"taxonomy":"product_brand","embeddable":true,"href":"https:\/\/roveyayinevi.com.tr\/index.php\/wp-json\/wp\/v2\/product_brand?post=721836"},{"taxonomy":"product_cat","embeddable":true,"href":"https:\/\/roveyayinevi.com.tr\/index.php\/wp-json\/wp\/v2\/product_cat?post=721836"},{"taxonomy":"product_tag","embeddable":true,"href":"https:\/\/roveyayinevi.com.tr\/index.php\/wp-json\/wp\/v2\/product_tag?post=721836"}],"curies":[{"name":"wp","href":"https:\/\/api.w.org\/{rel}","templated":true}]}}