{"id":721830,"date":"2025-08-27T18:55:34","date_gmt":"2025-08-27T15:55:34","guid":{"rendered":"https:\/\/roveyayinevi.com.tr\/index.php\/urun\/terli-irmak\/"},"modified":"2026-04-16T02:29:46","modified_gmt":"2026-04-15T23:29:46","slug":"terli-irmak","status":"publish","type":"product","link":"https:\/\/roveyayinevi.com.tr\/index.php\/urun\/terli-irmak\/","title":{"rendered":"Terli Irmak"},"content":{"rendered":"<p>Ben, Zaman\u0131n terli \u0131rma\u011f\u0131ndan \u00c7\u00f6llerine geldimVakit g\u00fcne\u015ftiSaat yang\u0131nd\u0131 Kavruldum!Kokum da\u011f\u0131ld\u0131 tenineG\u00f6zlerim sindi \u00fcst\u00fcne.Ben sana Yang\u0131n rengi s\u00fct akarken mememden Kay\u0131p tarihlerden Suya bat\u0131k \u00fclkelerden geldim Ben sana geldim!<\/p>\n","protected":false},"excerpt":{"rendered":"<p>Ben, Zaman\u0131n terli \u0131rma\u011f\u0131ndan \u00c7\u00f6llerine geldimVakit g\u00fcne\u015ftiSaat yang\u0131nd\u0131 Kavruldum!Kokum da\u011f\u0131ld\u0131 tenineG\u00f6zlerim sindi \u00fcst\u00fcne.Ben sana Yang\u0131n rengi s\u00fct akarken mememden Kay\u0131p tarihlerden Suya bat\u0131k \u00fclkelerden geldim Ben<span class=\"excerpt-hellip\"> [\u2026]<\/span><\/p>\n","protected":false},"featured_media":0,"template":"","meta":{"_monsterinsights_skip_tracking":false,"_monsterinsights_sitenote_active":false,"_monsterinsights_sitenote_note":"","_monsterinsights_sitenote_category":0},"product_brand":[],"product_cat":[12291,12509],"product_tag":[],"class_list":{"0":"post-721830","1":"product","2":"type-product","3":"status-publish","5":"product_cat-edebiyat","6":"product_cat-siir","7":"pa_cilt-ciltsiz","8":"pa_tur-kitap","9":"pa_yayinevi-kuytu-yayinlari","10":"pa_yazar-alev-mersin","12":"first","13":"instock","14":"sale","15":"shipping-taxable","16":"purchasable","17":"product-type-simple"},"_links":{"self":[{"href":"https:\/\/roveyayinevi.com.tr\/index.php\/wp-json\/wp\/v2\/product\/721830","targetHints":{"allow":["GET"]}}],"collection":[{"href":"https:\/\/roveyayinevi.com.tr\/index.php\/wp-json\/wp\/v2\/product"}],"about":[{"href":"https:\/\/roveyayinevi.com.tr\/index.php\/wp-json\/wp\/v2\/types\/product"}],"wp:attachment":[{"href":"https:\/\/roveyayinevi.com.tr\/index.php\/wp-json\/wp\/v2\/media?parent=721830"}],"wp:term":[{"taxonomy":"product_brand","embeddable":true,"href":"https:\/\/roveyayinevi.com.tr\/index.php\/wp-json\/wp\/v2\/product_brand?post=721830"},{"taxonomy":"product_cat","embeddable":true,"href":"https:\/\/roveyayinevi.com.tr\/index.php\/wp-json\/wp\/v2\/product_cat?post=721830"},{"taxonomy":"product_tag","embeddable":true,"href":"https:\/\/roveyayinevi.com.tr\/index.php\/wp-json\/wp\/v2\/product_tag?post=721830"}],"curies":[{"name":"wp","href":"https:\/\/api.w.org\/{rel}","templated":true}]}}