{"id":721825,"date":"2025-08-27T18:55:20","date_gmt":"2025-08-27T15:55:20","guid":{"rendered":"https:\/\/roveyayinevi.com.tr\/index.php\/urun\/cemal-sureya-ve-cocuk\/"},"modified":"2026-04-16T02:29:46","modified_gmt":"2026-04-15T23:29:46","slug":"cemal-sureya-ve-cocuk","status":"publish","type":"product","link":"https:\/\/roveyayinevi.com.tr\/index.php\/urun\/cemal-sureya-ve-cocuk\/","title":{"rendered":"Cemal S\u00fcreya ve \u00c7ocuk"},"content":{"rendered":"<p>\u015eiirsel bir dostluk hik\u00e2yesi\u2026Kanatl\u0131 D\u00fc\u015fler adl\u0131 \u015fiir se\u00e7kisinden tan\u0131d\u0131\u011f\u0131m\u0131z \u00f6d\u00fcll\u00fc \u015fair, yazar, karikat\u00fcrist Erol B\u00fcy\u00fckmeri\u00e7\u2019ten, T\u00fcrk\u00e7enin b\u00fcy\u00fck \u015fairlerinden Cemal S\u00fcreya\u2019y\u0131 \u00e7ocuklar\u0131n d\u00fcnyas\u0131yla bulu\u015fturan i\u00e7ten bir kitap\u2026S\u00fcreya\u2019n\u0131n ger\u00e7ek ya\u015fam\u0131ndan, an\u0131lar\u0131ndan ve sanatsal ki\u015fili\u011finden derin izler ta\u015f\u0131yan bu kurmaca \u00f6yk\u00fc, \u00f6devi i\u00e7in Kad\u0131k\u00f6y sokaklar\u0131nda bir kitap arayan on ya\u015f\u0131ndaki bir \u00e7ocu\u011fun tesad\u00fcf eseri \u015fair Cemal S\u00fcreya ile tan\u0131\u015fmas\u0131n\u0131 ve k\u0131sa s\u00fcreli arkada\u015fl\u0131\u011f\u0131n\u0131 konu ediniyor.T\u00fcrk \u015fiir sanat\u0131na y\u00f6n veren bir \u015fairin \u00f6zg\u00fcn yap\u0131tlar\u0131ndan ve \u00e7evirilerinden bahsederek \u00e7ocuklarda b\u00fcy\u00fck \u015fairi daha yak\u0131ndan tan\u0131ma ve \u015fiir okuma hevesi uyand\u0131ran bu naif kitap, baz\u0131 kar\u015f\u0131la\u015fmalar\u0131n ne kadar anlaml\u0131 ve ilham verici olabilece\u011fini de g\u00f6zler \u00f6n\u00fcne seriyor.\u00d6\u011fretmeninin verdi\u011fi \u00f6dev i\u00e7in Afrika\u2019yla ilgili bir kitap arayan Berk solu\u011fu Kad\u0131k\u00f6y\u2019\u00fcn alacal\u0131 sokaklar\u0131nda al\u0131r. Her yan\u0131 kitap\u00e7\u0131lar, sanat merkezleriyle dolu bu tarih ve k\u00fclt\u00fcr kokan semtin k\u00f6\u015felerinden birinde, g\u00f6z\u00fcne bir kitap sergisi ili\u015fir. Az\u0131c\u0131k teredd\u00fct biraz da merakla yana\u015ft\u0131\u011f\u0131 sergide, ad\u0131n\u0131 hayat\u0131 boyunca unutamayaca\u011f\u0131, ola\u011fan\u00fcst\u00fc bir \u015fairle tan\u0131\u015f\u0131r. Cemal S\u00fcreya ile rastlant\u0131 sonucu geli\u015fen dostluklar\u0131, Berk\u2019in k\u00fc\u00e7\u00fck y\u00fcre\u011finden d\u00f6k\u00fclen s\u0131ms\u0131cak dizelerin de kanatlanmas\u0131na vesile olacakt\u0131r\u2026Cemal S\u00fcreya&#8217;ya esin kayna\u011f\u0131 olan baz\u0131 klasik resim ba\u015fyap\u0131tlar\u0131n\u0131 kurgusuna d\u00e2hil ederek hik\u00e2yesini zenginle\u015ftiren bu renkli kitap, \u015fairin dilden dile dola\u015fan deyi\u015flerinden ve \u015fiirlerinden \u00f6rnekler sunmay\u0131 da ihmal etmiyor.Zeynep \u00d6zatalay\u2019\u0131n karakteristik desenleri e\u015fli\u011finde, ger\u00e7ek mek\u00e2nlarda, ger\u00e7ek karakterlerle \u201c\u015fiirsel\u201d bir anlat\u0131 sunan Cemal S\u00fcreya ve \u00c7ocuk, b\u00fcy\u00fck \u015fairin \u00f6mr\u00fcn\u00fcn son y\u0131llar\u0131na tan\u0131kl\u0131k ettirirken, an\u0131-belgesel tad\u0131nda bir okuma deneyimi ya\u015fat\u0131yor.<\/p>\n","protected":false},"excerpt":{"rendered":"<p>\u015eiirsel bir dostluk hik\u00e2yesi\u2026Kanatl\u0131 D\u00fc\u015fler adl\u0131 \u015fiir se\u00e7kisinden tan\u0131d\u0131\u011f\u0131m\u0131z \u00f6d\u00fcll\u00fc \u015fair, yazar, karikat\u00fcrist Erol B\u00fcy\u00fckmeri\u00e7\u2019ten, T\u00fcrk\u00e7enin b\u00fcy\u00fck \u015fairlerinden Cemal S\u00fcreya\u2019y\u0131 \u00e7ocuklar\u0131n d\u00fcnyas\u0131yla bulu\u015fturan i\u00e7ten bir kitap\u2026S\u00fcreya\u2019n\u0131n<span class=\"excerpt-hellip\"> [\u2026]<\/span><\/p>\n","protected":false},"featured_media":0,"template":"","meta":{"_monsterinsights_skip_tracking":false,"_monsterinsights_sitenote_active":false,"_monsterinsights_sitenote_note":"","_monsterinsights_sitenote_category":0},"product_brand":[],"product_cat":[12274,12284],"product_tag":[],"class_list":{"0":"post-721825","1":"product","2":"type-product","3":"status-publish","5":"product_cat-cocuk-ve-genclik-kitaplari","6":"product_cat-hikayeler","7":"pa_cilt-ciltsiz","8":"pa_tur-kitap","9":"pa_yayinevi-tudem-yayinlari","10":"pa_yazar-erol-buyukmeric","12":"first","13":"instock","14":"sale","15":"shipping-taxable","16":"purchasable","17":"product-type-simple"},"_links":{"self":[{"href":"https:\/\/roveyayinevi.com.tr\/index.php\/wp-json\/wp\/v2\/product\/721825","targetHints":{"allow":["GET"]}}],"collection":[{"href":"https:\/\/roveyayinevi.com.tr\/index.php\/wp-json\/wp\/v2\/product"}],"about":[{"href":"https:\/\/roveyayinevi.com.tr\/index.php\/wp-json\/wp\/v2\/types\/product"}],"wp:attachment":[{"href":"https:\/\/roveyayinevi.com.tr\/index.php\/wp-json\/wp\/v2\/media?parent=721825"}],"wp:term":[{"taxonomy":"product_brand","embeddable":true,"href":"https:\/\/roveyayinevi.com.tr\/index.php\/wp-json\/wp\/v2\/product_brand?post=721825"},{"taxonomy":"product_cat","embeddable":true,"href":"https:\/\/roveyayinevi.com.tr\/index.php\/wp-json\/wp\/v2\/product_cat?post=721825"},{"taxonomy":"product_tag","embeddable":true,"href":"https:\/\/roveyayinevi.com.tr\/index.php\/wp-json\/wp\/v2\/product_tag?post=721825"}],"curies":[{"name":"wp","href":"https:\/\/api.w.org\/{rel}","templated":true}]}}