{"id":721806,"date":"2025-08-27T18:55:06","date_gmt":"2025-08-27T15:55:06","guid":{"rendered":"https:\/\/roveyayinevi.com.tr\/index.php\/urun\/bizim-okul-bi-acayip-16-cumbus-var-ciltli\/"},"modified":"2026-04-03T02:36:05","modified_gmt":"2026-04-02T23:36:05","slug":"bizim-okul-bi-acayip-16-cumbus-var-ciltli","status":"publish","type":"product","link":"https:\/\/roveyayinevi.com.tr\/index.php\/urun\/bizim-okul-bi-acayip-16-cumbus-var-ciltli\/","title":{"rendered":"Bizim Okul Bi&#8217; Acayip 16-C\u00fcmb\u00fc\u015f Var! (Ciltli)"},"content":{"rendered":"<p>\u0130mdat! A.J. ve arkada\u015flar\u0131 art\u0131k teneff\u00fcslerde de ders i\u015fliyorlar. Yeni \u00f6\u011fretmenleri Bayan Lizzy tam bir \u00e7\u0131lg\u0131n. \u00c7ocuklara neler yapt\u0131rd\u0131\u011f\u0131n\u0131 bir milyon y\u0131l d\u00fc\u015f\u00fcnseniz tahmin edemezsiniz. Neyse ki okulda d\u00fczenlenen \u00c7\u0131lg\u0131n Hafta sayesinde \u00f6\u011frenciler biraz olsun e\u011fleniyorlar. Bir de simsiyah giyinen, tuhaf tuhaf yemekler seven yeni stajyer \u00f6\u011fretmenleri Bayan Mary var. Onun vampir oldu\u011funu d\u00fc\u015f\u00fcnen A.J. ve arkada\u015flar\u0131n\u0131 yine e\u011flenceli, komik ve acayip g\u00fcnler bekliyor. <\/p>\n","protected":false},"excerpt":{"rendered":"<p>\u0130mdat! A.J. ve arkada\u015flar\u0131 art\u0131k teneff\u00fcslerde de ders i\u015fliyorlar. Yeni \u00f6\u011fretmenleri Bayan Lizzy tam bir \u00e7\u0131lg\u0131n. \u00c7ocuklara neler yapt\u0131rd\u0131\u011f\u0131n\u0131 bir milyon y\u0131l d\u00fc\u015f\u00fcnseniz tahmin edemezsiniz. Neyse<span class=\"excerpt-hellip\"> [\u2026]<\/span><\/p>\n","protected":false},"featured_media":0,"template":"","meta":{"_monsterinsights_skip_tracking":false,"_monsterinsights_sitenote_active":false,"_monsterinsights_sitenote_note":"","_monsterinsights_sitenote_category":0},"product_brand":[],"product_cat":[12274,12284],"product_tag":[],"class_list":{"0":"post-721806","1":"product","2":"type-product","3":"status-publish","5":"product_cat-cocuk-ve-genclik-kitaplari","6":"product_cat-hikayeler","7":"pa_cilt-ciltli","8":"pa_tur-kitap","9":"pa_yayinevi-epsilon-yayinlari","10":"pa_yazar-dan-gutman","12":"first","13":"instock","14":"sale","15":"shipping-taxable","16":"purchasable","17":"product-type-simple"},"_links":{"self":[{"href":"https:\/\/roveyayinevi.com.tr\/index.php\/wp-json\/wp\/v2\/product\/721806","targetHints":{"allow":["GET"]}}],"collection":[{"href":"https:\/\/roveyayinevi.com.tr\/index.php\/wp-json\/wp\/v2\/product"}],"about":[{"href":"https:\/\/roveyayinevi.com.tr\/index.php\/wp-json\/wp\/v2\/types\/product"}],"wp:attachment":[{"href":"https:\/\/roveyayinevi.com.tr\/index.php\/wp-json\/wp\/v2\/media?parent=721806"}],"wp:term":[{"taxonomy":"product_brand","embeddable":true,"href":"https:\/\/roveyayinevi.com.tr\/index.php\/wp-json\/wp\/v2\/product_brand?post=721806"},{"taxonomy":"product_cat","embeddable":true,"href":"https:\/\/roveyayinevi.com.tr\/index.php\/wp-json\/wp\/v2\/product_cat?post=721806"},{"taxonomy":"product_tag","embeddable":true,"href":"https:\/\/roveyayinevi.com.tr\/index.php\/wp-json\/wp\/v2\/product_tag?post=721806"}],"curies":[{"name":"wp","href":"https:\/\/api.w.org\/{rel}","templated":true}]}}