{"id":721790,"date":"2025-08-27T18:54:55","date_gmt":"2025-08-27T15:54:55","guid":{"rendered":"https:\/\/roveyayinevi.com.tr\/index.php\/urun\/hollanda-resminde-grup-portreciligi\/"},"modified":"2026-03-12T02:38:49","modified_gmt":"2026-03-11T23:38:49","slug":"hollanda-resminde-grup-portreciligi","status":"publish","type":"product","link":"https:\/\/roveyayinevi.com.tr\/index.php\/urun\/hollanda-resminde-grup-portreciligi\/","title":{"rendered":"Hollanda Resminde Grup Portrecili\u011fi"},"content":{"rendered":"<p>Sanat tarihinin akademik bir disiplin haline gelmesinde Erwin Panofsky ve Heinrich W\u00f6lfflin ile birlikte \u00f6nemli rol \u00fcstlenen Alois Riegl\u2019\u0131n yap\u0131salc\u0131 ele\u015ftiri y\u00f6ntemine yapt\u0131\u011f\u0131 katk\u0131lar, onu g\u00fcn\u00fcm\u00fczde de s\u0131k s\u0131k ba\u015fvurulan de\u011ferli bir kaynak k\u0131l\u0131yor. Yirminci y\u00fczy\u0131l\u0131n ba\u015f\u0131nda yapt\u0131\u011f\u0131 \u00e7al\u0131\u015fmalarla geli\u015ftirdi\u011fi sanat terimleri ve yazd\u0131\u011f\u0131 metinler, sanatta \u00fcslup ara\u015ft\u0131rmalar\u0131ndan kavramsal sanat\u0131n yap\u0131sal \u00e7\u00f6z\u00fcmlemesine kadar pek \u00e7ok konuda kilit ta\u015f\u0131 olmaya devam ediyor. 47 ya\u015f\u0131nda hayata veda eden Riegl\u2019\u0131n k\u00fclt eserlerinden Hollanda Resminde Grup Portrecili\u011fi ba\u015fl\u0131kl\u0131 kitab\u0131, on yedinci y\u00fczy\u0131l Hollanda resminde \u00f6nemli bir yeri olan grup portrecili\u011fine odaklan\u0131yor. Rembrandt, Frans Hals ve Bartholomeus van der Helst gibi sanat\u00e7\u0131lar\u0131n yapt\u0131klar\u0131 grup portrelerinden yola \u00e7\u0131karak \u201cizleyicinin sanat eserleriyle ili\u015fkisine\u201d dair yorum getiren, \u201cizleyici \u00f6zne\u201dnin varl\u0131\u011f\u0131ndan yola \u00e7\u0131karak \u201ci\u00e7 ve d\u0131\u015f tutarl\u0131l\u0131k\u201d kavramlar\u0131n\u0131 temel alan Riegl sanat tarihine yepyeni bir bak\u0131\u015f a\u00e7\u0131s\u0131 kazand\u0131ran tespitleri, \u00e7o\u011funlukla izleyiciyi merkeze alan g\u00fcn\u00fcm\u00fcz sanat\u0131n\u0131n de\u011ferlendirilmesine de \u0131\u015f\u0131k tutan bilgiler veriyor. Hem portredeki fig\u00fcrlerin hem de resmin izleyicisinin kompozisyonun \u201ctamamlanmas\u0131\u201d i\u00e7in birbirlerine ihtiya\u00e7 duyduklar\u0131n\u0131 belirten Riegl, grup portrecili\u011fi gelene\u011fini \u00fc\u00e7 ana d\u00f6neme ay\u0131rarak bu ayr\u0131mlar\u0131n nas\u0131l olu\u015ftu\u011funu ve evrildi\u011fini de ayr\u0131nt\u0131yla a\u00e7\u0131kl\u0131yor. Sanat tarih\u00e7isi U\u015fun T\u00fckel\u2019in \u201csunu\u015f\u201d yaz\u0131s\u0131nda belirtti\u011fi gibi \u201cetkisi disiplinin s\u0131n\u0131rlar\u0131n\u0131 a\u015fan\u201d yakla\u015f\u0131m\u0131yla Riegl\u2019\u0131n Hollanda Resminde Grup Portrecili\u011fi metni, \u201cportre betimi\u201d, \u201ca\u00e7\u0131k yap\u0131t\u201d ve \u201cal\u0131mlama esteti\u011fi\u201d ba\u015fta olmak \u00fczere sanat\u0131n dilini anlamak isteyen her okura hitap ediyor. <\/p>\n","protected":false},"excerpt":{"rendered":"<p>Sanat tarihinin akademik bir disiplin haline gelmesinde Erwin Panofsky ve Heinrich W\u00f6lfflin ile birlikte \u00f6nemli rol \u00fcstlenen Alois Riegl\u2019\u0131n yap\u0131salc\u0131 ele\u015ftiri y\u00f6ntemine yapt\u0131\u011f\u0131 katk\u0131lar, onu g\u00fcn\u00fcm\u00fczde<span class=\"excerpt-hellip\"> [\u2026]<\/span><\/p>\n","protected":false},"featured_media":0,"template":"","meta":{"_monsterinsights_skip_tracking":false,"_monsterinsights_sitenote_active":false,"_monsterinsights_sitenote_note":"","_monsterinsights_sitenote_category":0},"product_brand":[],"product_cat":[13548,12408],"product_tag":[],"class_list":{"0":"post-721790","1":"product","2":"type-product","3":"status-publish","5":"product_cat-kuram","6":"product_cat-sanat","7":"pa_cilt-ciltsiz","8":"pa_tur-kitap","9":"pa_yayinevi-hayalperest-yayinlari","10":"pa_yazar-alois-riegl","12":"first","13":"instock","14":"sale","15":"shipping-taxable","16":"purchasable","17":"product-type-simple"},"_links":{"self":[{"href":"https:\/\/roveyayinevi.com.tr\/index.php\/wp-json\/wp\/v2\/product\/721790","targetHints":{"allow":["GET"]}}],"collection":[{"href":"https:\/\/roveyayinevi.com.tr\/index.php\/wp-json\/wp\/v2\/product"}],"about":[{"href":"https:\/\/roveyayinevi.com.tr\/index.php\/wp-json\/wp\/v2\/types\/product"}],"wp:attachment":[{"href":"https:\/\/roveyayinevi.com.tr\/index.php\/wp-json\/wp\/v2\/media?parent=721790"}],"wp:term":[{"taxonomy":"product_brand","embeddable":true,"href":"https:\/\/roveyayinevi.com.tr\/index.php\/wp-json\/wp\/v2\/product_brand?post=721790"},{"taxonomy":"product_cat","embeddable":true,"href":"https:\/\/roveyayinevi.com.tr\/index.php\/wp-json\/wp\/v2\/product_cat?post=721790"},{"taxonomy":"product_tag","embeddable":true,"href":"https:\/\/roveyayinevi.com.tr\/index.php\/wp-json\/wp\/v2\/product_tag?post=721790"}],"curies":[{"name":"wp","href":"https:\/\/api.w.org\/{rel}","templated":true}]}}