{"id":721780,"date":"2025-08-27T18:54:47","date_gmt":"2025-08-27T15:54:47","guid":{"rendered":"https:\/\/roveyayinevi.com.tr\/index.php\/urun\/bir-kusak-bir-yol-projesi\/"},"modified":"2026-04-16T02:29:45","modified_gmt":"2026-04-15T23:29:45","slug":"bir-kusak-bir-yol-projesi","status":"publish","type":"product","link":"https:\/\/roveyayinevi.com.tr\/index.php\/urun\/bir-kusak-bir-yol-projesi\/","title":{"rendered":"Bir Ku\u015fak Bir Yol Projesi"},"content":{"rendered":"<p>Avrupa \u00fclkeleri ya da Bat\u0131l\u0131 devletler, ihtiya\u00e7 duyan \u00fclkelere y\u00fcksek miktarlarda kredi ya da hibe verdiklerinde bu \u00fclkelere paran\u0131n nas\u0131l ve nerede harcanaca\u011f\u0131, \u015feffal\u0131k ya da gerekli mekanizma ve kurum-lara sahip olmak gibi \u00f6nko\u015fullar sunarlar. Ancak \u00c7in devleti, g\u00f6r\u00fcld\u00fc\u011f\u00fc kadar\u0131yla, OBOR \u00e7er\u00e7evesinde verdi\u011fi kredinin nas\u0131l ve nerede kullan\u0131laca\u011f\u0131na \u00e7ok m\u00fcdahale etmiyor ve hatta Bat\u0131\u2019n\u0131n para yard\u0131m\u0131 yaparken ortaya koydu\u011fu ko\u015fullar\u0131 i\u00e7 siyasete m\u00fcdahale olarak g\u00f6r\u00fcyor. Bilhassa geli\u015fmekte olan devletler \u00c7in ile ayn\u0131 d\u00fc\u015f\u00fcnceyi payla\u015ft\u0131klar\u0131ndan \u00c7in devleti, Bat\u0131\u2019ya kar\u015f\u0131 \u00f6nemli bir para ve alternatif kaynak oluyor. Gelen y\u00fcksek miktardaki kredilerin nas\u0131l harcanaca\u011f\u0131na y\u00f6nelik kat\u0131 bir m\u00fcdahale olmamas\u0131 durumu ise \u00c7in\u2019den kredi alan devletleri bor\u00e7 bata\u011f\u0131na s\u00fcr\u00fckl\u00fcyor ve bundan sonra \u00c7in\u2019in uygulad\u0131\u011f\u0131 &#8220;bor\u00e7 diplomasisi\u201d ba\u015fl\u0131yor. \u00c7in, yapm\u0131\u015f oldu\u011fu kas\u0131tl\u0131 bor\u00e7land\u0131rma ile gerek Afrika\u2019da gerek Asya\u2019da kredil-erini \u00f6deyemeyen devletlerin \u00f6nemli varl\u0131klar\u0131na el koyuyor. Ba\u015fka bir ifadeyle, ekonomik saiklerle ba\u015flayan ikili ili\u015fkiler bor\u00e7 diplomasi-si ile siyasi bir bask\u0131 arac\u0131na d\u00f6n\u00fc\u015f\u00fcyor.\u00c7in devleti bu strateji ile kendine ba\u011f\u0131ml\u0131 devletlerin say\u0131s\u0131n\u0131 artt\u0131rarak k\u00fcresel tahakk\u00fcm\u00fcn\u00fc konsolide etmi\u015f oluyor. \u00c7in\u2019in Kenya\u2019daki Mombasa Liman\u0131, Sri Lanka\u2019daki Hambontana Liman\u0131, Zambia\u2019daki Kenneth Kaunda Uluslarars\u0131 Havaliman\u0131\u2019na el koymas\u0131 ve Pakistan\u2019\u0131n \u00c7in\u2019e olan artan bor\u00e7lar\u0131ndan dolay\u0131 Gwadar Liman\u0131n\u2019n\u0131 \u00c7in\u2019e vermesi en b\u00fcy\u00fck \u00f6rneklerdendir.<\/p>\n","protected":false},"excerpt":{"rendered":"<p>Avrupa \u00fclkeleri ya da Bat\u0131l\u0131 devletler, ihtiya\u00e7 duyan \u00fclkelere y\u00fcksek miktarlarda kredi ya da hibe verdiklerinde bu \u00fclkelere paran\u0131n nas\u0131l ve nerede harcanaca\u011f\u0131, \u015feffal\u0131k ya da<span class=\"excerpt-hellip\"> [\u2026]<\/span><\/p>\n","protected":false},"featured_media":0,"template":"","meta":{"_monsterinsights_skip_tracking":false,"_monsterinsights_sitenote_active":false,"_monsterinsights_sitenote_note":"","_monsterinsights_sitenote_category":0},"product_brand":[],"product_cat":[12337,17225],"product_tag":[],"class_list":{"0":"post-721780","1":"product","2":"type-product","3":"status-publish","5":"product_cat-politika-siyaset","6":"product_cat-uluslararasi-iliskiler","7":"pa_cilt-ciltsiz","8":"pa_tur-kitap","9":"pa_yayinevi-astana-yayinlari","10":"pa_yazar-serdar-yilmaz","12":"first","13":"instock","14":"sale","15":"shipping-taxable","16":"purchasable","17":"product-type-simple"},"_links":{"self":[{"href":"https:\/\/roveyayinevi.com.tr\/index.php\/wp-json\/wp\/v2\/product\/721780","targetHints":{"allow":["GET"]}}],"collection":[{"href":"https:\/\/roveyayinevi.com.tr\/index.php\/wp-json\/wp\/v2\/product"}],"about":[{"href":"https:\/\/roveyayinevi.com.tr\/index.php\/wp-json\/wp\/v2\/types\/product"}],"wp:attachment":[{"href":"https:\/\/roveyayinevi.com.tr\/index.php\/wp-json\/wp\/v2\/media?parent=721780"}],"wp:term":[{"taxonomy":"product_brand","embeddable":true,"href":"https:\/\/roveyayinevi.com.tr\/index.php\/wp-json\/wp\/v2\/product_brand?post=721780"},{"taxonomy":"product_cat","embeddable":true,"href":"https:\/\/roveyayinevi.com.tr\/index.php\/wp-json\/wp\/v2\/product_cat?post=721780"},{"taxonomy":"product_tag","embeddable":true,"href":"https:\/\/roveyayinevi.com.tr\/index.php\/wp-json\/wp\/v2\/product_tag?post=721780"}],"curies":[{"name":"wp","href":"https:\/\/api.w.org\/{rel}","templated":true}]}}