{"id":721776,"date":"2025-08-27T18:54:44","date_gmt":"2025-08-27T15:54:44","guid":{"rendered":"https:\/\/roveyayinevi.com.tr\/index.php\/urun\/ciplak-ayakliydi-gece\/"},"modified":"2026-04-03T02:36:04","modified_gmt":"2026-04-02T23:36:04","slug":"ciplak-ayakliydi-gece","status":"publish","type":"product","link":"https:\/\/roveyayinevi.com.tr\/index.php\/urun\/ciplak-ayakliydi-gece\/","title":{"rendered":"\u00c7\u0131plak Ayakl\u0131yd\u0131 Gece"},"content":{"rendered":"<p>Yeniden d\u00f6v\u00fc\u015febilmek i\u00e7in ka\u00e7\u0131yorduk Devrimden s\u00f6z edince ne gelir insan\u0131n akl\u0131na? Belki kay\u0131plar, belki yenilgi ya da korku ama en \u00e7ok da umut, daha g\u00fczel bir d\u00fcnya hayali ve direni\u015f. Ahmet \u00dcmit\u2019in her ya\u015ftan, her duygudan \u00f6r\u00fclm\u00fc\u015f devrimcileri, bir yandan kendi hik\u00e2yeleriyle hesapla\u015f\u0131rken bir yandan da T\u00fcrkiye\u2019nin yak\u0131n tarihine kendi \u0131\u015f\u0131\u011f\u0131n\u0131 tutuyor.     Bizim y\u00fcreklerimizde s\u0131n\u0131r yoktu Polisiye romanlar\u0131n usta yazar\u0131 Ahmet \u00dcmit, bu kez \u00f6yk\u00fcn\u00fcn yo\u011fun, \u00e7arp\u0131c\u0131 ve keskin dilini kullanarak bazen \u015fiirsel, bazen sorgulay\u0131c\u0131, bazen de y\u00fcrek burkan \u201cdevrim\u201d hik\u00e2yeleriyle okurun kar\u015f\u0131s\u0131na \u00e7\u0131k\u0131yor. \u00c7\u0131plak Ayakl\u0131yd\u0131 Gece\u2019de bir araya gelen dokuz \u00f6yk\u00fc, herkesi hem ki\u015fisel hem de ortak ge\u00e7mi\u015fiyle y\u00fczle\u015fmeye \u00e7a\u011f\u0131r\u0131yor.   G\u00f6zbebeklerinin b\u00fcy\u00fcd\u00fc\u011f\u00fcn\u00fc fark ettim. Onun g\u00f6zbebeklerinin i\u00e7inde, masmavi bir g\u00f6ky\u00fcz\u00fcn\u00fcn alt\u0131nda, \u015fekerkam\u0131\u015f\u0131 ve palmiyelerle kapl\u0131 bir da\u011f\u0131n yamac\u0131nda Che\u2019yi g\u00f6rd\u00fcm. Arkada\u015flar\u0131 \u00e7evresini sarm\u0131\u015ft\u0131, t\u00fcfe\u011fi dizlerinin \u00fczerindeydi. Sa\u00e7lar\u0131 yine g\u00fcrd\u00fc, sakallar\u0131 seyrekti ve yine \u00e7ok yak\u0131\u015f\u0131kl\u0131yd\u0131. <\/p>\n","protected":false},"excerpt":{"rendered":"<p>Yeniden d\u00f6v\u00fc\u015febilmek i\u00e7in ka\u00e7\u0131yorduk Devrimden s\u00f6z edince ne gelir insan\u0131n akl\u0131na? Belki kay\u0131plar, belki yenilgi ya da korku ama en \u00e7ok da umut, daha g\u00fczel bir<span class=\"excerpt-hellip\"> [\u2026]<\/span><\/p>\n","protected":false},"featured_media":0,"template":"","meta":{"_monsterinsights_skip_tracking":false,"_monsterinsights_sitenote_active":false,"_monsterinsights_sitenote_note":"","_monsterinsights_sitenote_category":0},"product_brand":[],"product_cat":[12291,12711],"product_tag":[],"class_list":{"0":"post-721776","1":"product","2":"type-product","3":"status-publish","5":"product_cat-edebiyat","6":"product_cat-roman-oyku","7":"pa_cilt-ciltsiz","8":"pa_tur-kitap","9":"pa_yayinevi-yapi-kredi-yayinlari","10":"pa_yazar-ahmet-umit","12":"first","13":"instock","14":"sale","15":"shipping-taxable","16":"purchasable","17":"product-type-simple"},"_links":{"self":[{"href":"https:\/\/roveyayinevi.com.tr\/index.php\/wp-json\/wp\/v2\/product\/721776","targetHints":{"allow":["GET"]}}],"collection":[{"href":"https:\/\/roveyayinevi.com.tr\/index.php\/wp-json\/wp\/v2\/product"}],"about":[{"href":"https:\/\/roveyayinevi.com.tr\/index.php\/wp-json\/wp\/v2\/types\/product"}],"wp:attachment":[{"href":"https:\/\/roveyayinevi.com.tr\/index.php\/wp-json\/wp\/v2\/media?parent=721776"}],"wp:term":[{"taxonomy":"product_brand","embeddable":true,"href":"https:\/\/roveyayinevi.com.tr\/index.php\/wp-json\/wp\/v2\/product_brand?post=721776"},{"taxonomy":"product_cat","embeddable":true,"href":"https:\/\/roveyayinevi.com.tr\/index.php\/wp-json\/wp\/v2\/product_cat?post=721776"},{"taxonomy":"product_tag","embeddable":true,"href":"https:\/\/roveyayinevi.com.tr\/index.php\/wp-json\/wp\/v2\/product_tag?post=721776"}],"curies":[{"name":"wp","href":"https:\/\/api.w.org\/{rel}","templated":true}]}}