{"id":721775,"date":"2025-08-27T18:54:43","date_gmt":"2025-08-27T15:54:43","guid":{"rendered":"https:\/\/roveyayinevi.com.tr\/index.php\/urun\/kukla\/"},"modified":"2026-04-16T02:29:45","modified_gmt":"2026-04-15T23:29:45","slug":"kukla","status":"publish","type":"product","link":"https:\/\/roveyayinevi.com.tr\/index.php\/urun\/kukla\/","title":{"rendered":"Kukla"},"content":{"rendered":"<p>\u0130stihbarat\u00e7\u0131lar, polisler, askerler&#8230; Ba\u015far\u0131l\u0131 bir gazeteci oldu\u011fu g\u00fcnleri ard\u0131nda b\u0131rakm\u0131\u015f Adnan\u2019\u0131n yolu y\u0131llard\u0131r g\u00f6rmedi\u011fi \u00fcvey karde\u015fi Do\u011fan\u2019la kesi\u015fir. Taban tabana z\u0131t karakterli, bamba\u015fka ya\u015famlar s\u00fcren karde\u015flerin bir araya gelme sebebi hangi karanl\u0131k g\u00fc\u00e7lere hizmet etti\u011fi bilinmeyen, devletin \u00fcstlenmedi\u011fi operasyonlarda parma\u011f\u0131 olan Do\u011fan\u2019\u0131n k\u00f6\u015feye s\u0131k\u0131\u015fm\u0131\u015f olmas\u0131d\u0131r. Karde\u015fine kar\u015f\u0131 hi\u00e7bir yak\u0131nl\u0131k hissetmeyen Adnan, i\u00e7indeki \u00f6lm\u00fc\u015f gazeteciyi de hayata ge\u00e7iremez ve olaylar\u0131n d\u0131\u015f\u0131nda kalmak ister. Do\u011fan\u2019\u0131n \u0131srar\u0131 ve kendi yapt\u0131\u011f\u0131 baz\u0131 hatalarla, T\u00fcrkiye\u2019nin yak\u0131n tarihine damgas\u0131n\u0131 vuracak en b\u00fcy\u00fck siyasi \u00e7eki\u015fmenin ortas\u0131nda bulur kendisini.     Silahlar\u0131m\u0131z, bilgeli\u011fimiz, y\u00fcre\u011fimiz&#8230; Yak\u0131n tarihimizde Susurluk Kazas\u0131 olarak ge\u00e7en olay\u0131n ard\u0131ndan yaz\u0131lan Kukla, siyasi komplo, faili me\u00e7hul cinayetler ve komplolar \u00fczerindeki sisi aral\u0131yor ve okurun kar\u015f\u0131s\u0131na b\u00fcy\u00fck resmi koyuyor. Bo\u011fum bo\u011fum bir \u015feylerin g\u0131rtla\u011f\u0131ma do\u011fru y\u00fckseldi\u011fini hissettim. An\u0131msamak istemedi\u011fim i\u00e7in derinlere g\u00f6md\u00fc\u011f\u00fcm bir ac\u0131 i\u00e7ten i\u00e7e kendini hissettirmeye ba\u015flad\u0131.<\/p>\n","protected":false},"excerpt":{"rendered":"<p>\u0130stihbarat\u00e7\u0131lar, polisler, askerler&#8230; Ba\u015far\u0131l\u0131 bir gazeteci oldu\u011fu g\u00fcnleri ard\u0131nda b\u0131rakm\u0131\u015f Adnan\u2019\u0131n yolu y\u0131llard\u0131r g\u00f6rmedi\u011fi \u00fcvey karde\u015fi Do\u011fan\u2019la kesi\u015fir. Taban tabana z\u0131t karakterli, bamba\u015fka ya\u015famlar s\u00fcren karde\u015flerin<span class=\"excerpt-hellip\"> [\u2026]<\/span><\/p>\n","protected":false},"featured_media":0,"template":"","meta":{"_monsterinsights_skip_tracking":false,"_monsterinsights_sitenote_active":false,"_monsterinsights_sitenote_note":"","_monsterinsights_sitenote_category":0},"product_brand":[],"product_cat":[12291,12711],"product_tag":[],"class_list":{"0":"post-721775","1":"product","2":"type-product","3":"status-publish","5":"product_cat-edebiyat","6":"product_cat-roman-oyku","7":"pa_cilt-ciltsiz","8":"pa_tur-kitap","9":"pa_yayinevi-yapi-kredi-yayinlari","10":"pa_yazar-ahmet-umit","12":"first","13":"instock","14":"sale","15":"shipping-taxable","16":"purchasable","17":"product-type-simple"},"_links":{"self":[{"href":"https:\/\/roveyayinevi.com.tr\/index.php\/wp-json\/wp\/v2\/product\/721775","targetHints":{"allow":["GET"]}}],"collection":[{"href":"https:\/\/roveyayinevi.com.tr\/index.php\/wp-json\/wp\/v2\/product"}],"about":[{"href":"https:\/\/roveyayinevi.com.tr\/index.php\/wp-json\/wp\/v2\/types\/product"}],"wp:attachment":[{"href":"https:\/\/roveyayinevi.com.tr\/index.php\/wp-json\/wp\/v2\/media?parent=721775"}],"wp:term":[{"taxonomy":"product_brand","embeddable":true,"href":"https:\/\/roveyayinevi.com.tr\/index.php\/wp-json\/wp\/v2\/product_brand?post=721775"},{"taxonomy":"product_cat","embeddable":true,"href":"https:\/\/roveyayinevi.com.tr\/index.php\/wp-json\/wp\/v2\/product_cat?post=721775"},{"taxonomy":"product_tag","embeddable":true,"href":"https:\/\/roveyayinevi.com.tr\/index.php\/wp-json\/wp\/v2\/product_tag?post=721775"}],"curies":[{"name":"wp","href":"https:\/\/api.w.org\/{rel}","templated":true}]}}