{"id":721761,"date":"2025-08-27T18:54:33","date_gmt":"2025-08-27T15:54:33","guid":{"rendered":"https:\/\/roveyayinevi.com.tr\/index.php\/urun\/solo-calgilar-icin-piyano-eslikli-halk-turkuleri\/"},"modified":"2026-04-16T02:29:45","modified_gmt":"2026-04-15T23:29:45","slug":"solo-calgilar-icin-piyano-eslikli-halk-turkuleri","status":"publish","type":"product","link":"https:\/\/roveyayinevi.com.tr\/index.php\/urun\/solo-calgilar-icin-piyano-eslikli-halk-turkuleri\/","title":{"rendered":"Solo \u00c7alg\u0131lar \u0130\u00e7in Piyano E\u015flikli Halk T\u00fcrk\u00fcleri"},"content":{"rendered":"<p>Bu kitaptaki eserler, sol anahtarl\u0131, fa anahtarl\u0131, do anahtarl\u0131, 1 ses (Bb), 2 ses (A) transpoze ve 4 ses transpoze (F) b\u00fct\u00fcn \u00e7alg\u0131lar ile piyano e\u015flikli olarak seslendirilebilir niteliktedir. Bu kitap 2014 y\u0131l\u0131nda yay\u0131nlanan \u201c\u015ean i\u00e7in Piyano E\u015flikli 12 T\u00fcrk\u00fc\u201d ve 2016 y\u0131l\u0131nda yay\u0131nlanan \u201c\u015ean i\u00e7in Piyano E\u015flikli 9 T\u00fcrk\u00fc\u201d isimli kitaplar\u0131m\u0131z\u0131n solo \u00e7alg\u0131lar i\u00e7in d\u00fczenlenmi\u015f versiyonudur. Kitab\u0131n bas\u0131l\u0131 k\u0131sm\u0131nda 21 eserin piyano e\u015fli\u011fi ile ayr\u0131ca \u201csol anahtarl\u0131 \u00e7alg\u0131lar partisi\u201dne yer verilmi\u015ftir. B\u00fct\u00fcn eserler keman, fl\u00fct, obua, kanun, fagot, korno, \u00e7ello, viyola, saksafon, ba\u011flama vb. akla gelen b\u00fct\u00fcn \u00e7alg\u0131lar taraf\u0131ndan piyano e\u015flikli olarak seslendirilebilir niteliktedir.<\/p>\n","protected":false},"excerpt":{"rendered":"<p>Bu kitaptaki eserler, sol anahtarl\u0131, fa anahtarl\u0131, do anahtarl\u0131, 1 ses (Bb), 2 ses (A) transpoze ve 4 ses transpoze (F) b\u00fct\u00fcn \u00e7alg\u0131lar ile piyano e\u015flikli<span class=\"excerpt-hellip\"> [\u2026]<\/span><\/p>\n","protected":false},"featured_media":0,"template":"","meta":{"_monsterinsights_skip_tracking":false,"_monsterinsights_sitenote_active":false,"_monsterinsights_sitenote_note":"","_monsterinsights_sitenote_category":0},"product_brand":[],"product_cat":[14556,20810],"product_tag":[],"class_list":{"0":"post-721761","1":"product","2":"type-product","3":"status-publish","5":"product_cat-muzik","6":"product_cat-ogrenim-kitaplari","7":"pa_cilt-ciltsiz","8":"pa_tur-kitap","9":"pa_yayinevi-muzik-egitimi-yayinlari","10":"pa_yazar-muhammet-koc-vsevolod-kuzmin","12":"first","13":"instock","14":"sale","15":"shipping-taxable","16":"purchasable","17":"product-type-simple"},"_links":{"self":[{"href":"https:\/\/roveyayinevi.com.tr\/index.php\/wp-json\/wp\/v2\/product\/721761","targetHints":{"allow":["GET"]}}],"collection":[{"href":"https:\/\/roveyayinevi.com.tr\/index.php\/wp-json\/wp\/v2\/product"}],"about":[{"href":"https:\/\/roveyayinevi.com.tr\/index.php\/wp-json\/wp\/v2\/types\/product"}],"wp:attachment":[{"href":"https:\/\/roveyayinevi.com.tr\/index.php\/wp-json\/wp\/v2\/media?parent=721761"}],"wp:term":[{"taxonomy":"product_brand","embeddable":true,"href":"https:\/\/roveyayinevi.com.tr\/index.php\/wp-json\/wp\/v2\/product_brand?post=721761"},{"taxonomy":"product_cat","embeddable":true,"href":"https:\/\/roveyayinevi.com.tr\/index.php\/wp-json\/wp\/v2\/product_cat?post=721761"},{"taxonomy":"product_tag","embeddable":true,"href":"https:\/\/roveyayinevi.com.tr\/index.php\/wp-json\/wp\/v2\/product_tag?post=721761"}],"curies":[{"name":"wp","href":"https:\/\/api.w.org\/{rel}","templated":true}]}}