{"id":721751,"date":"2025-08-27T18:54:25","date_gmt":"2025-08-27T15:54:25","guid":{"rendered":"https:\/\/roveyayinevi.com.tr\/index.php\/urun\/hesap-lutfen\/"},"modified":"2025-09-25T05:44:47","modified_gmt":"2025-09-25T02:44:47","slug":"hesap-lutfen","status":"publish","type":"product","link":"https:\/\/roveyayinevi.com.tr\/index.php\/urun\/hesap-lutfen\/","title":{"rendered":"Hesap L\u00fctfen"},"content":{"rendered":"<p>Hesap L\u00fctfen, restoranlar\u0131n ne zaman, nas\u0131l ve neden ortaya \u00e7\u0131kt\u0131\u011f\u0131ndan, d\u0131\u015far\u0131da yemek yemenin zaman i\u00e7inde farkl\u0131la\u015fan i\u015flevine, \u00fclkemizin yemek k\u00fclt\u00fcr\u00fcn\u00fcn kendine has \u00f6zelliklerine ve de\u011fi\u015fen yeme al\u0131\u015fkanl\u0131klar\u0131m\u0131za kadar uzanan bir perspektifte d\u0131\u015far\u0131da yemek yemenin y\u00fcz y\u0131ll\u0131k hik\u00e2yesini anlat\u0131yor.<\/p>\n","protected":false},"excerpt":{"rendered":"<p>Hesap L\u00fctfen, restoranlar\u0131n ne zaman, nas\u0131l ve neden ortaya \u00e7\u0131kt\u0131\u011f\u0131ndan, d\u0131\u015far\u0131da yemek yemenin zaman i\u00e7inde farkl\u0131la\u015fan i\u015flevine, \u00fclkemizin yemek k\u00fclt\u00fcr\u00fcn\u00fcn kendine has \u00f6zelliklerine ve de\u011fi\u015fen yeme<span class=\"excerpt-hellip\"> [\u2026]<\/span><\/p>\n","protected":false},"featured_media":0,"template":"","meta":{"_monsterinsights_skip_tracking":false,"_monsterinsights_sitenote_active":false,"_monsterinsights_sitenote_note":"","_monsterinsights_sitenote_category":0},"product_brand":[],"product_cat":[18545,12291],"product_tag":[],"class_list":{"0":"post-721751","1":"product","2":"type-product","3":"status-publish","5":"product_cat-anlati","6":"product_cat-edebiyat","7":"pa_cilt-ciltsiz","8":"pa_tur-kitap","9":"pa_yayinevi-mundi","10":"pa_yazar-ceylan-ozge-kunduz-elif-yirmibesoglu","12":"first","13":"instock","14":"sale","15":"shipping-taxable","16":"purchasable","17":"product-type-simple"},"_links":{"self":[{"href":"https:\/\/roveyayinevi.com.tr\/index.php\/wp-json\/wp\/v2\/product\/721751","targetHints":{"allow":["GET"]}}],"collection":[{"href":"https:\/\/roveyayinevi.com.tr\/index.php\/wp-json\/wp\/v2\/product"}],"about":[{"href":"https:\/\/roveyayinevi.com.tr\/index.php\/wp-json\/wp\/v2\/types\/product"}],"wp:attachment":[{"href":"https:\/\/roveyayinevi.com.tr\/index.php\/wp-json\/wp\/v2\/media?parent=721751"}],"wp:term":[{"taxonomy":"product_brand","embeddable":true,"href":"https:\/\/roveyayinevi.com.tr\/index.php\/wp-json\/wp\/v2\/product_brand?post=721751"},{"taxonomy":"product_cat","embeddable":true,"href":"https:\/\/roveyayinevi.com.tr\/index.php\/wp-json\/wp\/v2\/product_cat?post=721751"},{"taxonomy":"product_tag","embeddable":true,"href":"https:\/\/roveyayinevi.com.tr\/index.php\/wp-json\/wp\/v2\/product_tag?post=721751"}],"curies":[{"name":"wp","href":"https:\/\/api.w.org\/{rel}","templated":true}]}}