{"id":721742,"date":"2025-08-27T18:54:17","date_gmt":"2025-08-27T15:54:17","guid":{"rendered":"https:\/\/roveyayinevi.com.tr\/index.php\/urun\/golgesini-arayan-cocuk\/"},"modified":"2026-04-16T02:29:44","modified_gmt":"2026-04-15T23:29:44","slug":"golgesini-arayan-cocuk","status":"publish","type":"product","link":"https:\/\/roveyayinevi.com.tr\/index.php\/urun\/golgesini-arayan-cocuk\/","title":{"rendered":"G\u00f6lgesini Arayan \u00c7ocuk"},"content":{"rendered":"<p>Ares\u2019in en b\u00fcy\u00fck iste\u011fi herkes taraf\u0131ndan sevilen, b\u00fct\u00fcn herkesin arkada\u015f olmak istedi\u011fi, m\u00fckemmel biri olmakt\u0131r. T\u0131pk\u0131 haval\u0131 s\u0131n\u0131f arkada\u015f\u0131 Leo gibi. Ve bunun yolunun g\u00fczel k\u0131yafetler ile pahal\u0131 e\u015fyalardan ge\u00e7ti\u011fine inanmaktad\u0131r. Ancak ne yaparsa yaps\u0131n annesini bu pahal\u0131 \u015feyleri almaya ikna edemez. Bu nedenle \u00e7ok mutsuz hisseder kendisini. Hi\u00e7bir zaman m\u00fckemmel, haval\u0131, pop\u00fcler biri olamayaca\u011f\u0131n\u0131 d\u00fc\u015f\u00fcn\u00fcr. \u00dcstelik arkada\u015f olmak i\u00e7in can att\u0131\u011f\u0131 Ela\u2019n\u0131n da dikkatini \u00e7ekemeyecektir bu durumda.  Bir gece beklenmedik biriyle tan\u0131\u015f\u0131r. Ve ondan, hayal etti\u011fi gibi biri olmas\u0131n\u0131n s\u0131rr\u0131n\u0131n g\u00f6lgesini bulmaktan ge\u00e7ti\u011fini \u00f6\u011frenir. Ancak bunu nas\u0131l yapaca\u011f\u0131n\u0131 bilemez. Tam bu esnada ailesiyle \u00e7\u0131kmak zorunda kald\u0131\u011f\u0131 bir yolculuk onun t\u00fcm ya\u015fam\u0131n\u0131 de\u011fi\u015ftirir. Bu yolculukta hayat\u0131na giren yeni arkada\u015flar\u0131 ona, sahip olduklar\u0131n\u0131n de\u011ferini, sevilmek i\u00e7in hi\u00e7bir nedene ihtiyac\u0131 olmad\u0131\u011f\u0131n\u0131, oldu\u011fu haliyle m\u00fckemmel oldu\u011funu ve ya\u015fam\u0131n en b\u00fcy\u00fck s\u0131rlar\u0131ndan birini \u00f6\u011fretirler: Kendini sevmek ve oldu\u011fu haliyle kabul etmek. Ba\u015fak Sayan\u2019dan R\u00fczgar Olmak \u0130steyen \u00c7ocuk kitab\u0131n\u0131n ard\u0131ndan, bir \u00e7ocu\u011fun g\u00f6z\u00fcnden hayata, ger\u00e7ek sevgiye ve arkada\u015fl\u0131\u011fa dair b\u00fcy\u00fcleyici bir hik\u00e2ye.<\/p>\n","protected":false},"excerpt":{"rendered":"<p>Ares\u2019in en b\u00fcy\u00fck iste\u011fi herkes taraf\u0131ndan sevilen, b\u00fct\u00fcn herkesin arkada\u015f olmak istedi\u011fi, m\u00fckemmel biri olmakt\u0131r. T\u0131pk\u0131 haval\u0131 s\u0131n\u0131f arkada\u015f\u0131 Leo gibi. Ve bunun yolunun g\u00fczel k\u0131yafetler<span class=\"excerpt-hellip\"> [\u2026]<\/span><\/p>\n","protected":false},"featured_media":0,"template":"","meta":{"_monsterinsights_skip_tracking":false,"_monsterinsights_sitenote_active":false,"_monsterinsights_sitenote_note":"","_monsterinsights_sitenote_category":0},"product_brand":[],"product_cat":[12274,12284],"product_tag":[],"class_list":{"0":"post-721742","1":"product","2":"type-product","3":"status-publish","5":"product_cat-cocuk-ve-genclik-kitaplari","6":"product_cat-hikayeler","7":"pa_cilt-ciltsiz","8":"pa_tur-kitap","9":"pa_yayinevi-inkilap-kitabevi","10":"pa_yazar-basak-sayan","12":"first","13":"instock","14":"sale","15":"shipping-taxable","16":"purchasable","17":"product-type-simple"},"_links":{"self":[{"href":"https:\/\/roveyayinevi.com.tr\/index.php\/wp-json\/wp\/v2\/product\/721742","targetHints":{"allow":["GET"]}}],"collection":[{"href":"https:\/\/roveyayinevi.com.tr\/index.php\/wp-json\/wp\/v2\/product"}],"about":[{"href":"https:\/\/roveyayinevi.com.tr\/index.php\/wp-json\/wp\/v2\/types\/product"}],"wp:attachment":[{"href":"https:\/\/roveyayinevi.com.tr\/index.php\/wp-json\/wp\/v2\/media?parent=721742"}],"wp:term":[{"taxonomy":"product_brand","embeddable":true,"href":"https:\/\/roveyayinevi.com.tr\/index.php\/wp-json\/wp\/v2\/product_brand?post=721742"},{"taxonomy":"product_cat","embeddable":true,"href":"https:\/\/roveyayinevi.com.tr\/index.php\/wp-json\/wp\/v2\/product_cat?post=721742"},{"taxonomy":"product_tag","embeddable":true,"href":"https:\/\/roveyayinevi.com.tr\/index.php\/wp-json\/wp\/v2\/product_tag?post=721742"}],"curies":[{"name":"wp","href":"https:\/\/api.w.org\/{rel}","templated":true}]}}